I//system/xbin/busybox( 48): +++ "Pleased to meet you, we came to drop bombs on you!"
I//system/xbin/busybox( 48): +++ Welcome to Android 1.5 / CyanogenMod-4.2.13
I//system/xbin/busybox( 48): --- Checking filesystems
I//system/xbin/busybox( 48): e2fsck 1.41.9 (22-Aug-2009)
I//system/xbin/busybox( 48): /dev/block/mmcblk0p2: recovering journal
I//system/xbin/busybox( 48): /dev/block/mmcblk0p2: clean, 171/351568 files, 118479/702291 blocks
I//system/xbin/busybox( 48): cp: cannot stat '/data/dalvik-cache/*': No such file or directory
I//system/xbin/busybox( 48): +++ Apps-to-SD successfully enabled
I/logwrapper( 48): /system/xbin/busybox terminated by exit(0)
I/DEBUG ( 117): debuggerd: Dec 17 2009 21:34:52
E/flash_image( 123): error opening /data/recovery.img: No such file or directory
D/AKMD ( 125): akmd 1.6.6 START
D/AKMD ( 125): library version: 1.2.1.1129
I/vold ( 116): Android Volume Daemon version 2.0
I/vold ( 116): New MMC card 'SU02G' (serial 1094626930) added @ /devices/platform/msm_sdcc.2/mmc_host/mmc1/mmc1:aaaa
I/vold ( 116): Disk (blkdev 179:0), 3862528 secs (1886 MB) 2 partitions
I/vold ( 116): New blkdev 179.0 on media SU02G, media path /devices/platform/msm_sdcc.2/mmc_host/mmc1/mmc1:aaaa, Dpp 2
I/vold ( 116): Partition (blkdev 179:1), 2457882 secs (1200 MB) type 0xc
I/vold ( 116): New blkdev 179.1 on media SU02G, media path /devices/platform/msm_sdcc.2/mmc_host/mmc1/mmc1:aaaa, Dpp 1
I/vold ( 116): Partition (blkdev 179:2), 1404583 secs (685 MB) type 0x83
I/vold ( 116): New blkdev 179.2 on media SU02G, media path /devices/platform/msm_sdcc.2/mmc_host/mmc1/mmc1:aaaa, Dpp 0
I/vold ( 116): Evaluating dev '/devices/platform/msm_sdcc.2/mmc_host/mmc1/mmc1:aaaa/block/mmcblk0' for mountable filesystems for '/sdcard'
I/vold ( 116): Aborting start of /sdcard (bootstrap = 1)
I/vold ( 116): Volmgr not ready to handle device
D/vold ( 116): Bootstrapping complete
E/RIL Acoustic( 118): can't open /dev/htc-acoustic -1
D/AndroidRuntime( 119):
D/AndroidRuntime( 119): >>>>>>>>>>>>>> AndroidRuntime START <<<<<<<<<<<<<<
D/AndroidRuntime( 119): CheckJNI is OFF
I/dalvikvm( 119): DexOpt: source file mod time mismatch (3b9b9e0d vs 3c2c929a)
D/dalvikvm( 119): Stale deps in cache file; removing and retrying
D/dalvikvm( 119): DexOpt: --- BEGIN 'android.policy.jar' (bootstrap=1) ---
I/ ( 120): ServiceManager: 0xac38
I/HTC Acoustic( 120): libhtc_acoustic.so version 1.0.1.1.
E/HTC Acoustic( 120): Fail to open /system/etc/AudioPara_Rogers.csv -1.
I/HTC Acoustic( 120): open /system/etc/AudioPara4.csv success.
I/HTC Acoustic( 120): acoustic table version: Dream_TMU_20090305
I/HTC Acoustic( 120): read_audio_para_from_file success.
I/HTC Acoustic( 120): get_audpp_filter
I/HTC Acoustic( 120): open /system/etc/AudioFilter.csv success.
I/HTC Acoustic( 120): ADRC Filter ADRC FLAG = ffff.
I/HTC Acoustic( 120): ADRC Filter COMP THRESHOLD = 2600.
I/HTC Acoustic( 120): ADRC Filter COMP SLOPE = b333.
I/HTC Acoustic( 120): ADRC Filter COMP RMS TIME = 106.
I/HTC Acoustic( 120): ADRC Filter COMP ATTACK[0] = 7f7d.
I/HTC Acoustic( 120): ADRC Filter COMP ATTACK[1] = 3096.
I/HTC Acoustic( 120): ADRC Filter COMP RELEASE[0] = 7ff7.
I/HTC Acoustic( 120): ADRC Filter COMP RELEASE[1] = 4356.
I/HTC Acoustic( 120): ADRC Filter COMP DELAY = 16.
I/HTC Acoustic( 120): EQ flag = 00.
I/HTC Acoustic( 120): get_audpre_filter
I/HTC Acoustic( 120): open /system/etc/AudioPreProcess.csv success.
D/AudioHardwareMSM72XX( 120): mNumSndEndpoints = 47
D/AudioHardwareMSM72XX( 120): BT MATCH HANDSET
D/AudioHardwareMSM72XX( 120): BT MATCH SPEAKER
D/AudioHardwareMSM72XX( 120): BT MATCH HEADSET
D/AudioHardwareMSM72XX( 120): BT MATCH BT
D/AudioHardwareMSM72XX( 120): BT MATCH HEADSET_AND_SPEAKER
D/AudioHardwareMSM72XX( 120): BT MATCH BT_EC_OFF
D/AudioHardwareMSM72XX( 120): BT MATCH BT_EC_OFF
D/AudioHardwareMSM72XX( 120): BT MATCH CURRENT
D/A2dpAudioInterface( 120): A2dpAudioInterface::openOutputStream 1, 0, 0
I/AudioFlinger( 120): AudioFlinger's thread ready to run for output 0
D/A2DP ( 120): a2dp_init rate: 44100 channels: 2
D/A2DP ( 120): a2dp_thread started
D/A2dpAudioInterface( 120): A2dpAudioStreamOut::set 1, 0, 0
D/AudioFlinger( 120): set output to hardware audio
I/AudioHardwareMSM72XX( 120): Routing audio to Speakerphone
D/A2DP ( 120): bluetooth_init
D/HTC Acoustic( 120): msm72xx_enable_audpp: 0x0001
E/A2DP ( 120): bt_audio_service_open failed
I/AudioFlinger( 120): AudioFlinger's thread ready to run for output 1
I/AudioHardwareMSM72XX( 120): Set master volume to 5.
I/CameraService( 120): CameraService started: pid=120
D/dalvikvm( 131): DexOpt: load 711ms, verify 486ms, opt 30ms
D/dalvikvm( 119): DexOpt: --- END 'android.policy.jar' (success) ---
D/dalvikvm( 119): DEX prep '/system/framework/android.policy.jar': unzip in 44ms, rewrite 2574ms
I/dalvikvm( 119): DexOpt: source file mod time mismatch (3b9b9e58 vs 3c301eaf)
D/dalvikvm( 119): Stale deps in cache file; removing and retrying
D/dalvikvm( 119): DexOpt: --- BEGIN 'services.jar' (bootstrap=1) ---
D/dalvikvm( 137): DexOpt: load 216ms, verify 2610ms, opt 69ms
D/dalvikvm( 119): DexOpt: --- END 'services.jar' (success) ---
D/dalvikvm( 119): DEX prep '/system/framework/services.jar': unzip in 257ms, rewrite 3934ms
D/AndroidRuntime( 119): --- registering native functions ---
I/BluetoothOppService.cpp( 119): register_android_server_BluetoothOppService
I/Zygote ( 119): Preloading classes...
D/dalvikvm( 119): GC freed 805 objects / 51280 bytes in 6ms
D/dalvikvm( 119): GC freed 245 objects / 14320 bytes in 6ms
D/dalvikvm( 119): GC freed 217 objects / 14008 bytes in 7ms
D/dalvikvm( 119): GC freed 511 objects / 32192 bytes in 13ms
D/skia ( 119): ------ build_power_table 1.4
D/skia ( 119): ------ build_power_table 0.714286
D/dalvikvm( 119): Trying to load lib /system/lib/libexif.so 0x0
D/dalvikvm( 119): Added shared lib /system/lib/libexif.so 0x0
D/dalvikvm( 119): Trying to load lib /system/lib/libFFTEm.so 0x0
D/dalvikvm( 119): Added shared lib /system/lib/libFFTEm.so 0x0
D/dalvikvm( 119): Trying to load lib /system/lib/libmedia_jni.so 0x0
D/dalvikvm( 119): Added shared lib /system/lib/libmedia_jni.so 0x0
D/dalvikvm( 119): Trying to load lib /system/lib/libmedia_jni.so 0x0
D/dalvikvm( 119): Shared lib '/system/lib/libmedia_jni.so' already loaded in same CL 0x0
I/dalvikvm( 119): threadid=3: recursive native library load attempt (/system/lib/libmedia_jni.so)
D/dalvikvm( 119): Trying to load lib /system/lib/libmedia_jni.so 0x0
D/dalvikvm( 119): Shared lib '/system/lib/libmedia_jni.so' already loaded in same CL 0x0
I/dalvikvm( 119): threadid=3: recursive native library load attempt (/system/lib/libmedia_jni.so)
D/dalvikvm( 119): Trying to load lib /system/lib/libmedia_jni.so 0x0
D/dalvikvm( 119): Shared lib '/system/lib/libmedia_jni.so' already loaded in same CL 0x0
I/dalvikvm( 119): threadid=3: recursive native library load attempt (/system/lib/libmedia_jni.so)
D/dalvikvm( 119): GC freed 324 objects / 21216 bytes in 11ms
D/dalvikvm( 119): GC freed 3695 objects / 189536 bytes in 21ms
D/dalvikvm( 119): GC freed 389 objects / 22872 bytes in 18ms
D/dalvikvm( 119): GC freed 154 objects / 8360 bytes in 20ms
D/dalvikvm( 119): GC freed 231 objects / 12928 bytes in 21ms
D/dalvikvm( 119): Trying to load lib /system/lib/libsrec_jni.so 0x0
D/dalvikvm( 119): Added shared lib /system/lib/libsrec_jni.so 0x0
D/dalvikvm( 119): Trying to load lib /system/lib/libsrec_jni.so 0x0
D/dalvikvm( 119): Shared lib '/system/lib/libsrec_jni.so' already loaded in same CL 0x0
D/dalvikvm( 119): GC freed 259 objects / 33304 bytes in 22ms
D/dalvikvm( 119): GC freed 769 objects / 47352 bytes in 33ms
D/dalvikvm( 119): GC freed 317 objects / 20768 bytes in 33ms
D/dalvikvm( 119): Trying to load lib /system/lib/libwebcore.so 0x0
D/dalvikvm( 119): Added shared lib /system/lib/libwebcore.so 0x0
D/dalvikvm( 119): GC freed 365 objects / 20816 bytes in 35ms
D/dalvikvm( 119): GC freed 431 objects / 29928 bytes in 35ms
D/dalvikvm( 119): GC freed 282 objects / 18216 bytes in 38ms
D/dalvikvm( 119): GC freed 2985 objects / 189928 bytes in 54ms
D/dalvikvm( 119): GC freed 676 objects / 36648 bytes in 46ms
D/dalvikvm( 119): GC freed 735 objects / 40904 bytes in 46ms
D/dalvikvm( 119): GC freed 12775 objects / 455968 bytes in 57ms
D/dalvikvm( 119): GC freed 11308 objects / 486704 bytes in 61ms
D/dalvikvm( 119): GC freed 9763 objects / 446504 bytes in 64ms
D/dalvikvm( 119): GC freed 8608 objects / 505760 bytes in 66ms
D/dalvikvm( 119): GC freed 8328 objects / 500240 bytes in 65ms
D/dalvikvm( 119): GC freed 8505 objects / 495504 bytes in 66ms
D/dalvikvm( 119): GC freed 2461 objects / 134392 bytes in 63ms
D/dalvikvm( 119): GC freed 803 objects / 48032 bytes in 64ms
D/dalvikvm( 119): GC freed 540 objects / 38952 bytes in 63ms
D/dalvikvm( 119): GC freed 454 objects / 30976 bytes in 63ms
D/dalvikvm( 119): GC freed 426 objects / 29840 bytes in 64ms
I/Zygote ( 119): ...preloaded 1514 classes in 12116ms.
D/dalvikvm( 119): GC freed 125 objects / 15384 bytes in 64ms
I/Zygote ( 119): Preloading resources...
D/dalvikvm( 119): GC freed 5 objects / 224 bytes in 64ms
D/dalvikvm( 119): GC freed 327 objects / 16632 bytes in 65ms
D/dalvikvm( 119): GC freed 121 objects / 4808 bytes in 64ms
D/dalvikvm( 119): GC freed 158 objects / 8088 bytes in 66ms
I/Zygote ( 119): ...preloaded 48 resources in 726ms.
I/Zygote ( 119): ...preloaded 15 resources in 23ms.
D/dalvikvm( 119): GC freed 114 objects / 8656 bytes in 66ms
D/dalvikvm( 119): GC freed 206 objects / 8056 bytes in 65ms
D/dalvikvm( 119): GC freed 24 objects / 952 bytes in 66ms
I/dalvikvm( 119): Splitting out new zygote heap
I/dalvikvm( 119): System server process 142 has been created
I/Zygote ( 119): Accepting command socket connections
D/dalvikvm( 142): Trying to load lib /system/lib/libandroid_servers.so 0x0
D/dalvikvm( 142): Added shared lib /system/lib/libandroid_servers.so 0x0
W/dalvikvm( 142): Unable to register: not native: Lcom/android/server/KeyInputQueue;.getScancodeState (I)I
E/JNIHelp ( 142): RegisterNatives failed for 'com/android/server/KeyInputQueue'
I/sysproc ( 142): Entered system_init()
I/sysproc ( 142): ServiceManager: 0x10ae90
I/SurfaceFlinger( 142): SurfaceFlinger is starting
I/SurfaceFlinger( 142): SurfaceFlinger's main thread ready to run. Initializing graphics H/W...
D/SurfaceFlinger( 142): pid 142 requesting gpu core (owner = -1)
W/SurfaceFlinger( 142): couldn't grant gpu core to pid 142
D/EGL ( 142): requestGPU returned -1
E/libEGL ( 142): h/w accelerated eglGetDisplay() failed (EGL_SUCCESS)
I/SurfaceFlinger( 142): EGL informations:
I/SurfaceFlinger( 142): # of configs : 6
I/SurfaceFlinger( 142): vendor : Android
I/SurfaceFlinger( 142): version : 1.31 Android META-EGL
I/SurfaceFlinger( 142): extensions:
I/SurfaceFlinger( 142): Client API: OpenGL ES
I/EGLDisplaySurface( 142): using (fd=23)
I/EGLDisplaySurface( 142): id = msmfb
I/EGLDisplaySurface( 142): xres = 320 px
I/EGLDisplaySurface( 142): yres = 480 px
I/EGLDisplaySurface( 142): xres_virtual = 320 px
I/EGLDisplaySurface( 142): yres_virtual = 960 px
I/EGLDisplaySurface( 142): bpp = 16
I/EGLDisplaySurface( 142): r = 11:5
I/EGLDisplaySurface( 142): g = 5:6
I/EGLDisplaySurface( 142): b = 0:5
I/EGLDisplaySurface( 142): width = 45 mm (180.622223 dpi)
I/EGLDisplaySurface( 142): height = 67 mm (181.970154 dpi)
I/EGLDisplaySurface( 142): refresh rate = 60.00 Hz
W/HAL ( 142): load: module=/system/lib/hw/copybit.trout.so error=Cannot load library: load_library[1052]: Library '/system/lib/hw/copybit.trout.so' not found
W/HAL ( 142): load: module=/system/lib/hw/copybit.trout.so error=Cannot load library: load_library[1052]: Library '/system/lib/hw/copybit.trout.so' not found
I/SurfaceFlinger( 142): OpenGL informations:
I/SurfaceFlinger( 142): vendor : Android
I/SurfaceFlinger( 142): renderer : Android PixelFlinger 1.0
I/SurfaceFlinger( 142): version : OpenGL ES-CM 1.0
I/SurfaceFlinger( 142): extensions: GL_OES_byte_coordinates GL_OES_fixed_point GL_OES_single_precision GL_OES_read_format GL_OES_compressed_paletted_texture GL_OES_draw_texture GL_OES_matrix_get GL_OES_query_matrix GL_ARB_texture_compression GL_ARB_texture_non_power_of_two GL_ANDROID_direct_texture GL_ANDROID_user_clip_plane GL_ANDROID_vertex_buffer_object GL_ANDROID_generate_mipmap
W/HAL ( 142): load: module=/system/lib/hw/copybit.trout.so error=Cannot load library: load_library[1052]: Library '/system/lib/hw/copybit.trout.so' not found
W/HAL ( 142): load: module=/system/lib/hw/copybit.trout.so error=Cannot load library: load_library[1052]: Library '/system/lib/hw/copybit.trout.so' not found
W/HAL ( 142): load: module=/system/lib/hw/overlay.trout.so error=Cannot load library: load_library[1052]: Library '/system/lib/hw/overlay.trout.so' not found
W/HAL ( 142): load: module=/system/lib/hw/overlay.trout.so error=Cannot load library: load_library[1052]: Library '/system/lib/hw/overlay.trout.so' not found
W/HAL ( 142): load: module=/system/lib/hw/overlay.msm7k.so error=Cannot load library: load_library[1052]: Library '/system/lib/hw/overlay.msm7k.so' not found
W/HAL ( 142): load: module=/system/lib/hw/overlay.default.so error=Cannot load library: load_library[1052]: Library '/system/lib/hw/overlay.default.so' not found
I/sysproc ( 142): System server: starting Android runtime.
I/sysproc ( 142): System server: starting Android services.
I/SystemServer( 142): Entered the Android system server!
I/sysproc ( 142): System server: entering thread pool.
I/SystemServer( 142): Entropy Service
V/RandomBlock( 142): reading from file /data/system/entropy.dat
V/RandomBlock( 142): writing to file /dev/urandom
V/RandomBlock( 142): reading from file /dev/urandom
V/RandomBlock( 142): writing to file /data/system/entropy.dat
I/SystemServer( 142): Power Manager
I/SystemServer( 142): Activity Manager
I/ActivityManager( 142): Memory class: 16
D/SurfaceFlinger( 142): pid 151 requesting gpu surface (current owner = -1)
D/SurfaceFlinger( 142): gpu surface granted to pid 151
D/SurfaceFlinger( 142): pid 151 requesting gpu surface (current owner = 151)
D/SurfaceFlinger( 142): gpu surface granted to pid 151
D/SurfaceFlinger( 142): pid 151 requesting gpu core (owner = 151)
D/EGL.oem ( 151): SMI region at virtual=0x4032c000, physical=0x0, size=7340032 offset=0
D/EGL.oem ( 151): EBI1 region at virtual=0x40a2c000, physical=0x16500000, size=8388608 offset=1228800
D/EGL.oem ( 151): REGS region at virtual=0x4022c000, physical=0xa0000000, size=1048576, offset=0
I/SystemServer( 142): Telephony Registry
I/SystemServer( 142): Package Manager
I/Installer( 142): connecting...
I/installd( 122): new connection
I/PackageManager( 142): Got library com.google.android.gtalkservice in /system/framework/com.google.android.gtalkservice.jar
I/PackageManager( 142): Got library com.google.android.maps in /system/framework/com.google.android.maps.jar
D/dalvikvm( 142): GC freed 2806 objects / 221480 bytes in 95ms
I/PackageManager( 142): Got library android.test.runner in /system/framework/android.test.runner.jar
I/PackageManager( 142): Got library com.android.im.plugin in /system/framework/com.android.im.plugin.jar
D/dalvikvm( 142): GC freed 5721 objects / 355696 bytes in 110ms
I/dalvikvm( 142): DexOpt: mismatch dep signature for '/data/dalvik-cache/system@framework@android.policy.jar@classes.dex'
D/installd( 122): DexInv: --- BEGIN '/system/framework/android.test.runner.jar' ---
D/dalvikvm( 157): DexOpt: load 74ms, verify 359ms, opt 9ms
D/installd( 122): DexInv: --- END '/system/framework/android.test.runner.jar' (success) ---
I/dalvikvm( 142): DexOpt: mismatch dep signature for '/data/dalvik-cache/system@framework@android.policy.jar@classes.dex'
D/installd( 122): DexInv: --- BEGIN '/system/framework/com.android.im.plugin.jar' ---
D/dalvikvm( 158): DexOpt: load 19ms, verify 20ms, opt 2ms
D/installd( 122): DexInv: --- END '/system/framework/com.android.im.plugin.jar' (success) ---
I/dalvikvm( 142): DexOpt: mismatch dep signature for '/data/dalvik-cache/system@framework@android.policy.jar@classes.dex'
D/installd( 122): DexInv: --- BEGIN '/system/framework/com.google.android.maps.jar' ---
D/dalvikvm( 159): DexOpt: 'Lcom/google/debug/DebugUtil;' has an earlier definition; blocking out
D/dalvikvm( 159): DexOpt: 'Lcom/google/i18n/LineBreakingProperties;' has an earlier definition; blocking out
D/dalvikvm( 159): DexOpt: not verifying 'Lcom/google/debug/DebugUtil;': multiple definitions
D/dalvikvm( 159): DexOpt: not verifying 'Lcom/google/i18n/LineBreakingProperties;': multiple definitions
D/dalvikvm( 159): DexOpt: load 117ms, verify 613ms, opt 21ms
D/installd( 122): DexInv: --- END '/system/framework/com.google.android.maps.jar' (success) ---
I/dalvikvm( 142): DexOpt: mismatch dep signature for '/data/dalvik-cache/system@framework@android.policy.jar@classes.dex'
D/installd( 122): DexInv: --- BEGIN '/system/framework/com.google.android.gtalkservice.jar' ---
D/dalvikvm( 160): DexOpt: load 28ms, verify 133ms, opt 5ms
D/installd( 122): DexInv: --- END '/system/framework/com.google.android.gtalkservice.jar' (success) ---
I/dalvikvm( 142): DexOpt: mismatch dep signature for '/data/dalvik-cache/system@framework@android.policy.jar@classes.dex'
D/installd( 122): DexInv: --- BEGIN '/system/framework/ime.jar' ---
D/dalvikvm( 161): DexOpt: load 6ms, verify 29ms, opt 2ms
D/installd( 122): DexInv: --- END '/system/framework/ime.jar' (success) ---
I/dalvikvm( 142): DexOpt: mismatch dep signature for '/data/dalvik-cache/system@framework@android.policy.jar@classes.dex'
D/installd( 122): DexInv: --- BEGIN '/system/framework/input.jar' ---
D/dalvikvm( 162): DexOpt: load 6ms, verify 31ms, opt 1ms
D/installd( 122): DexInv: --- END '/system/framework/input.jar' (success) ---
I/dalvikvm( 142): DexOpt: mismatch dep signature for '/data/dalvik-cache/system@framework@android.policy.jar@classes.dex'
D/installd( 122): DexInv: --- BEGIN '/system/framework/monkey.jar' ---
D/dalvikvm( 163): DexOpt: load 26ms, verify 154ms, opt 4ms
D/installd( 122): DexInv: --- END '/system/framework/monkey.jar' (success) ---
I/dalvikvm( 142): DexOpt: mismatch dep signature for '/data/dalvik-cache/system@framework@android.policy.jar@classes.dex'
D/installd( 122): DexInv: --- BEGIN '/system/framework/pm.jar' ---
D/dalvikvm( 164): DexOpt: load 14ms, verify 66ms, opt 2ms
D/installd( 122): DexInv: --- END '/system/framework/pm.jar' (success) ---
I/dalvikvm( 142): DexOpt: mismatch dep signature for '/data/dalvik-cache/system@framework@android.policy.jar@classes.dex'
D/installd( 122): DexInv: --- BEGIN '/system/framework/svc.jar' ---
D/dalvikvm( 165): DexOpt: load 7ms, verify 34ms, opt 2ms
D/installd( 122): DexInv: --- END '/system/framework/svc.jar' (success) ---
I/dalvikvm( 142): DexOpt: mismatch dep signature for '/data/dalvik-cache/system@framework@android.policy.jar@classes.dex'
D/installd( 122): DexInv: --- BEGIN '/system/framework/am.jar' ---
D/dalvikvm( 166): DexOpt: load 13ms, verify 62ms, opt 2ms
D/installd( 122): DexInv: --- END '/system/framework/am.jar' (success) ---
I/dalvikvm( 142): DexOpt: mismatch dep signature for '/data/dalvik-cache/system@framework@android.policy.jar@classes.dex'
D/installd( 122): DexInv: --- BEGIN '/system/framework/bmgr.jar' ---
D/dalvikvm( 167): DexOpt: load 12ms, verify 27ms, opt 2ms
D/installd( 122): DexInv: --- END '/system/framework/bmgr.jar' (success) ---
I/dalvikvm( 142): DexOpt: mismatch dep signature for '/data/dalvik-cache/system@framework@android.policy.jar@classes.dex'
D/installd( 122): DexInv: --- BEGIN '/system/framework/framework-tests.jar' ---
W/dalvikvm( 168): DexOpt: resolve class illegal access: Landroid/text/PackedIntVectorTest; -> Landroid/text/PackedIntVector;
I/dalvikvm( 168): DexOpt: illegal method access (call Lcom/android/internal/http/multipart/MultipartEntity;.getMultipartBoundary ()[B from Lcom/android/internal/http/multipart/MultipartTest;)
W/dalvikvm( 168): DexOpt: resolve class illegal access: Lcom/android/internal/os/LoggingPrintStreamTest$TestPrintStream; -> Lcom/android/internal/os/LoggingPrintStream;
I/dalvikvm( 168): DexOpt: illegal method access (call Lcom/android/internal/policy/impl/KeyguardViewBase;.setCallback (Lcom/android/internal/policy/impl/KeyguardViewCallback;)V from Lcom/android/internal/policy/impl/LockPatternKeyguardViewTest;)
D/dalvikvm( 168): DexOpt: load 56ms, verify 64ms, opt 3ms
D/installd( 122): DexInv: --- END '/system/framework/framework-tests.jar' (success) ---
D/PackageManager( 142): Scanning app dir /system/framework
V/PackageParser( 142): android:backupAgent = com.android.internal.backup.SystemBackupAgent from android+com.android.internal.backup.SystemBackupAgent
D/PackageManager( 142): Scanning app dir /system/app
I/dalvikvm( 142): DexOpt: mismatch dep signature for '/data/dalvik-cache/system@framework@android.policy.jar@classes.dex'
D/installd( 122): DexInv: --- BEGIN '/system/app/GlobalSearch.apk' ---
D/dalvikvm( 170): DexOpt: load 58ms, verify 233ms, opt 7ms
D/installd( 122): DexInv: --- END '/system/app/GlobalSearch.apk' (success) ---
I/dalvikvm( 142): DexOpt: mismatch dep signature for '/data/dalvik-cache/system@framework@android.policy.jar@classes.dex'
D/installd( 122): DexInv: --- BEGIN '/system/app/GoogleContactsProvider.apk' ---
D/dalvikvm( 171): DexOpt: load 41ms, verify 586ms, opt 12ms
D/installd( 122): DexInv: --- END '/system/app/GoogleContactsProvider.apk' (success) ---
I/dalvikvm( 142): DexOpt: mismatch dep signature for '/data/dalvik-cache/system@framework@android.policy.jar@classes.dex'
D/installd( 122): DexInv: --- BEGIN '/system/app/GoogleSubscribedFeedsProvider.apk' ---
D/dalvikvm( 172): DexOpt: load 57ms, verify 311ms, opt 6ms
D/installd( 122): DexInv: --- END '/system/app/GoogleSubscribedFeedsProvider.apk' (success) ---
I/dalvikvm( 142): DexOpt: mismatch dep signature for '/data/dalvik-cache/system@framework@android.policy.jar@classes.dex'
D/installd( 122): DexInv: --- BEGIN '/system/app/HTMLViewer.apk' ---
D/dalvikvm( 173): DexOpt: load 29ms, verify 68ms, opt 2ms
D/installd( 122): DexInv: --- END '/system/app/HTMLViewer.apk' (success) ---
I/dalvikvm( 142): DexOpt: mismatch dep signature for '/data/dalvik-cache/system@framework@android.policy.jar@classes.dex'
D/installd( 122): DexInv: --- BEGIN '/system/app/ImProvider.apk' ---
D/dalvikvm( 174): DexOpt: load 63ms, verify 245ms, opt 4ms
D/installd( 122): DexInv: --- END '/system/app/ImProvider.apk' (success) ---
V/PackageParser( 142): android:backupAgent = com.android.inputmethod.latin.LatinIMEBackupAgent from com.android.inputmethod.latin+LatinIMEBackupAgent
I/dalvikvm( 142): DexOpt: mismatch dep signature for '/data/dalvik-cache/system@framework@android.policy.jar@classes.dex'
D/installd( 122): DexInv: --- BEGIN '/system/app/LatinIME.apk' ---
D/dalvikvm( 175): DexOpt: load 84ms, verify 234ms, opt 6ms
D/installd( 122): DexInv: --- END '/system/app/LatinIME.apk' (success) ---
I/dalvikvm( 142): DexOpt: mismatch dep signature for '/data/dalvik-cache/system@framework@android.policy.jar@classes.dex'
D/installd( 122): DexInv: --- BEGIN '/system/app/Launcher.apk' ---
D/dalvikvm( 176): DexOpt: load 175ms, verify 439ms, opt 17ms
D/installd( 122): DexInv: --- END '/system/app/Launcher.apk' (success) ---
I/PackageParser( 142): Impliciting adding android.permission.WRITE_EXTERNAL_STORAGE to old pkg com.htc.android.mail
I/dalvikvm( 142): DexOpt: mismatch dep signature for '/data/dalvik-cache/system@framework@android.policy.jar@classes.dex'
D/installd( 122): DexInv: --- BEGIN '/system/app/Mail.apk' ---
D/dalvikvm( 177): DexOpt: load 364ms, verify 5694ms, opt 195ms
D/installd( 122): DexInv: --- END '/system/app/Mail.apk' (success) ---
D/dalvikvm( 142): GC freed 6174 objects / 301272 bytes in 111ms
I/dalvikvm( 142): DexOpt: mismatch dep signature for '/data/dalvik-cache/system@framework@android.policy.jar@classes.dex'
D/installd( 122): DexInv: --- BEGIN '/system/app/Vending.apk' ---
D/dalvikvm( 178): DexOpt: load 208ms, verify 1132ms, opt 44ms
D/installd( 122): DexInv: --- END '/system/app/Vending.apk' (success) ---
I/dalvikvm( 142): DexOpt: mismatch dep signature for '/data/dalvik-cache/system@framework@android.policy.jar@classes.dex'
D/installd( 122): DexInv: --- BEGIN '/system/app/EnhancedGoogleSearchProvider.apk' ---
D/dalvikvm( 179): DexOpt: load 62ms, verify 351ms, opt 8ms
D/installd( 122): DexInv: --- END '/system/app/EnhancedGoogleSearchProvider.apk' (success) ---
I/dalvikvm( 142): DexOpt: mismatch dep signature for '/data/dalvik-cache/system@framework@android.policy.jar@classes.dex'
D/installd( 122): DexInv: --- BEGIN '/system/app/VoiceSearch.apk' ---
D/dalvikvm( 180): DexOpt: load 188ms, verify 514ms, opt 16ms
D/installd( 122): DexInv: --- END '/system/app/VoiceSearch.apk' (success) ---
I/dalvikvm( 142): DexOpt: mismatch dep signature for '/data/dalvik-cache/system@framework@android.policy.jar@classes.dex'
D/installd( 122): DexInv: --- BEGIN '/system/app/MediaProvider.apk' ---
D/dalvikvm( 181): DexOpt: load 31ms, verify 139ms, opt 4ms
D/installd( 122): DexInv: --- END '/system/app/MediaProvider.apk' (success) ---
I/PackageParser( 142): Impliciting adding android.permission.WRITE_EXTERNAL_STORAGE to old pkg com.google.android.youtube
I/dalvikvm( 142): DexOpt: mismatch dep signature for '/data/dalvik-cache/system@framework@android.policy.jar@classes.dex'
D/installd( 122): DexInv: --- BEGIN '/system/app/YouTube.apk' ---
D/dalvikvm( 182): DexOpt: load 141ms, verify 688ms, opt 22ms
D/installd( 122): DexInv: --- END '/system/app/YouTube.apk' (success) ---
I/dalvikvm( 142): DexOpt: source file CRC mismatch (dcb8c7a6 vs f8609077)
D/installd( 122): DexInv: --- BEGIN '/system/app/Mms.apk' ---
D/dalvikvm( 183): DexOpt: load 278ms, verify 921ms, opt 32ms
D/installd( 122): DexInv: --- END '/system/app/Mms.apk' (success) ---
I/dalvikvm( 142): DexOpt: source file CRC mismatch (5075111d vs 884dec84)
D/installd( 122): DexInv: --- BEGIN '/system/app/AlarmClock.apk' ---
D/dalvikvm( 184): DexOpt: load 82ms, verify 228ms, opt 4ms
D/installd( 122): DexInv: --- END '/system/app/AlarmClock.apk' (success) ---
I/dalvikvm( 142): DexOpt: mismatch dep signature for '/data/dalvik-cache/system@framework@android.policy.jar@classes.dex'
D/installd( 122): DexInv: --- BEGIN '/system/app/Music.apk' ---
D/dalvikvm( 185): DexOpt: load 150ms, verify 503ms, opt 15ms
D/installd( 122): DexInv: --- END '/system/app/Music.apk' (success) ---
I/dalvikvm( 142): DexOpt: mismatch dep signature for '/data/dalvik-cache/system@framework@android.policy.jar@classes.dex'
D/installd( 122): DexInv: --- BEGIN '/system/app/ApplicationsProvider.apk' ---
D/dalvikvm( 186): DexOpt: load 31ms, verify 56ms, opt 2ms
D/installd( 122): DexInv: --- END '/system/app/ApplicationsProvider.apk' (success) ---
I/dalvikvm( 142): DexOpt: mismatch dep signature for '/data/dalvik-cache/system@framework@android.policy.jar@classes.dex'
D/installd( 122): DexInv: --- BEGIN '/system/app/PackageInstaller.apk' ---
D/dalvikvm( 187): DexOpt: load 42ms, verify 125ms, opt 3ms
D/installd( 122): DexInv: --- END '/system/app/PackageInstaller.apk' (success) ---
I/dalvikvm( 142): DexOpt: mismatch dep signature for '/data/dalvik-cache/system@framework@android.policy.jar@classes.dex'
D/installd( 122): DexInv: --- BEGIN '/system/app/Bluetooth.apk' ---
D/dalvikvm( 188): DexOpt: load 90ms, verify 498ms, opt 21ms
D/installd( 122): DexInv: --- END '/system/app/Bluetooth.apk' (success) ---
I/dalvikvm( 142): DexOpt: mismatch dep signature for '/data/dalvik-cache/system@framework@android.policy.jar@classes.dex'
D/installd( 122): DexInv: --- BEGIN '/system/app/Phone.apk' ---
D/dalvikvm( 189): DexOpt: load 175ms, verify 935ms, opt 34ms
D/installd( 122): DexInv: --- END '/system/app/Phone.apk' (success) ---
V/PackageParser( 142): android:backupAgent = com.android.browser.BrowserBackupAgent from com.android.browser+.BrowserBackupAgent
E/PackageManager( 142): Package com.android.browser requires unavailable shared library com.cyanogenmod.android; ignoring!
I/dalvikvm( 142): DexOpt: mismatch dep signature for '/data/dalvik-cache/system@framework@android.policy.jar@classes.dex'
D/installd( 122): DexInv: --- BEGIN '/system/app/PicoTts.apk' ---
D/dalvikvm( 190): DexOpt: load 34ms, verify 29ms, opt 2ms
D/installd( 122): DexInv: --- END '/system/app/PicoTts.apk' (success) ---
I/dalvikvm( 142): DexOpt: mismatch dep signature for '/data/dalvik-cache/system@framework@android.policy.jar@classes.dex'
D/installd( 122): DexInv: --- BEGIN '/system/app/Calculator.apk' ---
D/dalvikvm( 191): DexOpt: load 97ms, verify 173ms, opt 7ms
D/installd( 122): DexInv: --- END '/system/app/Calculator.apk' (success) ---
I/dalvikvm( 142): DexOpt: source file CRC mismatch (9cbbba6d vs 283c2a11)
D/installd( 122): DexInv: --- BEGIN '/system/app/Settings.apk' ---
D/dalvikvm( 192): DexOpt: load 180ms, verify 1124ms, opt 35ms
D/installd( 122): DexInv: --- END '/system/app/Settings.apk' (success) ---
I/dalvikvm( 142): DexOpt: mismatch dep signature for '/data/dalvik-cache/system@framework@android.policy.jar@classes.dex'
D/installd( 122): DexInv: --- BEGIN '/system/app/Calendar.apk' ---
D/dalvikvm( 193): DexOpt: load 141ms, verify 538ms, opt 21ms
D/installd( 122): DexInv: --- END '/system/app/Calendar.apk' (success) ---
V/PackageParser( 142): android:backupAgent = com.android.providers.settings.SettingsBackupAgent from com.android.providers.settings+SettingsBackupAgent
I/dalvikvm( 142): DexOpt: mismatch dep signature for '/data/dalvik-cache/system@framework@android.policy.jar@classes.dex'
D/installd( 122): DexInv: --- BEGIN '/system/app/SettingsProvider.apk' ---
D/dalvikvm( 194): DexOpt: load 22ms, verify 111ms, opt 2ms
D/installd( 122): DexInv: --- END '/system/app/SettingsProvider.apk' (success) ---
I/dalvikvm( 142): DexOpt: mismatch dep signature for '/data/dalvik-cache/system@framework@android.policy.jar@classes.dex'
D/installd( 122): DexInv: --- BEGIN '/system/app/CalendarProvider.apk' ---
D/dalvikvm( 195): DexOpt: load 52ms, verify 435ms, opt 11ms
D/installd( 122): DexInv: --- END '/system/app/CalendarProvider.apk' (success) ---
D/dalvikvm( 142): GC freed 4773 objects / 268472 bytes in 130ms
I/dalvikvm( 142): DexOpt: mismatch dep signature for '/data/dalvik-cache/system@framework@android.policy.jar@classes.dex'
D/installd( 122): DexInv: --- BEGIN '/system/app/SoundRecorder.apk' ---
D/dalvikvm( 196): DexOpt: load 41ms, verify 120ms, opt 2ms
D/installd( 122): DexInv: --- END '/system/app/SoundRecorder.apk' (success) ---
I/dalvikvm( 142): DexOpt: mismatch dep signature for '/data/dalvik-cache/system@framework@android.policy.jar@classes.dex'
D/installd( 122): DexInv: --- BEGIN '/system/app/Gmail.apk' ---
D/dalvikvm( 197): DexOpt: load 121ms, verify 602ms, opt 16ms
D/installd( 122): DexInv: --- END '/system/app/Gmail.apk' (success) ---
I/dalvikvm( 142): DexOpt: mismatch dep signature for '/data/dalvik-cache/system@framework@android.policy.jar@classes.dex'
D/installd( 122): DexInv: --- BEGIN '/system/app/SpareParts.apk' ---
D/dalvikvm( 198): DexOpt: load 32ms, verify 51ms, opt 2ms
D/installd( 122): DexInv: --- END '/system/app/SpareParts.apk' (success) ---
I/dalvikvm( 142): DexOpt: mismatch dep signature for '/data/dalvik-cache/system@framework@android.policy.jar@classes.dex'
D/installd( 122): DexInv: --- BEGIN '/system/app/Stk.apk' ---
D/dalvikvm( 199): DexOpt: load 47ms, verify 182ms, opt 3ms
D/installd( 122): DexInv: --- END '/system/app/Stk.apk' (success) ---
I/dalvikvm( 142): DexOpt: mismatch dep signature for '/data/dalvik-cache/system@framework@android.policy.jar@classes.dex'
D/installd( 122): DexInv: --- BEGIN '/system/app/Superuser.apk' ---
D/dalvikvm( 200): DexOpt: load 33ms, verify 110ms, opt 2ms
D/installd( 122): DexInv: --- END '/system/app/Superuser.apk' (success) ---
I/dalvikvm( 142): DexOpt: mismatch dep signature for '/data/dalvik-cache/system@framework@android.policy.jar@classes.dex'
D/installd( 122): DexInv: --- BEGIN '/system/app/TelephonyProvider.apk' ---
D/dalvikvm( 201): DexOpt: load 15ms, verify 154ms, opt 5ms
D/installd( 122): DexInv: --- END '/system/app/TelephonyProvider.apk' (success) ---
W/PackageParser( 142): Intent filter for activity ActivityIntentInfo{43b79cc0 com.android.camera.ReviewImage} defines no actions
E/PackageManager( 142): Package com.android.camera requires unavailable shared library com.cyanogenmod.android; ignoring!
I/dalvikvm( 142): DexOpt: mismatch dep signature for '/data/dalvik-cache/system@framework@android.policy.jar@classes.dex'
D/installd( 122): DexInv: --- BEGIN '/system/app/Term.apk' ---
D/dalvikvm( 202): DexOpt: load 48ms, verify 95ms, opt 3ms
D/installd( 122): DexInv: --- END '/system/app/Term.apk' (success) ---
I/dalvikvm( 142): DexOpt: mismatch dep signature for '/data/dalvik-cache/system@framework@android.policy.jar@classes.dex'
D/installd( 122): DexInv: --- BEGIN '/system/app/TtsService.apk' ---
D/dalvikvm( 203): DexOpt: load 25ms, verify 74ms, opt 2ms
D/installd( 122): DexInv: --- END '/system/app/TtsService.apk' (success) ---
I/dalvikvm( 142): DexOpt: mismatch dep signature for '/data/dalvik-cache/system@framework@android.policy.jar@classes.dex'
D/installd( 122): DexInv: --- BEGIN '/system/app/UserDictionaryProvider.apk' ---
D/dalvikvm( 204): DexOpt: load 12ms, verify 37ms, opt 2ms
D/installd( 122): DexInv: --- END '/system/app/UserDictionaryProvider.apk' (success) ---
I/dalvikvm( 142): DexOpt: mismatch dep signature for '/data/dalvik-cache/system@framework@android.policy.jar@classes.dex'
D/installd( 122): DexInv: --- BEGIN '/system/app/VoiceDialer.apk' ---
D/dalvikvm( 205): DexOpt: load 40ms, verify 174ms, opt 3ms
D/installd( 122): DexInv: --- END '/system/app/VoiceDialer.apk' (success) ---
I/dalvikvm( 142): DexOpt: mismatch dep signature for '/data/dalvik-cache/system@framework@android.policy.jar@classes.dex'
D/installd( 122): DexInv: --- BEGIN '/system/app/VpnServices.apk' ---
D/dalvikvm( 206): DexOpt: load 26ms, verify 74ms, opt 2ms
D/installd( 122): DexInv: --- END '/system/app/VpnServices.apk' (success) ---
I/dalvikvm( 142): DexOpt: mismatch dep signature for '/data/dalvik-cache/system@framework@android.policy.jar@classes.dex'
D/installd( 122): DexInv: --- BEGIN '/system/app/com.amazon.mp3.apk' ---
D/dalvikvm( 207): DexOpt: load 166ms, verify 666ms, opt 23ms
D/installd( 122): DexInv: --- END '/system/app/com.amazon.mp3.apk' (success) ---
I/dalvikvm( 142): DexOpt: mismatch dep signature for '/data/dalvik-cache/system@framework@android.policy.jar@classes.dex'
D/installd( 122): DexInv: --- BEGIN '/system/app/GmailProvider.apk' ---
D/dalvikvm( 208): DexOpt: load 57ms, verify 507ms, opt 14ms
D/installd( 122): DexInv: --- END '/system/app/GmailProvider.apk' (success) ---
I/PackageParser( 142): Impliciting adding android.permission.WRITE_EXTERNAL_STORAGE to old pkg com.google.android.marvin.kickback
I/PackageParser( 142): Impliciting adding android.permission.READ_PHONE_STATE to old pkg com.google.android.marvin.kickback
I/dalvikvm( 142): DexOpt: mismatch dep signature for '/data/dalvik-cache/system@framework@android.policy.jar@classes.dex'
D/installd( 122): DexInv: --- BEGIN '/system/app/kickback.apk' ---
D/dalvikvm( 209): DexOpt: load 18ms, verify 13ms, opt 2ms
D/installd( 122): DexInv: --- END '/system/app/kickback.apk' (success) ---
I/PackageParser( 142): Impliciting adding android.permission.WRITE_EXTERNAL_STORAGE to old pkg com.google.android.marvin.soundback
I/PackageParser( 142): Impliciting adding android.permission.READ_PHONE_STATE to old pkg com.google.android.marvin.soundback
I/dalvikvm( 142): DexOpt: mismatch dep signature for '/data/dalvik-cache/system@framework@android.policy.jar@classes.dex'
D/installd( 122): DexInv: --- BEGIN '/system/app/soundback.apk' ---
D/dalvikvm( 210): DexOpt: load 21ms, verify 16ms, opt 1ms
D/installd( 122): DexInv: --- END '/system/app/soundback.apk' (success) ---
I/dalvikvm( 142): DexOpt: mismatch dep signature for '/data/dalvik-cache/system@framework@android.policy.jar@classes.dex'
D/installd( 122): DexInv: --- BEGIN '/system/app/talkback.apk' ---
D/dalvikvm( 211): DexOpt: load 31ms, verify 172ms, opt 2ms
D/installd( 122): DexInv: --- END '/system/app/talkback.apk' (success) ---
I/dalvikvm( 142): DexOpt: source file mod time mismatch (38f7973d vs 38f8373d)
D/installd( 122): DexInv: --- BEGIN '/system/app/Contacts.apk' ---
D/dalvikvm( 212): DexOpt: load 146ms, verify 725ms, opt 24ms
D/installd( 122): DexInv: --- END '/system/app/Contacts.apk' (success) ---
I/dalvikvm( 142): DexOpt: mismatch dep signature for '/data/dalvik-cache/system@framework@android.policy.jar@classes.dex'
D/installd( 122): DexInv: --- BEGIN '/system/app/GoogleApps.apk' ---
D/dalvikvm( 213): DexOpt: load 98ms, verify 284ms, opt 10ms
D/installd( 122): DexInv: --- END '/system/app/GoogleApps.apk' (success) ---
I/dalvikvm( 142): DexOpt: mismatch dep signature for '/data/dalvik-cache/system@framework@android.policy.jar@classes.dex'
D/installd( 122): DexInv: --- BEGIN '/system/app/GoogleBackupTransport.apk' ---
D/dalvikvm( 214): DexOpt: load 36ms, verify 135ms, opt 4ms
D/installd( 122): DexInv: --- END '/system/app/GoogleBackupTransport.apk' (success) ---
I/dalvikvm( 142): DexOpt: mismatch dep signature for '/data/dalvik-cache/system@framework@android.policy.jar@classes.dex'
D/installd( 122): DexInv: --- BEGIN '/system/app/GoogleCheckin.apk' ---
D/dalvikvm( 215): DexOpt: load 29ms, verify 178ms, opt 3ms
D/installd( 122): DexInv: --- END '/system/app/GoogleCheckin.apk' (success) ---
I/dalvikvm( 142): DexOpt: mismatch dep signature for '/data/dalvik-cache/system@framework@android.policy.jar@classes.dex'
D/installd( 122): DexInv: --- BEGIN '/system/app/GooglePartnerSetup.apk' ---
D/dalvikvm( 216): DexOpt: load 32ms, verify 165ms, opt 5ms
D/installd( 122): DexInv: --- END '/system/app/GooglePartnerSetup.apk' (success) ---
I/dalvikvm( 142): DexOpt: mismatch dep signature for '/data/dalvik-cache/system@framework@android.policy.jar@classes.dex'
D/installd( 122): DexInv: --- BEGIN '/system/app/GoogleSettingsProvider.apk' ---
D/dalvikvm( 217): DexOpt: load 34ms, verify 169ms, opt 4ms
D/installd( 122): DexInv: --- END '/system/app/GoogleSettingsProvider.apk' (success) ---
I/dalvikvm( 142): DexOpt: mismatch dep signature for '/data/dalvik-cache/system@framework@android.policy.jar@classes.dex'
D/installd( 122): DexInv: --- BEGIN '/system/app/gtalkservice.apk' ---
D/dalvikvm( 218): DexOpt: load 101ms, verify 996ms, opt 27ms
D/installd( 122): DexInv: --- END '/system/app/gtalkservice.apk' (success) ---
I/dalvikvm( 142): DexOpt: mismatch dep signature for '/data/dalvik-cache/system@framework@android.policy.jar@classes.dex'
D/installd( 122): DexInv: --- BEGIN '/system/app/LatinImeTutorial.apk' ---
D/dalvikvm( 219): DexOpt: load 32ms, verify 49ms, opt 2ms
D/installd( 122): DexInv: --- END '/system/app/LatinImeTutorial.apk' (success) ---
I/PackageParser( 142): Impliciting adding android.permission.WRITE_EXTERNAL_STORAGE to old pkg com.google.android.apps.maps
I/PackageManager( 142): /system/app/Maps.apk changed; collecting certs
D/dalvikvm( 142): GC freed 6038 objects / 352920 bytes in 124ms
D/dalvikvm( 142): GC freed 3011 objects / 369688 bytes in 116ms
W/PackageManager( 142): Package:com.google.android.apps.maps has been updated. Ignoring the one from path:/system/app/Maps.apk
I/dalvikvm( 142): DexOpt: mismatch dep signature for '/data/dalvik-cache/system@framework@android.policy.jar@classes.dex'
D/installd( 122): DexInv: --- BEGIN '/system/app/MarketUpdater.apk' ---
D/dalvikvm( 220): DexOpt: load 19ms, verify 19ms, opt 2ms
D/installd( 122): DexInv: --- END '/system/app/MarketUpdater.apk' (success) ---
I/PackageParser( 142): Impliciting adding android.permission.WRITE_EXTERNAL_STORAGE to old pkg com.google.android.apps.uploader
I/PackageParser( 142): Impliciting adding android.permission.READ_PHONE_STATE to old pkg com.google.android.apps.uploader
I/dalvikvm( 142): DexOpt: mismatch dep signature for '/data/dalvik-cache/system@framework@android.policy.jar@classes.dex'
D/installd( 122): DexInv: --- BEGIN '/system/app/MediaUploader.apk' ---
D/dalvikvm( 221): DexOpt: load 116ms, verify 978ms, opt 28ms
D/installd( 122): DexInv: --- END '/system/app/MediaUploader.apk' (success) ---
I/dalvikvm( 142): DexOpt: source file CRC mismatch (35a9ac08 vs 03abec7b)
D/installd( 122): DexInv: --- BEGIN '/system/app/Development.apk' ---
D/dalvikvm( 222): DexOpt: load 99ms, verify 362ms, opt 8ms
D/installd( 122): DexInv: --- END '/system/app/Development.apk' (success) ---
I/dalvikvm( 142): DexOpt: mismatch dep signature for '/data/dalvik-cache/system@framework@android.policy.jar@classes.dex'
D/installd( 122): DexInv: --- BEGIN '/system/app/NetworkLocation.apk' ---
D/dalvikvm( 223): DexOpt: load 52ms, verify 181ms, opt 5ms
D/installd( 122): DexInv: --- END '/system/app/NetworkLocation.apk' (success) ---
I/dalvikvm( 142): DexOpt: mismatch dep signature for '/data/dalvik-cache/system@framework@android.policy.jar@classes.dex'
D/installd( 122): DexInv: --- BEGIN '/system/app/SetupWizard.apk' ---
D/dalvikvm( 224): DexOpt: load 149ms, verify 410ms, opt 13ms
D/installd( 122): DexInv: --- END '/system/app/SetupWizard.apk' (success) ---
I/dalvikvm( 142): DexOpt: mismatch dep signature for '/data/dalvik-cache/system@framework@android.policy.jar@classes.dex'
D/installd( 122): DexInv: --- BEGIN '/system/app/Street.apk' ---
D/dalvikvm( 225): DexOpt: load 84ms, verify 351ms, opt 9ms
D/installd( 122): DexInv: --- END '/system/app/Street.apk' (success) ---
I/dalvikvm( 142): DexOpt: mismatch dep signature for '/data/dalvik-cache/system@framework@android.policy.jar@classes.dex'
D/installd( 122): DexInv: --- BEGIN '/system/app/Talk.apk' ---
D/dalvikvm( 226): DexOpt: load 126ms, verify 370ms, opt 9ms
D/installd( 122): DexInv: --- END '/system/app/Talk.apk' (success) ---
I/dalvikvm( 142): DexOpt: mismatch dep signature for '/data/dalvik-cache/system@framework@android.policy.jar@classes.dex'
D/installd( 122): DexInv: --- BEGIN '/system/app/DownloadProvider.apk' ---
D/dalvikvm( 227): DexOpt: load 36ms, verify 295ms, opt 6ms
D/installd( 122): DexInv: --- END '/system/app/DownloadProvider.apk' (success) ---
I/dalvikvm( 142): DexOpt: mismatch dep signature for '/data/dalvik-cache/system@framework@android.policy.jar@classes.dex'
D/installd( 122): DexInv: --- BEGIN '/system/app/DrmProvider.apk' ---
D/dalvikvm( 228): DexOpt: load 15ms, verify 45ms, opt 3ms
D/installd( 122): DexInv: --- END '/system/app/DrmProvider.apk' (success) ---
I/dalvikvm( 142): DexOpt: mismatch dep signature for '/data/dalvik-cache/system@framework@android.policy.jar@classes.dex'
D/installd( 122): DexInv: --- BEGIN '/system/app/BugReport.apk' ---
D/dalvikvm( 229): DexOpt: load 33ms, verify 89ms, opt 3ms
D/installd( 122): DexInv: --- END '/system/app/BugReport.apk' (success) ---
I/dalvikvm( 142): DexOpt: mismatch dep signature for '/data/dalvik-cache/system@framework@android.policy.jar@classes.dex'
D/installd( 122): DexInv: --- BEGIN '/system/app/Email.apk' ---
D/dalvikvm( 230): DexOpt: load 149ms, verify 1530ms, opt 49ms
D/installd( 122): DexInv: --- END '/system/app/Email.apk' (success) ---
I/PackageParser( 142): Impliciting adding android.permission.WRITE_EXTERNAL_STORAGE to old pkg com.htc.fieldtest
I/PackageParser( 142): Impliciting adding android.permission.READ_PHONE_STATE to old pkg com.htc.fieldtest
I/dalvikvm( 142): DexOpt: mismatch dep signature for '/data/dalvik-cache/system@framework@android.policy.jar@classes.dex'
D/installd( 122): DexInv: --- BEGIN '/system/app/FieldTest.apk' ---
D/dalvikvm( 231): DexOpt: load 38ms, verify 158ms, opt 4ms
D/installd( 122): DexInv: --- END '/system/app/FieldTest.apk' (success) ---
D/PackageManager( 142): Scanning app dir /data/app
I/PackageParser( 142): Impliciting adding android.permission.WRITE_EXTERNAL_STORAGE to old pkg com.xtralogic.android.logcollector
I/PackageParser( 142): Impliciting adding android.permission.READ_PHONE_STATE to old pkg com.xtralogic.android.logcollector
I/dalvikvm( 142): DexOpt: mismatch dep signature for '/data/dalvik-cache/system@framework@android.policy.jar@classes.dex'
D/installd( 122): ZipAlign: --- BEGIN '/data/app/android-log-collector-1.0.0.apk' ---
D/installd( 122): ZipAlign: --- END '/data/app/android-log-collector-1.0.0.apk.tmp' (success) ---
D/installd( 122): DexInv: --- BEGIN '/data/app/android-log-collector-1.0.0.apk' ---
D/dalvikvm( 233): DexOpt: load 30ms, verify 40ms, opt 1ms
D/installd( 122): DexInv: --- END '/data/app/android-log-collector-1.0.0.apk' (success) ---
D/dalvikvm( 142): GC freed 5789 objects / 408280 bytes in 135ms
I/PackageParser( 142): Impliciting adding android.permission.WRITE_EXTERNAL_STORAGE to old pkg com.bg.smsbk
I/PackageParser( 142): Impliciting adding android.permission.READ_PHONE_STATE to old pkg com.bg.smsbk
I/dalvikvm( 142): DexOpt: mismatch dep signature for '/data/dalvik-cache/system@framework@android.policy.jar@classes.dex'
D/installd( 122): ZipAlign: --- BEGIN '/data/app/com.bg.smsbk.apk' ---
D/installd( 122): ZipAlign: --- END '/data/app/com.bg.smsbk.apk.tmp' (success) ---
D/installd( 122): DexInv: --- BEGIN '/data/app/com.bg.smsbk.apk' ---
D/dalvikvm( 235): DexOpt: load 34ms, verify 64ms, opt 2ms
D/installd( 122): DexInv: --- END '/data/app/com.bg.smsbk.apk' (success) ---
I/PackageParser( 142): Impliciting adding android.permission.WRITE_EXTERNAL_STORAGE to old pkg org.slideme.android.v2.manager
I/dalvikvm( 142): DexOpt: mismatch dep signature for '/data/dalvik-cache/system@framework@android.policy.jar@classes.dex'
D/installd( 122): ZipAlign: --- BEGIN '/data/app/sam2.apk' ---
D/installd( 122): ZipAlign: --- END '/data/app/sam2.apk.tmp' (success) ---
D/installd( 122): DexInv: --- BEGIN '/data/app/sam2.apk' ---
D/dalvikvm( 237): DexOpt: 'Lorg/xmlpull/v1/XmlPullParser;' has an earlier definition; blocking out
D/dalvikvm( 237): DexOpt: 'Lorg/kxml2/io/KXmlParser;' has an earlier definition; blocking out
D/dalvikvm( 237): DexOpt: 'Lorg/xmlpull/v1/XmlSerializer;' has an earlier definition; blocking out
D/dalvikvm( 237): DexOpt: 'Lorg/kxml2/io/KXmlSerializer;' has an earlier definition; blocking out
D/dalvikvm( 237): DexOpt: 'Lorg/kxml2/kdom/Node;' has an earlier definition; blocking out
D/dalvikvm( 237): DexOpt: 'Lorg/kxml2/kdom/Document;' has an earlier definition; blocking out
D/dalvikvm( 237): DexOpt: 'Lorg/kxml2/kdom/Element;' has an earlier definition; blocking out
D/dalvikvm( 237): DexOpt: 'Lorg/kxml2/wap/Wbxml;' has an earlier definition; blocking out
D/dalvikvm( 237): DexOpt: 'Lorg/kxml2/wap/WbxmlParser;' has an earlier definition; blocking out
D/dalvikvm( 237): DexOpt: 'Lorg/kxml2/wap/WbxmlSerializer;' has an earlier definition; blocking out
D/dalvikvm( 237): DexOpt: 'Lorg/kxml2/wap/syncml/SyncML;' has an earlier definition; blocking out
D/dalvikvm( 237): DexOpt: 'Lorg/kxml2/wap/wml/Wml;' has an earlier definition; blocking out
D/dalvikvm( 237): DexOpt: 'Lorg/kxml2/wap/wv/WV;' has an earlier definition; blocking out
D/dalvikvm( 237): DexOpt: 'Lorg/xmlpull/v1/XmlPullParserException;' has an earlier definition; blocking out
D/dalvikvm( 237): DexOpt: 'Lorg/xmlpull/v1/XmlPullParserFactory;' has an earlier definition; blocking out
D/dalvikvm( 237): DexOpt: not verifying 'Lorg/xmlpull/v1/XmlPullParser;': multiple definitions
D/dalvikvm( 237): DexOpt: not verifying 'Lorg/kxml2/io/KXmlParser;': multiple definitions
D/dalvikvm( 237): DexOpt: not verifying 'Lorg/xmlpull/v1/XmlSerializer;': multiple definitions
D/dalvikvm( 237): DexOpt: not verifying 'Lorg/kxml2/io/KXmlSerializer;': multiple definitions
D/dalvikvm( 237): DexOpt: not verifying 'Lorg/kxml2/kdom/Node;': multiple definitions
D/dalvikvm( 237): DexOpt: not verifying 'Lorg/kxml2/kdom/Document;': multiple definitions
D/dalvikvm( 237): DexOpt: not verifying 'Lorg/kxml2/kdom/Element;': multiple definitions
D/dalvikvm( 237): DexOpt: not verifying 'Lorg/kxml2/wap/Wbxml;': multiple definitions
D/dalvikvm( 237): DexOpt: not verifying 'Lorg/kxml2/wap/WbxmlParser;': multiple definitions
D/dalvikvm( 237): DexOpt: not verifying 'Lorg/kxml2/wap/WbxmlSerializer;': multiple definitions
D/dalvikvm( 237): DexOpt: not verifying 'Lorg/kxml2/wap/syncml/SyncML;': multiple definitions
D/dalvikvm( 237): DexOpt: not verifying 'Lorg/kxml2/wap/wml/Wml;': multiple definitions
D/dalvikvm( 237): DexOpt: not verifying 'Lorg/kxml2/wap/wv/WV;': multiple definitions
I/dalvikvm( 237): DexOpt: not resolving ambiguous class 'Lorg/xmlpull/v1/XmlPullParserException;'
I/dalvikvm( 237): DexOpt: not resolving ambiguous class 'Lorg/kxml2/io/KXmlParser;'
I/dalvikvm( 237): DexOpt: not resolving ambiguous class 'Lorg/kxml2/io/KXmlParser;'
I/dalvikvm( 237): DexOpt: not resolving ambiguous class 'Lorg/kxml2/io/KXmlParser;'
I/dalvikvm( 237): DexOpt: not resolving ambiguous class 'Lorg/kxml2/io/KXmlParser;'
I/dalvikvm( 237): DexOpt: not resolving ambiguous class 'Lorg/xmlpull/v1/XmlPullParserException;'
I/dalvikvm( 237): DexOpt: not resolving ambiguous class 'Lorg/kxml2/io/KXmlParser;'
I/dalvikvm( 237): DexOpt: not resolving ambiguous class 'Lorg/xmlpull/v1/XmlPullParserException;'
I/dalvikvm( 237): DexOpt: not resolving ambiguous class 'Lorg/kxml2/io/KXmlParser;'
I/dalvikvm( 237): DexOpt: not resolving ambiguous class 'Lorg/kxml2/io/KXmlParser;'
I/dalvikvm( 237): DexOpt: not resolving ambiguous class 'Lorg/kxml2/io/KXmlParser;'
I/dalvikvm( 237): DexOpt: not resolving ambiguous class 'Lorg/kxml2/io/KXmlParser;'
D/dalvikvm( 237): DexOpt: not verifying 'Lorg/xmlpull/v1/XmlPullParserException;': multiple definitions
D/dalvikvm( 237): DexOpt: not verifying 'Lorg/xmlpull/v1/XmlPullParserFactory;': multiple definitions
D/dalvikvm( 237): DexOpt: load 121ms, verify 541ms, opt 15ms
D/installd( 122): DexInv: --- END '/data/app/sam2.apk' (success) ---
I/dalvikvm( 142): DexOpt: mismatch dep signature for '/data/dalvik-cache/system@framework@android.policy.jar@classes.dex'
D/installd( 122): ZipAlign: --- BEGIN '/data/app/com.androidemu.sneslite.apk' ---
D/installd( 122): ZipAlign: --- END '/data/app/com.androidemu.sneslite.apk.tmp' (success) ---
D/installd( 122): DexInv: --- BEGIN '/data/app/com.androidemu.sneslite.apk' ---
D/dalvikvm( 239): DexOpt: load 73ms, verify 188ms, opt 3ms
