D/installd( 122): DexInv: --- END '/data/app/com.androidemu.sneslite.apk' (success) ---
I/PackageParser( 142): Impliciting adding android.permission.WRITE_EXTERNAL_STORAGE to old pkg org.microemu.android.Browser
I/PackageParser( 142): Impliciting adding android.permission.READ_PHONE_STATE to old pkg org.microemu.android.Browser
I/dalvikvm( 142): DexOpt: mismatch dep signature for '/data/dalvik-cache/system@framework@android.policy.jar@classes.dex'
D/installd( 122): ZipAlign: --- BEGIN '/data/app/org.microemu.android.Browser.apk' ---
D/installd( 122): ZipAlign: --- END '/data/app/org.microemu.android.Browser.apk.tmp' (success) ---
D/installd( 122): DexInv: --- BEGIN '/data/app/org.microemu.android.Browser.apk' ---
D/dalvikvm( 241): DexOpt: load 175ms, verify 1782ms, opt 57ms
D/installd( 122): DexInv: --- END '/data/app/org.microemu.android.Browser.apk' (success) ---
I/dalvikvm( 142): DexOpt: mismatch dep signature for '/data/dalvik-cache/system@framework@android.policy.jar@classes.dex'
D/installd( 122): ZipAlign: --- BEGIN '/data/app/com.code.i.music.apk' ---
D/installd( 122): ZipAlign: --- END '/data/app/com.code.i.music.apk.tmp' (success) ---
D/installd( 122): DexInv: --- BEGIN '/data/app/com.code.i.music.apk' ---
D/dalvikvm( 243): DexOpt: load 280ms, verify 1505ms, opt 57ms
D/installd( 122): DexInv: --- END '/data/app/com.code.i.music.apk' (success) ---
I/dalvikvm( 142): DexOpt: mismatch dep signature for '/data/dalvik-cache/system@framework@android.policy.jar@classes.dex'
D/installd( 122): ZipAlign: --- BEGIN '/data/app/com.meebo.apk' ---
D/installd( 122): ZipAlign: --- END '/data/app/com.meebo.apk.tmp' (success) ---
D/installd( 122): DexInv: --- BEGIN '/data/app/com.meebo.apk' ---
D/dalvikvm( 245): DexOpt: load 99ms, verify 489ms, opt 11ms
D/installd( 122): DexInv: --- END '/data/app/com.meebo.apk' (success) ---
W/PackageParser( 142): Problem in package /data/app/com.aws.android.apk:
W/PackageParser( 142): Unknown element under : action
W/PackageParser( 142): Problem in package /data/app/com.aws.android.apk:
W/PackageParser( 142): Unknown element under : action
I/PackageParser( 142): Impliciting adding android.permission.WRITE_EXTERNAL_STORAGE to old pkg com.aws.android
I/PackageParser( 142): Impliciting adding android.permission.READ_PHONE_STATE to old pkg com.aws.android
I/dalvikvm( 142): DexOpt: mismatch dep signature for '/data/dalvik-cache/system@framework@android.policy.jar@classes.dex'
D/installd( 122): ZipAlign: --- BEGIN '/data/app/com.aws.android.apk' ---
D/installd( 122): ZipAlign: --- END '/data/app/com.aws.android.apk.tmp' (success) ---
D/installd( 122): DexInv: --- BEGIN '/data/app/com.aws.android.apk' ---
D/dalvikvm( 247): DexOpt: load 253ms, verify 1074ms, opt 45ms
D/installd( 122): DexInv: --- END '/data/app/com.aws.android.apk' (success) ---
I/PackageParser( 142): Impliciting adding android.permission.WRITE_EXTERNAL_STORAGE to old pkg ki.wardrive
I/PackageParser( 142): Impliciting adding android.permission.READ_PHONE_STATE to old pkg ki.wardrive
I/dalvikvm( 142): DexOpt: mismatch dep signature for '/data/dalvik-cache/system@framework@android.policy.jar@classes.dex'
D/installd( 122): ZipAlign: --- BEGIN '/data/app/ki.wardrive.apk' ---
D/installd( 122): ZipAlign: --- END '/data/app/ki.wardrive.apk.tmp' (success) ---
D/installd( 122): DexInv: --- BEGIN '/data/app/ki.wardrive.apk' ---
D/dalvikvm( 249): DexOpt: load 32ms, verify 76ms, opt 3ms
D/installd( 122): DexInv: --- END '/data/app/ki.wardrive.apk' (success) ---
W/PackageParser( 142): Skipping non-package file: /data/app/com.fusetree.dilbert.zip
I/PackageParser( 142): Impliciting adding android.permission.WRITE_EXTERNAL_STORAGE to old pkg android.tether
I/PackageParser( 142): Impliciting adding android.permission.READ_PHONE_STATE to old pkg android.tether
I/dalvikvm( 142): DexOpt: mismatch dep signature for '/data/dalvik-cache/system@framework@android.policy.jar@classes.dex'
D/installd( 122): ZipAlign: --- BEGIN '/data/app/android.tether.apk' ---
D/installd( 122): ZipAlign: --- END '/data/app/android.tether.apk.tmp' (success) ---
D/installd( 122): DexInv: --- BEGIN '/data/app/android.tether.apk' ---
D/dalvikvm( 251): DexOpt: load 52ms, verify 320ms, opt 6ms
D/installd( 122): DexInv: --- END '/data/app/android.tether.apk' (success) ---
I/PackageParser( 142): Impliciting adding android.permission.WRITE_EXTERNAL_STORAGE to old pkg com.facebook.katana
I/PackageParser( 142): Impliciting adding android.permission.READ_PHONE_STATE to old pkg com.facebook.katana
I/dalvikvm( 142): DexOpt: mismatch dep signature for '/data/dalvik-cache/system@framework@android.policy.jar@classes.dex'
D/installd( 122): ZipAlign: --- BEGIN '/data/app/com.facebook.katana.apk' ---
D/installd( 122): ZipAlign: --- END '/data/app/com.facebook.katana.apk.tmp' (success) ---
D/installd( 122): DexInv: --- BEGIN '/data/app/com.facebook.katana.apk' ---
D/dalvikvm( 253): DexOpt: load 278ms, verify 2046ms, opt 65ms
D/installd( 122): DexInv: --- END '/data/app/com.facebook.katana.apk' (success) ---
I/PackageParser( 142): Impliciting adding android.permission.WRITE_EXTERNAL_STORAGE to old pkg com.instamapper.gpstracker
I/PackageParser( 142): Impliciting adding android.permission.READ_PHONE_STATE to old pkg com.instamapper.gpstracker
I/dalvikvm( 142): DexOpt: mismatch dep signature for '/data/dalvik-cache/system@framework@android.policy.jar@classes.dex'
D/installd( 122): ZipAlign: --- BEGIN '/data/app/com.instamapper.gpstracker.apk' ---
D/installd( 122): ZipAlign: --- END '/data/app/com.instamapper.gpstracker.apk.tmp' (success) ---
D/installd( 122): DexInv: --- BEGIN '/data/app/com.instamapper.gpstracker.apk' ---
D/dalvikvm( 255): DexOpt: load 39ms, verify 144ms, opt 2ms
D/installd( 122): DexInv: --- END '/data/app/com.instamapper.gpstracker.apk' (success) ---
I/dalvikvm( 142): DexOpt: mismatch dep signature for '/data/dalvik-cache/system@framework@android.policy.jar@classes.dex'
D/installd( 122): ZipAlign: --- BEGIN '/data/app/com.eclipsim.gpsstatus2.apk' ---
D/installd( 122): ZipAlign: --- END '/data/app/com.eclipsim.gpsstatus2.apk.tmp' (success) ---
D/installd( 122): DexInv: --- BEGIN '/data/app/com.eclipsim.gpsstatus2.apk' ---
D/dalvikvm( 257): DexOpt: load 77ms, verify 306ms, opt 7ms
D/installd( 122): DexInv: --- END '/data/app/com.eclipsim.gpsstatus2.apk' (success) ---
I/PackageParser( 142): Impliciting adding android.permission.READ_PHONE_STATE to old pkg cmupdaterapp.ui
I/dalvikvm( 142): DexOpt: mismatch dep signature for '/data/dalvik-cache/system@framework@android.policy.jar@classes.dex'
D/installd( 122): ZipAlign: --- BEGIN '/data/app/cmupdaterapp.ui.apk' ---
D/installd( 122): ZipAlign: --- END '/data/app/cmupdaterapp.ui.apk.tmp' (success) ---
D/installd( 122): DexInv: --- BEGIN '/data/app/cmupdaterapp.ui.apk' ---
D/dalvikvm( 259): DexOpt: load 72ms, verify 460ms, opt 11ms
D/installd( 122): DexInv: --- END '/data/app/cmupdaterapp.ui.apk' (success) ---
I/dalvikvm( 142): DexOpt: mismatch dep signature for '/data/dalvik-cache/system@framework@android.policy.jar@classes.dex'
D/installd( 122): ZipAlign: --- BEGIN '/data/app/com.metago.astro.apk' ---
D/installd( 122): ZipAlign: --- END '/data/app/com.metago.astro.apk.tmp' (success) ---
D/installd( 122): DexInv: --- BEGIN '/data/app/com.metago.astro.apk' ---
D/dalvikvm( 261): DexOpt: load 281ms, verify 1552ms, opt 61ms
D/installd( 122): DexInv: --- END '/data/app/com.metago.astro.apk' (success) ---
I/dalvikvm( 142): DexOpt: mismatch dep signature for '/data/dalvik-cache/system@framework@android.policy.jar@classes.dex'
D/installd( 122): ZipAlign: --- BEGIN '/data/app/com.shazam.android.apk' ---
D/installd( 122): ZipAlign: --- END '/data/app/com.shazam.android.apk.tmp' (success) ---
D/installd( 122): DexInv: --- BEGIN '/data/app/com.shazam.android.apk' ---
D/dalvikvm( 263): DexOpt: load 50ms, verify 457ms, opt 11ms
D/installd( 122): DexInv: --- END '/data/app/com.shazam.android.apk' (success) ---
W/PackageParser( 142): Bad element under : supports-screen
I/dalvikvm( 142): DexOpt: mismatch dep signature for '/data/dalvik-cache/system@framework@android.policy.jar@classes.dex'
D/installd( 122): ZipAlign: --- BEGIN '/data/app/com.bonfiremedia.android_wikimobile.apk' ---
D/installd( 122): ZipAlign: --- END '/data/app/com.bonfiremedia.android_wikimobile.apk.tmp' (success) ---
D/installd( 122): DexInv: --- BEGIN '/data/app/com.bonfiremedia.android_wikimobile.apk' ---
D/dalvikvm( 265): DexOpt: load 64ms, verify 356ms, opt 10ms
D/installd( 122): DexInv: --- END '/data/app/com.bonfiremedia.android_wikimobile.apk' (success) ---
I/dalvikvm( 142): DexOpt: mismatch dep signature for '/data/dalvik-cache/system@framework@android.policy.jar@classes.dex'
D/installd( 122): ZipAlign: --- BEGIN '/data/app/org.freecoder.widgets.overclock.apk' ---
D/installd( 122): ZipAlign: --- END '/data/app/org.freecoder.widgets.overclock.apk.tmp' (success) ---
D/installd( 122): DexInv: --- BEGIN '/data/app/org.freecoder.widgets.overclock.apk' ---
D/dalvikvm( 267): DexOpt: load 49ms, verify 177ms, opt 3ms
D/installd( 122): DexInv: --- END '/data/app/org.freecoder.widgets.overclock.apk' (success) ---
I/PackageParser( 142): Impliciting adding android.permission.WRITE_EXTERNAL_STORAGE to old pkg com.google.android.netmeter
I/PackageParser( 142): Impliciting adding android.permission.READ_PHONE_STATE to old pkg com.google.android.netmeter
I/dalvikvm( 142): DexOpt: mismatch dep signature for '/data/dalvik-cache/system@framework@android.policy.jar@classes.dex'
D/installd( 122): ZipAlign: --- BEGIN '/data/app/com.google.android.netmeter.apk' ---
D/installd( 122): ZipAlign: --- END '/data/app/com.google.android.netmeter.apk.tmp' (success) ---
D/installd( 122): DexInv: --- BEGIN '/data/app/com.google.android.netmeter.apk' ---
D/dalvikvm( 269): DexOpt: load 46ms, verify 130ms, opt 3ms
D/installd( 122): DexInv: --- END '/data/app/com.google.android.netmeter.apk' (success) ---
D/dalvikvm( 142): GC freed 12931 objects / 685656 bytes in 167ms
W/PackageParser( 142): Intent filter for activity ActivityIntentInfo{43c0f1c8 com.example.android.apis.media.MediaPlayerDemo_Audio} defines no actions
W/PackageParser( 142): Intent filter for activity ActivityIntentInfo{43c0d058 com.example.android.apis.media.MediaPlayerDemo_Video} defines no actions
I/PackageParser( 142): Impliciting adding android.permission.WRITE_EXTERNAL_STORAGE to old pkg com.example.android.apis
I/PackageParser( 142): Impliciting adding android.permission.READ_PHONE_STATE to old pkg com.example.android.apis
I/dalvikvm( 142): DexOpt: mismatch dep signature for '/data/dalvik-cache/system@framework@android.policy.jar@classes.dex'
D/installd( 122): ZipAlign: --- BEGIN '/data/app/com.example.android.apis.apk' ---
D/installd( 122): ZipAlign: --- END '/data/app/com.example.android.apis.apk.tmp' (success) ---
D/installd( 122): DexInv: --- BEGIN '/data/app/com.example.android.apis.apk' ---
D/dalvikvm( 271): DexOpt: load 254ms, verify 990ms, opt 31ms
D/installd( 122): DexInv: --- END '/data/app/com.example.android.apis.apk' (success) ---
I/PackageParser( 142): Impliciting adding android.permission.WRITE_EXTERNAL_STORAGE to old pkg com.pandora.android
I/PackageParser( 142): Impliciting adding android.permission.READ_PHONE_STATE to old pkg com.pandora.android
I/dalvikvm( 142): DexOpt: mismatch dep signature for '/data/dalvik-cache/system@framework@android.policy.jar@classes.dex'
D/installd( 122): ZipAlign: --- BEGIN '/data/app/com.pandora.android.apk' ---
D/installd( 122): ZipAlign: --- END '/data/app/com.pandora.android.apk.tmp' (success) ---
D/installd( 122): DexInv: --- BEGIN '/data/app/com.pandora.android.apk' ---
D/dalvikvm( 273): DexOpt: 'Lorg/apache/commons/codec/Decoder;' has an earlier definition; blocking out
D/dalvikvm( 273): DexOpt: 'Lorg/apache/commons/codec/BinaryDecoder;' has an earlier definition; blocking out
D/dalvikvm( 273): DexOpt: 'Lorg/apache/commons/codec/Encoder;' has an earlier definition; blocking out
D/dalvikvm( 273): DexOpt: 'Lorg/apache/commons/codec/BinaryEncoder;' has an earlier definition; blocking out
D/dalvikvm( 273): DexOpt: 'Lorg/apache/commons/codec/DecoderException;' has an earlier definition; blocking out
D/dalvikvm( 273): DexOpt: 'Lorg/apache/commons/codec/EncoderException;' has an earlier definition; blocking out
D/dalvikvm( 273): DexOpt: 'Lorg/apache/commons/codec/StringDecoder;' has an earlier definition; blocking out
D/dalvikvm( 273): DexOpt: 'Lorg/apache/commons/codec/StringEncoder;' has an earlier definition; blocking out
D/dalvikvm( 273): DexOpt: 'Lorg/apache/commons/codec/StringEncoderComparator;' has an earlier definition; blocking out
D/dalvikvm( 273): DexOpt: 'Lorg/apache/commons/codec/binary/Base64;' has an earlier definition; blocking out
D/dalvikvm( 273): DexOpt: 'Lorg/apache/commons/codec/binary/BinaryCodec;' has an earlier definition; blocking out
D/dalvikvm( 273): DexOpt: 'Lorg/apache/commons/codec/binary/Hex;' has an earlier definition; blocking out
D/dalvikvm( 273): DexOpt: 'Lorg/apache/commons/codec/language/DoubleMetaphone$DoubleMetaphoneResult;' has an earlier definition; blocking out
D/dalvikvm( 273): DexOpt: 'Lorg/apache/commons/codec/language/DoubleMetaphone;' has an earlier definition; blocking out
D/dalvikvm( 273): DexOpt: 'Lorg/apache/commons/codec/language/Metaphone;' has an earlier definition; blocking out
D/dalvikvm( 273): DexOpt: 'Lorg/apache/commons/codec/language/RefinedSoundex;' has an earlier definition; blocking out
D/dalvikvm( 273): DexOpt: 'Lorg/apache/commons/codec/language/Soundex;' has an earlier definition; blocking out
D/dalvikvm( 273): DexOpt: 'Lorg/apache/commons/codec/language/SoundexUtils;' has an earlier definition; blocking out
D/dalvikvm( 273): DexOpt: 'Lorg/apache/commons/codec/net/RFC1522Codec;' has an earlier definition; blocking out
D/dalvikvm( 273): DexOpt: 'Lorg/apache/commons/codec/net/BCodec;' has an earlier definition; blocking out
D/dalvikvm( 273): DexOpt: 'Lorg/apache/commons/codec/net/QCodec;' has an earlier definition; blocking out
D/dalvikvm( 273): DexOpt: 'Lorg/apache/commons/codec/net/QuotedPrintableCodec;' has an earlier definition; blocking out
D/dalvikvm( 273): DexOpt: 'Lorg/apache/commons/codec/net/StringEncodings;' has an earlier definition; blocking out
D/dalvikvm( 273): DexOpt: 'Lorg/apache/commons/codec/net/URLCodec;' has an earlier definition; blocking out
I/dalvikvm( 273): DexOpt: not resolving ambiguous class 'Lorg/apache/commons/codec/binary/Hex;'
D/dalvikvm( 273): DexOpt: not verifying 'Lorg/apache/commons/codec/Decoder;': multiple definitions
D/dalvikvm( 273): DexOpt: not verifying 'Lorg/apache/commons/codec/BinaryDecoder;': multiple definitions
D/dalvikvm( 273): DexOpt: not verifying 'Lorg/apache/commons/codec/Encoder;': multiple definitions
D/dalvikvm( 273): DexOpt: not verifying 'Lorg/apache/commons/codec/BinaryEncoder;': multiple definitions
D/dalvikvm( 273): DexOpt: not verifying 'Lorg/apache/commons/codec/DecoderException;': multiple definitions
D/dalvikvm( 273): DexOpt: not verifying 'Lorg/apache/commons/codec/EncoderException;': multiple definitions
D/dalvikvm( 273): DexOpt: not verifying 'Lorg/apache/commons/codec/StringDecoder;': multiple definitions
D/dalvikvm( 273): DexOpt: not verifying 'Lorg/apache/commons/codec/StringEncoder;': multiple definitions
D/dalvikvm( 273): DexOpt: not verifying 'Lorg/apache/commons/codec/StringEncoderComparator;': multiple definitions
D/dalvikvm( 273): DexOpt: not verifying 'Lorg/apache/commons/codec/binary/Base64;': multiple definitions
D/dalvikvm( 273): DexOpt: not verifying 'Lorg/apache/commons/codec/binary/BinaryCodec;': multiple definitions
D/dalvikvm( 273): DexOpt: not verifying 'Lorg/apache/commons/codec/binary/Hex;': multiple definitions
I/dalvikvm( 273): DexOpt: not resolving ambiguous class 'Lorg/apache/commons/codec/binary/Hex;'
D/dalvikvm( 273): DexOpt: not verifying 'Lorg/apache/commons/codec/language/DoubleMetaphone$DoubleMetaphoneResult;': multiple definitions
D/dalvikvm( 273): DexOpt: not verifying 'Lorg/apache/commons/codec/language/DoubleMetaphone;': multiple definitions
D/dalvikvm( 273): DexOpt: not verifying 'Lorg/apache/commons/codec/language/Metaphone;': multiple definitions
D/dalvikvm( 273): DexOpt: not verifying 'Lorg/apache/commons/codec/language/RefinedSoundex;': multiple definitions
D/dalvikvm( 273): DexOpt: not verifying 'Lorg/apache/commons/codec/language/Soundex;': multiple definitions
D/dalvikvm( 273): DexOpt: not verifying 'Lorg/apache/commons/codec/language/SoundexUtils;': multiple definitions
D/dalvikvm( 273): DexOpt: not verifying 'Lorg/apache/commons/codec/net/RFC1522Codec;': multiple definitions
D/dalvikvm( 273): DexOpt: not verifying 'Lorg/apache/commons/codec/net/BCodec;': multiple definitions
D/dalvikvm( 273): DexOpt: not verifying 'Lorg/apache/commons/codec/net/QCodec;': multiple definitions
D/dalvikvm( 273): DexOpt: not verifying 'Lorg/apache/commons/codec/net/QuotedPrintableCodec;': multiple definitions
D/dalvikvm( 273): DexOpt: not verifying 'Lorg/apache/commons/codec/net/StringEncodings;': multiple definitions
D/dalvikvm( 273): DexOpt: not verifying 'Lorg/apache/commons/codec/net/URLCodec;': multiple definitions
D/dalvikvm( 273): DexOpt: load 169ms, verify 799ms, opt 25ms
D/installd( 122): DexInv: --- END '/data/app/com.pandora.android.apk' (success) ---
I/PackageParser( 142): Impliciting adding android.permission.WRITE_EXTERNAL_STORAGE to old pkg com.avaw.luklukpro
I/dalvikvm( 142): DexOpt: mismatch dep signature for '/data/dalvik-cache/system@framework@android.policy.jar@classes.dex'
D/installd( 122): ZipAlign: --- BEGIN '/data/app/com.avaw.luklukpro.apk' ---
D/installd( 122): ZipAlign: --- END '/data/app/com.avaw.luklukpro.apk.tmp' (success) ---
D/installd( 122): DexInv: --- BEGIN '/data/app/com.avaw.luklukpro.apk' ---
D/dalvikvm( 275): DexOpt: load 117ms, verify 357ms, opt 10ms
D/installd( 122): DexInv: --- END '/data/app/com.avaw.luklukpro.apk' (success) ---
I/PackageParser( 142): Impliciting adding android.permission.WRITE_EXTERNAL_STORAGE to old pkg org.slideme.android.v2.manager
I/PackageManager( 142): /data/app/org.slideme.android.v2.manager.apk changed; collecting certs
D/dalvikvm( 142): GC freed 2842 objects / 230592 bytes in 134ms
W/PackageManager( 142): *************************************************
W/PackageManager( 142): Application package org.slideme.android.v2.manager already installed. Skipping duplicate.
W/PackageManager( 142): *************************************************
I/PackageParser( 142): Impliciting adding android.permission.WRITE_EXTERNAL_STORAGE to old pkg com.mobitv.client.sprinttv
I/dalvikvm( 142): DexOpt: mismatch dep signature for '/data/dalvik-cache/system@framework@android.policy.jar@classes.dex'
D/installd( 122): ZipAlign: --- BEGIN '/data/app/com.mobitv.client.sprinttv.apk' ---
D/installd( 122): ZipAlign: --- END '/data/app/com.mobitv.client.sprinttv.apk.tmp' (success) ---
D/installd( 122): DexInv: --- BEGIN '/data/app/com.mobitv.client.sprinttv.apk' ---
D/dalvikvm( 277): DexOpt: load 93ms, verify 620ms, opt 23ms
D/installd( 122): DexInv: --- END '/data/app/com.mobitv.client.sprinttv.apk' (success) ---
I/PackageParser( 142): Impliciting adding android.permission.WRITE_EXTERNAL_STORAGE to old pkg com.mobitv.sprint.tvwidget
I/PackageParser( 142): Impliciting adding android.permission.READ_PHONE_STATE to old pkg com.mobitv.sprint.tvwidget
I/dalvikvm( 142): DexOpt: mismatch dep signature for '/data/dalvik-cache/system@framework@android.policy.jar@classes.dex'
D/installd( 122): ZipAlign: --- BEGIN '/data/app/com.mobitv.sprint.tvwidget.apk' ---
D/installd( 122): ZipAlign: --- END '/data/app/com.mobitv.sprint.tvwidget.apk.tmp' (success) ---
D/installd( 122): DexInv: --- BEGIN '/data/app/com.mobitv.sprint.tvwidget.apk' ---
D/dalvikvm( 279): DexOpt: load 21ms, verify 39ms, opt 1ms
D/installd( 122): DexInv: --- END '/data/app/com.mobitv.sprint.tvwidget.apk' (success) ---
I/dalvikvm( 142): DexOpt: mismatch dep signature for '/data/dalvik-cache/system@framework@android.policy.jar@classes.dex'
D/installd( 122): ZipAlign: --- BEGIN '/data/app/com.google.zxing.client.android.apk' ---
D/installd( 122): ZipAlign: --- END '/data/app/com.google.zxing.client.android.apk.tmp' (success) ---
D/installd( 122): DexInv: --- BEGIN '/data/app/com.google.zxing.client.android.apk' ---
D/dalvikvm( 281): DexOpt: load 110ms, verify 840ms, opt 30ms
D/installd( 122): DexInv: --- END '/data/app/com.google.zxing.client.android.apk' (success) ---
I/PackageParser( 142): Impliciting adding android.permission.WRITE_EXTERNAL_STORAGE to old pkg com.blumedialab.television
I/PackageParser( 142): Impliciting adding android.permission.READ_PHONE_STATE to old pkg com.blumedialab.television
I/dalvikvm( 142): DexOpt: mismatch dep signature for '/data/dalvik-cache/system@framework@android.policy.jar@classes.dex'
D/installd( 122): ZipAlign: --- BEGIN '/data/app/com.blumedialab.television.apk' ---
D/installd( 122): ZipAlign: --- END '/data/app/com.blumedialab.television.apk.tmp' (success) ---
D/installd( 122): DexInv: --- BEGIN '/data/app/com.blumedialab.television.apk' ---
D/dalvikvm( 283): DexOpt: load 92ms, verify 589ms, opt 17ms
D/installd( 122): DexInv: --- END '/data/app/com.blumedialab.television.apk' (success) ---
I/PackageParser( 142): Impliciting adding android.permission.WRITE_EXTERNAL_STORAGE to old pkg com.example.android.apis.test
I/PackageParser( 142): Impliciting adding android.permission.READ_PHONE_STATE to old pkg com.example.android.apis.test
I/dalvikvm( 142): DexOpt: mismatch dep signature for '/data/dalvik-cache/system@framework@android.policy.jar@classes.dex'
D/installd( 122): ZipAlign: --- BEGIN '/data/app/com.example.android.apis.test.apk' ---
D/installd( 122): ZipAlign: --- END '/data/app/com.example.android.apis.test.apk.tmp' (success) ---
D/installd( 122): DexInv: --- BEGIN '/data/app/com.example.android.apis.test.apk' ---
D/dalvikvm( 285): DexOpt: load 26ms, verify 38ms, opt 2ms
D/installd( 122): DexInv: --- END '/data/app/com.example.android.apis.test.apk' (success) ---
W/PackageParser( 142): Intent filter for activity ActivityIntentInfo{43c1d8e8 com.rcreations.ipcamviewer.GalleryViewActivity} defines no actions
W/PackageParser( 142): Intent filter for activity ActivityIntentInfo{43adb148 com.rcreations.ipcamviewer.MatrixViewActivity} defines no actions
W/PackageParser( 142): Intent filter for activity ActivityIntentInfo{43cb1b80 com.rcreations.ipcamviewer.WebCamHelpActivity} defines no actions
W/PackageParser( 142): Intent filter for activity ActivityIntentInfo{43c9e178 com.rcreations.ipcamviewer.SettingsActivity} defines no actions
W/PackageParser( 142): Intent filter for activity ActivityIntentInfo{43c7aff8 com.rcreations.ipcamviewer.CamerasActivity} defines no actions
W/PackageParser( 142): Intent filter for activity ActivityIntentInfo{43c31718 com.rcreations.ipcamviewer.EditCameraActivity} defines no actions
W/PackageParser( 142): Intent filter for activity ActivityIntentInfo{43adba60 com.rcreations.ipcamviewer.WebActivity} defines no actions
W/PackageParser( 142): Intent filter for activity ActivityIntentInfo{43cc4040 com.rcreations.registration.PaypalActivity} defines no actions
I/dalvikvm( 142): DexOpt: mismatch dep signature for '/data/dalvik-cache/system@framework@android.policy.jar@classes.dex'
D/installd( 122): ZipAlign: --- BEGIN '/data/app/com.rcreations.ipcamviewer.apk' ---
D/installd( 122): ZipAlign: --- END '/data/app/com.rcreations.ipcamviewer.apk.tmp' (success) ---
D/installd( 122): DexInv: --- BEGIN '/data/app/com.rcreations.ipcamviewer.apk' ---
D/dalvikvm( 287): DexOpt: load 207ms, verify 2480ms, opt 95ms
D/installd( 122): DexInv: --- END '/data/app/com.rcreations.ipcamviewer.apk' (success) ---
I/dalvikvm( 142): DexOpt: mismatch dep signature for '/data/dalvik-cache/system@framework@android.policy.jar@classes.dex'
D/installd( 122): ZipAlign: --- BEGIN '/data/app/com.android.DroidLivePlayer.apk' ---
D/installd( 122): ZipAlign: --- END '/data/app/com.android.DroidLivePlayer.apk.tmp' (success) ---
D/installd( 122): DexInv: --- BEGIN '/data/app/com.android.DroidLivePlayer.apk' ---
D/dalvikvm( 289): DexOpt: load 118ms, verify 492ms, opt 20ms
D/installd( 122): DexInv: --- END '/data/app/com.android.DroidLivePlayer.apk' (success) ---
I/PackageParser( 142): Impliciting adding android.permission.WRITE_EXTERNAL_STORAGE to old pkg com.android.streamloader
I/PackageParser( 142): Impliciting adding android.permission.READ_PHONE_STATE to old pkg com.android.streamloader
I/dalvikvm( 142): DexOpt: mismatch dep signature for '/data/dalvik-cache/system@framework@android.policy.jar@classes.dex'
D/installd( 122): ZipAlign: --- BEGIN '/data/app/com.android.streamloader.apk' ---
D/installd( 122): ZipAlign: --- END '/data/app/com.android.streamloader.apk.tmp' (success) ---
D/installd( 122): DexInv: --- BEGIN '/data/app/com.android.streamloader.apk' ---
D/dalvikvm( 291): DexOpt: load 29ms, verify 37ms, opt 3ms
D/installd( 122): DexInv: --- END '/data/app/com.android.streamloader.apk' (success) ---
I/dalvikvm( 142): DexOpt: mismatch dep signature for '/data/dalvik-cache/system@framework@android.policy.jar@classes.dex'
D/installd( 122): ZipAlign: --- BEGIN '/data/app/com.wsl.CardioTrainer.apk' ---
D/installd( 122): ZipAlign: --- END '/data/app/com.wsl.CardioTrainer.apk.tmp' (success) ---
D/installd( 122): DexInv: --- BEGIN '/data/app/com.wsl.CardioTrainer.apk' ---
D/dalvikvm( 293): DexOpt: 'Landroid/location/IGpsStatusListener;' has an earlier definition; blocking out
D/dalvikvm( 293): DexOpt: 'Landroid/location/IGpsStatusListener$Stub$Proxy;' has an earlier definition; blocking out
D/dalvikvm( 293): DexOpt: 'Landroid/location/IGpsStatusListener$Stub;' has an earlier definition; blocking out
D/dalvikvm( 293): DexOpt: 'Landroid/location/ILocationListener;' has an earlier definition; blocking out
D/dalvikvm( 293): DexOpt: 'Landroid/location/ILocationListener$Stub$Proxy;' has an earlier definition; blocking out
D/dalvikvm( 293): DexOpt: 'Landroid/location/ILocationListener$Stub;' has an earlier definition; blocking out
D/dalvikvm( 293): DexOpt: 'Landroid/location/ILocationManager;' has an earlier definition; blocking out
D/dalvikvm( 293): DexOpt: 'Landroid/location/ILocationManager$Stub$Proxy;' has an earlier definition; blocking out
D/dalvikvm( 293): DexOpt: 'Landroid/location/ILocationManager$Stub;' has an earlier definition; blocking out
D/dalvikvm( 293): DexOpt: not verifying 'Landroid/location/IGpsStatusListener;': multiple definitions
D/dalvikvm( 293): DexOpt: not verifying 'Landroid/location/IGpsStatusListener$Stub$Proxy;': multiple definitions
D/dalvikvm( 293): DexOpt: not verifying 'Landroid/location/IGpsStatusListener$Stub;': multiple definitions
D/dalvikvm( 293): DexOpt: not verifying 'Landroid/location/ILocationListener;': multiple definitions
D/dalvikvm( 293): DexOpt: not verifying 'Landroid/location/ILocationListener$Stub$Proxy;': multiple definitions
D/dalvikvm( 293): DexOpt: not verifying 'Landroid/location/ILocationListener$Stub;': multiple definitions
D/dalvikvm( 293): DexOpt: not verifying 'Landroid/location/ILocationManager;': multiple definitions
D/dalvikvm( 293): DexOpt: not verifying 'Landroid/location/ILocationManager$Stub$Proxy;': multiple definitions
D/dalvikvm( 293): DexOpt: not verifying 'Landroid/location/ILocationManager$Stub;': multiple definitions
I/dalvikvm( 293): DexOpt: not resolving ambiguous class 'Landroid/location/IGpsStatusListener$Stub;'
I/dalvikvm( 293): DexOpt: not resolving ambiguous class 'Landroid/location/ILocationManager;'
D/dalvikvm( 293): DexOpt: load 555ms, verify 3679ms, opt 335ms
D/installd( 122): DexInv: --- END '/data/app/com.wsl.CardioTrainer.apk' (success) ---
I/dalvikvm( 142): DexOpt: mismatch dep signature for '/data/dalvik-cache/system@framework@android.policy.jar@classes.dex'
D/installd( 122): ZipAlign: --- BEGIN '/data/app/com.google.android.apps.maps.apk' ---
D/installd( 122): ZipAlign: --- END '/data/app/com.google.android.apps.maps.apk.tmp' (success) ---
D/installd( 122): DexInv: --- BEGIN '/data/app/com.google.android.apps.maps.apk' ---
D/dalvikvm( 295): DexOpt: load 545ms, verify 3886ms, opt 381ms
D/installd( 122): DexInv: --- END '/data/app/com.google.android.apps.maps.apk' (success) ---
D/dalvikvm( 142): GC freed 8722 objects / 500344 bytes in 183ms
I/PackageParser( 142): Impliciting adding android.permission.WRITE_EXTERNAL_STORAGE to old pkg com.androidemu.neslite
I/PackageParser( 142): Impliciting adding android.permission.READ_PHONE_STATE to old pkg com.androidemu.neslite
I/dalvikvm( 142): DexOpt: mismatch dep signature for '/data/dalvik-cache/system@framework@android.policy.jar@classes.dex'
D/installd( 122): ZipAlign: --- BEGIN '/data/app/com.androidemu.neslite.apk' ---
D/installd( 122): ZipAlign: --- END '/data/app/com.androidemu.neslite.apk.tmp' (success) ---
D/installd( 122): DexInv: --- BEGIN '/data/app/com.androidemu.neslite.apk' ---
D/dalvikvm( 297): DexOpt: load 74ms, verify 193ms, opt 3ms
D/installd( 122): DexInv: --- END '/data/app/com.androidemu.neslite.apk' (success) ---
I/dalvikvm( 142): DexOpt: mismatch dep signature for '/data/dalvik-cache/system@framework@android.policy.jar@classes.dex'
D/installd( 122): ZipAlign: --- BEGIN '/data/app/com.agilesoftresource.apk' ---
D/installd( 122): ZipAlign: --- END '/data/app/com.agilesoftresource.apk.tmp' (success) ---
D/installd( 122): DexInv: --- BEGIN '/data/app/com.agilesoftresource.apk' ---
D/dalvikvm( 299): DexOpt: load 168ms, verify 863ms, opt 38ms
D/installd( 122): DexInv: --- END '/data/app/com.agilesoftresource.apk' (success) ---
D/PackageManager( 142): Scanning app dir /data/app-private
I/PackageParser( 142): Impliciting adding android.permission.WRITE_EXTERNAL_STORAGE to old pkg com.fusetree.dilbert
I/PackageParser( 142): Impliciting adding android.permission.READ_PHONE_STATE to old pkg com.fusetree.dilbert
I/dalvikvm( 142): DexOpt: mismatch dep signature for '/data/dalvik-cache/system@framework@android.policy.jar@classes.dex'
D/installd( 122): ZipAlign: --- BEGIN '/data/app-private/com.fusetree.dilbert.apk' ---
D/installd( 122): ZipAlign: --- END '/data/app-private/com.fusetree.dilbert.apk.tmp' (success) ---
D/installd( 122): DexInv: --- BEGIN '/data/app-private/com.fusetree.dilbert.apk' ---
D/dalvikvm( 301): DexOpt: load 33ms, verify 93ms, opt 1ms
D/installd( 122): DexInv: --- END '/data/app-private/com.fusetree.dilbert.apk' (success) ---
I/PackageManager( 142): Time to scan packages: 255.767 seconds
W/PackageManager( 142): Not granting permission android.permission.ACCESS_FINE_LOCATION to package com.wsl.CardioTrainer because it was previously installed without
W/PackageManager( 142): Not granting permission android.permission.ACCESS_COARSE_LOCATION to package com.wsl.CardioTrainer because it was previously installed without
W/PackageManager( 142): Not granting permission android.permission.ACCESS_LOCATION_EXTRA_COMMANDS to package com.wsl.CardioTrainer because it was previously installed without
W/PackageManager( 142): Not granting permission android.permission.INTERNET to package com.wsl.CardioTrainer because it was previously installed without
W/PackageManager( 142): Not granting permission android.permission.ACCESS_NETWORK_STATE to package com.wsl.CardioTrainer because it was previously installed without
W/PackageManager( 142): Not granting permission android.permission.WAKE_LOCK to package com.wsl.CardioTrainer because it was previously installed without
W/PackageManager( 142): Not granting permission android.permission.WRITE_EXTERNAL_STORAGE to package com.wsl.CardioTrainer because it was previously installed without
W/PackageManager( 142): Not granting permission android.permission.INTERNET to package org.microemu.android.Browser because it was previously installed without
W/PackageManager( 142): Unknown permission android.permission.ADD_SYSTEM_SERVICE in package com.android.phone
W/PackageManager( 142): Not granting permission android.permission.ACCESS_DRM to package com.htc.android.mail (protectionLevel=2 flags=0x4445)
W/PackageManager( 142): Unknown permission android.permission.QUERY_DRM in package com.htc.android.mail
W/PackageManager( 142): Unknown permission android.webkit.permission.LOAD_FROM_LOCAL_FILE in package com.htc.android.mail
W/PackageManager( 142): Unknown permission android.permission.RECEIVE_EMAIL_NOTIFICATION in package com.htc.android.mail
W/PackageManager( 142): Not granting permission android.permission.INTERNET to package com.mobitv.client.sprinttv because it was previously installed without
W/PackageManager( 142): Not granting permission android.permission.WAKE_LOCK to package com.mobitv.client.sprinttv because it was previously installed without
W/PackageManager( 142): Not granting permission android.permission.ACCESS_NETWORK_STATE to package com.mobitv.client.sprinttv because it was previously installed without
W/PackageManager( 142): Not granting permission android.permission.CHANGE_WIFI_STATE to package com.mobitv.client.sprinttv because it was previously installed without
W/PackageManager( 142): Not granting permission android.permission.CHANGE_NETWORK_STATE to package com.mobitv.client.sprinttv because it was previously installed without
W/PackageManager( 142): Unknown permission com.sprint.internal.permission.SYSTEMPROPERTIES in package com.mobitv.client.sprinttv
W/PackageManager( 142): Not granting permission android.permission.READ_CONTACTS to package com.example.android.apis because it was previously installed without
W/PackageManager( 142): Not granting permission android.permission.WRITE_CONTACTS to package com.example.android.apis because it was previously installed without
W/PackageManager( 142): Not granting permission android.permission.CAMERA to package com.example.android.apis because it was previously installed without
W/PackageManager( 142): Not granting permission android.permission.VIBRATE to package com.example.android.apis because it was previously installed without
W/PackageManager( 142): Not granting permission android.permission.ACCESS_COARSE_LOCATION to package com.example.android.apis because it was previously installed without
W/PackageManager( 142): Not granting permission android.permission.INTERNET to package com.example.android.apis because it was previously installed without
W/PackageManager( 142): Not granting permission android.permission.INTERNET to package com.aws.android because it was previously installed without
W/PackageManager( 142): Not granting permission android.permission.ACCESS_COARSE_LOCATION to package com.aws.android because it was previously installed without
W/PackageManager( 142): Not granting permission android.permission.ACCESS_FINE_LOCATION to package com.aws.android because it was previously installed without
W/PackageManager( 142): Not granting permission android.permission.WAKE_LOCK to package com.aws.android because it was previously installed without
W/PackageManager( 142): Not granting permission android.permission.RECEIVE_BOOT_COMPLETED to package com.aws.android because it was previously installed without
W/PackageManager( 142): Not granting permission android.permission.ACCESS_NETWORK_STATE to package com.aws.android because it was previously installed without
W/PackageManager( 142): Not granting permission android.permission.READ_LOGS to package com.xtralogic.android.logcollector because it was previously installed without
W/PackageManager( 142): Not granting permission android.permission.ACCESS_FINE_LOCATION to package com.instamapper.gpstracker because it was previously installed without
W/PackageManager( 142): Not granting permission android.permission.PERSISTENT_ACTIVITY to package com.instamapper.gpstracker because it was previously installed without
W/PackageManager( 142): Not granting permission android.permission.INTERNET to package com.instamapper.gpstracker because it was previously installed without
W/PackageManager( 142): Not granting permission android.permission.RECEIVE_BOOT_COMPLETED to package com.instamapper.gpstracker because it was previously installed without
W/PackageManager( 142): Not granting permission android.permission.RECEIVE_SMS to package com.instamapper.gpstracker because it was previously installed without
W/PackageManager( 142): Not granting permission android.permission.WRITE_SETTINGS to package com.instamapper.gpstracker because it was previously installed without
W/PackageManager( 142): Not granting permission android.permission.WAKE_LOCK to package com.instamapper.gpstracker because it was previously installed without
W/PackageManager( 142): Not granting permission android.permission.WRITE_EXTERNAL_STORAGE to package com.agilesoftresource because it was previously installed without
W/PackageManager( 142): Not granting permission android.permission.WAKE_LOCK to package com.facebook.katana because it was previously installed without
W/PackageManager( 142): Not granting permission android.permission.INTERNET to package com.facebook.katana because it was previously installed without
W/PackageManager( 142): Not granting permission android.permission.VIBRATE to package com.facebook.katana because it was previously installed without
W/PackageManager( 142): Not granting permission android.permission.READ_CONTACTS to package com.facebook.katana because it was previously installed without
W/PackageManager( 142): Not granting permission android.permission.WRITE_CONTACTS to package com.facebook.katana because it was previously installed without
W/PackageManager( 142): Not granting permission android.permission.GET_ACCOUNTS to package com.facebook.katana because it was previously installed without
W/PackageManager( 142): Unknown permission android.permission.MANAGE_ACCOUNTS in package com.facebook.katana
W/PackageManager( 142): Unknown permission android.permission.AUTHENTICATE_ACCOUNTS in package com.facebook.katana
W/PackageManager( 142): Not granting permission android.permission.READ_SYNC_SETTINGS to package com.facebook.katana because it was previously installed without
W/PackageManager( 142): Not granting permission android.permission.WRITE_SYNC_SETTINGS to package com.facebook.katana because it was previously installed without
W/PackageManager( 142): Not granting permission android.permission.INTERNET to package com.mobitv.sprint.tvwidget because it was previously installed without
W/PackageManager( 142): Not granting permission android.permission.INTERNET to package com.eclipsim.gpsstatus2 because it was previously installed without
W/PackageManager( 142): Not granting permission android.permission.ACCESS_COARSE_LOCATION to package com.eclipsim.gpsstatus2 because it was previously installed without
W/PackageManager( 142): Not granting permission android.permission.ACCESS_FINE_LOCATION to package com.eclipsim.gpsstatus2 because it was previously installed without
W/PackageManager( 142): Not granting permission android.permission.INTERNET to package com.pandora.android because it was previously installed without
W/PackageManager( 142): Not granting permission android.permission.ACCESS_NETWORK_STATE to package com.pandora.android because it was previously installed without
W/PackageManager( 142): Not granting permission android.permission.ACCESS_WIFI_STATE to package com.pandora.android because it was previously installed without
W/PackageManager( 142): Unknown permission android.permission.ADD_SYSTEM_SERVICE in package com.pandora.android
W/PackageManager( 142): Not granting permission android.permission.WRITE_SETTINGS to package com.pandora.android because it was previously installed without
W/PackageManager( 142): Not granting permission android.permission.READ_CONTACTS to package com.pandora.android because it was previously installed without
W/PackageManager( 142): Not granting permission android.permission.WAKE_LOCK to package com.pandora.android because it was previously installed without
W/PackageManager( 142): Not granting permission android.permission.INTERNET to package com.code.i.music because it was previously installed without
W/PackageManager( 142): Not granting permission android.permission.READ_PHONE_STATE to package com.code.i.music because it was previously installed without
W/PackageManager( 142): Not granting permission android.permission.ACCESS_COARSE_LOCATION to package com.code.i.music because it was previously installed without
W/PackageManager( 142): Not granting permission android.permission.ACCESS_NETWORK_STATE to package com.code.i.music because it was previously installed without
W/PackageManager( 142): Not granting permission android.permission.WAKE_LOCK to package com.code.i.music because it was previously installed without
W/PackageManager( 142): Not granting permission android.permission.WRITE_EXTERNAL_STORAGE to package com.code.i.music because it was previously installed without
W/PackageManager( 142): Not granting permission android.permission.INTERNET to package com.rcreations.ipcamviewer because it was previously installed without
W/PackageManager( 142): Not granting permission android.permission.WAKE_LOCK to package com.rcreations.ipcamviewer because it was previously installed without
W/PackageManager( 142): Not granting permission android.permission.ACCESS_COARSE_LOCATION to package com.rcreations.ipcamviewer because it was previously installed without
W/PackageManager( 142): Unknown permission android.permission.INSTALL_DRM in package com.android.providers.downloads
W/PackageManager( 142): Not granting permission android.permission.INTERNET to package com.fusetree.dilbert because it was previously installed without
W/PackageManager( 142): Unknown permission android.permission.BACKUP_DATA in package com.android.inputmethod.latin
W/PackageManager( 142): Not granting permission android.permission.ACCESS_COARSE_LOCATION to package ki.wardrive because it was previously installed without
W/PackageManager( 142): Not granting permission android.permission.ACCESS_FINE_LOCATION to package ki.wardrive because it was previously installed without
W/PackageManager( 142): Unknown permission android.permission.ACCESS_GPS in package ki.wardrive
W/PackageManager( 142): Not granting permission android.permission.ACCESS_WIFI_STATE to package ki.wardrive because it was previously installed without
W/PackageManager( 142): Not granting permission android.permission.CHANGE_WIFI_STATE to package ki.wardrive because it was previously installed without
W/PackageManager( 142): Not granting permission android.permission.INTERNET to package ki.wardrive because it was previously installed without
W/PackageManager( 142): Not granting permission android.permission.WAKE_LOCK to package ki.wardrive because it was previously installed without
W/PackageManager( 142): Not granting permission android.permission.INTERNET to package com.bonfiremedia.android_wikimobile because it was previously installed without
W/PackageManager( 142): Not granting permission android.permission.ACCESS_NETWORK_STATE to package com.bonfiremedia.android_wikimobile because it was previously installed without
W/PackageManager( 142): Not granting permission android.permission.READ_PHONE_STATE to package com.bonfiremedia.android_wikimobile because it was previously installed without
W/PackageManager( 142): Not granting permission android.permission.INTERNET to package com.shazam.android because it was previously installed without
W/PackageManager( 142): Not granting permission android.permission.ACCESS_NETWORK_STATE to package com.shazam.android because it was previously installed without
W/PackageManager( 142): Not granting permission android.permission.RECORD_AUDIO to package com.shazam.android because it was previously installed without
W/PackageManager( 142): Not granting permission android.permission.READ_PHONE_STATE to package com.shazam.android because it was previously installed without
W/PackageManager( 142): Not granting permission android.permission.INTERNET to package com.blumedialab.television because it was previously installed without
W/PackageManager( 142): Not granting permission android.permission.WAKE_LOCK to package com.blumedialab.television because it was previously installed without
W/PackageManager( 142): Not granting permission android.permission.INTERNET to package com.avaw.luklukpro because it was previously installed without
W/PackageManager( 142): Not granting permission android.permission.ACCESS_NETWORK_STATE to package com.avaw.luklukpro because it was previously installed without
W/PackageManager( 142): Not granting permission android.permission.ACCESS_WIFI_STATE to package android.tether because it was previously installed without
W/PackageManager( 142): Not granting permission android.permission.CHANGE_WIFI_STATE to package android.tether because it was previously installed without
W/PackageManager( 142): Not granting permission android.permission.WAKE_LOCK to package android.tether because it was previously installed without
W/PackageManager( 142): Not granting permission android.permission.WRITE_SYNC_SETTINGS to package android.tether because it was previously installed without
W/PackageManager( 142): Not granting permission android.permission.READ_SYNC_SETTINGS to package android.tether because it was previously installed without
W/PackageManager( 142): Not granting permission android.permission.ACCESS_NETWORK_STATE to package android.tether because it was previously installed without
W/PackageManager( 142): Not granting permission android.permission.INTERNET to package android.tether because it was previously installed without
W/PackageManager( 142): Not granting permission android.permission.BLUETOOTH to package android.tether because it was previously installed without
W/PackageManager( 142): Not granting permission android.permission.BLUETOOTH_ADMIN to package android.tether because it was previously installed without
W/PackageManager( 142): Not granting permission android.permission.VIBRATE to package android.tether because it was previously installed without
W/PackageManager( 142): Not granting permission android.permission.CAMERA to package com.google.zxing.client.android because it was previously installed without
W/PackageManager( 142): Not granting permission android.permission.READ_CONTACTS to package com.google.zxing.client.android because it was previously installed without
W/PackageManager( 142): Not granting permission android.permission.WRITE_CONTACTS to package com.google.zxing.client.android because it was previously installed without
W/PackageManager( 142): Not granting permission android.permission.INTERNET to package com.google.zxing.client.android because it was previously installed without
W/PackageManager( 142): Not granting permission com.android.browser.permission.READ_HISTORY_BOOKMARKS to package com.google.zxing.client.android because it was previously installed without
W/PackageManager( 142): Not granting permission android.permission.VIBRATE to package com.google.zxing.client.android because it was previously installed without
W/PackageManager( 142): Not granting permission android.permission.INTERNET to package com.android.DroidLivePlayer because it was previously installed without
W/PackageManager( 142): Not granting permission android.permission.VIBRATE to package com.android.DroidLivePlayer because it was previously installed without
W/PackageManager( 142): Not granting permission android.permission.READ_PHONE_STATE to package com.android.DroidLivePlayer because it was previously installed without
W/PackageManager( 142): Not granting permission android.permission.ACCESS_NETWORK_STATE to package com.android.DroidLivePlayer because it was previously installed without
W/PackageManager( 142): Not granting permission android.permission.ACCESS_WIFI_STATE to package com.android.DroidLivePlayer because it was previously installed without
W/PackageManager( 142): Not granting permission android.permission.WRITE_EXTERNAL_STORAGE to package com.android.DroidLivePlayer because it was previously installed without
W/PackageManager( 142): Not granting permission android.permission.ACCESS_WIFI_STATE to package com.google.android.netmeter because it was previously installed without
W/PackageManager( 142): Not granting permission android.permission.ACCESS_NETWORK_STATE to package com.google.android.netmeter because it was previously installed without
W/PackageManager( 142): Not granting permission android.permission.WAKE_LOCK to package com.metago.astro because it was previously installed without
W/PackageManager( 142): Not granting permission android.permission.GET_TASKS to package com.metago.astro because it was previously installed without
W/PackageManager( 142): Not granting permission android.permission.RESTART_PACKAGES to package com.metago.astro because it was previously installed without
W/PackageManager( 142): Not granting permission android.permission.INTERNET to package com.metago.astro because it was previously installed without
W/PackageManager( 142): Not granting permission android.permission.WRITE_EXTERNAL_STORAGE to package com.metago.astro because it was previously installed without
W/PackageManager( 142): Not granting permission com.android.launcher.permission.INSTALL_SHORTCUT to package com.metago.astro because it was previously installed without
W/PackageManager( 142): Not granting permission com.android.launcher.permission.READ_SETTINGS to package com.metago.astro because it was previously installed without
W/PackageManager( 142): Not granting permission com.android.launcher.permission.WRITE_SETTINGS to package com.metago.astro because it was previously installed without
W/PackageManager( 142): Not granting permission android.permission.INTERNET to package org.slideme.android.v2.manager because it was previously installed without
D/dalvikvm( 142): GC freed 6572 objects / 547336 bytes in 158ms
I/SystemServer( 142): Content Manager
I/SystemServer( 142): System Content Providers
I/ActivityThread( 142): Publishing provider settings: com.android.providers.settings.SettingsProvider
