I/ActivityThread( 142): Publishing provider android.server.checkin: com.google.android.server.checkin.CheckinProvider
I/ActivityThread( 142): Publishing provider subscribedfeeds: com.android.providers.subscribedfeeds.GoogleSubscribedFeedsProvider
I/SystemServer( 142): Battery Service
I/SystemServer( 142): Hardware Service
W/HAL ( 142): load: module=/system/lib/hw/lights.trout.so error=Cannot load library: load_library[1052]: Library '/system/lib/hw/lights.trout.so' not found
W/HAL ( 142): load: module=/system/lib/hw/lights.trout.so error=Cannot load library: load_library[1052]: Library '/system/lib/hw/lights.trout.so' not found
I/SystemServer( 142): Alarm Manager
I/SystemServer( 142): Init Watchdog
I/SystemServer( 142): Sensor Service
I/SystemServer( 142): Window Manager
I/dalvikvm( 142): Could not find method android.view.WindowManagerPolicy.keyFeedbackFromInput, referenced from method com.android.server.WindowManagerService.virtualKeyFeedback
W/dalvikvm( 142): VFY: unable to resolve interface method 1066: Landroid/view/WindowManagerPolicy;.keyFeedbackFromInput (Landroid/view/KeyEvent;)V
D/dalvikvm( 142): VFY: replacing opcode 0x72 at 0x0002
D/dalvikvm( 142): Making a copy of Lcom/android/server/WindowManagerService;.virtualKeyFeedback code (28 bytes)
I/dalvikvm( 142): Could not find method android.view.WindowManagerPolicy.allowKeyRepeat, referenced from method com.android.server.WindowManagerService$InputDispatcherThread.process
W/dalvikvm( 142): VFY: unable to resolve interface method 1045: Landroid/view/WindowManagerPolicy;.allowKeyRepeat ()Z
D/dalvikvm( 142): VFY: replacing opcode 0x72 at 0x003f
D/dalvikvm( 142): Making a copy of Lcom/android/server/WindowManagerService$InputDispatcherThread;.process code (1087 bytes)
I/EventHub( 142): New device: path=/dev/input/event4 name=compass id=0x10000 (of 0x1) index=1 fd=60 classes=0x0
I/EventHub( 142): New device: path=/dev/input/event3 name=trout-keypad-v3 id=0x10001 (of 0x2) index=2 fd=61 classes=0x3
I/EventHub( 142): New keyboard: publicID=0 device->id=65537 devname='trout-keypad-v3' propName='hw.keyboards.0.devname' keylayout='/system/usr/keylayout/trout-keypad-v3.kl'
I/EventHub( 142): New device: path=/dev/input/event2 name=trout-nav id=0x10002 (of 0x3) index=3 fd=62 classes=0x8
I/EventHub( 142): New device: path=/dev/input/event1 name=synaptics-rmi-touchscreen id=0x10003 (of 0x4) index=4 fd=63 classes=0x4
I/EventHub( 142): New device: path=/dev/input/event0 name=h2w headset id=0x10004 (of 0x5) index=5 fd=64 classes=0x1
I/EventHub( 142): New keyboard: publicID=65540 device->id=65540 devname='h2w headset' propName='hw.keyboards.65540.devname' keylayout='/system/usr/keylayout/h2w_headset.kl'
I/KeyInputQueue( 142): Device added: id=0x10004, name=h2w headset, classes=1
I/dalvikvm( 142): Could not find method android.view.MotionEvent.addBatch, referenced from method com.android.server.InputDevice$MotionState.generateAbsMotion
W/dalvikvm( 142): VFY: unable to resolve virtual method 946: Landroid/view/MotionEvent;.addBatch (J[FI)V
D/dalvikvm( 142): VFY: replacing opcode 0x6e at 0x0209
D/dalvikvm( 142): Making a copy of Lcom/android/server/InputDevice$MotionState;.generateAbsMotion code (1288 bytes)
I/dalvikvm( 142): Could not find method android.view.MotionEvent.obtainNano, referenced from method com.android.server.InputDevice$MotionState.generateAbsMotion
W/dalvikvm( 142): VFY: unable to resolve static method 957: Landroid/view/MotionEvent;.obtainNano (JJJII[I[FIFFII)Landroid/view/MotionEvent;
D/dalvikvm( 142): VFY: replacing opcode 0x77 at 0x0253
I/dalvikvm( 142): Could not find method android.view.MotionEvent.addBatch, referenced from method com.android.server.InputDevice$MotionState.generateRelMotion
W/dalvikvm( 142): VFY: unable to resolve virtual method 946: Landroid/view/MotionEvent;.addBatch (J[FI)V
D/dalvikvm( 142): VFY: replacing opcode 0x6e at 0x0095
D/dalvikvm( 142): Making a copy of Lcom/android/server/InputDevice$MotionState;.generateRelMotion code (576 bytes)
I/dalvikvm( 142): Could not find method android.view.MotionEvent.obtainNano, referenced from method com.android.server.InputDevice$MotionState.generateRelMotion
W/dalvikvm( 142): VFY: unable to resolve static method 957: Landroid/view/MotionEvent;.obtainNano (JJJII[I[FIFFII)Landroid/view/MotionEvent;
D/dalvikvm( 142): VFY: replacing opcode 0x77 at 0x00fe
I/KeyInputQueue( 142): Device added: id=0x10003, name=null, classes=4
I/KeyInputQueue( 142): X: min=80 max=3400 flat=0 fuzz=0
I/KeyInputQueue( 142): Y: min=32 max=5336 flat=0 fuzz=0
I/KeyInputQueue( 142): Pressure: min=0 max=255 flat=0 fuzz=0
I/KeyInputQueue( 142): Size: min=0 max=1 flat=0 fuzz=0
I/KeyInputQueue( 142): No virtual keys found
I/KeyInputQueue( 142): Device added: id=0x10002, name=null, classes=8
I/KeyInputQueue( 142): Device added: id=0x0, name=trout-keypad-v3, classes=3
I/KeyInputQueue( 142): Ignoring non-input device: id=0x10000, name=null
D/SensorManager( 142): found sensor: AK8976A 3-axis Accelerometer, handle=0
D/SensorManager( 142): found sensor: AK8976A 3-axis Magnetic field sensor, handle=1
D/SensorManager( 142): found sensor: AK8976A Orientation sensor, handle=2
D/SensorManager( 142): found sensor: AK8976A Temperature sensor, handle=3
I/SystemServer( 142): Starting Bluetooth Service.
I/BluetoothFTPService.cpp( 142): initNative
I/BluetoothOppService.cpp( 142): initNative
D/BluetoothDeviceService( 142): Bluetooth state 0 -> 1
I/SystemServer( 142): Status Bar
I/bluedroid( 142): Starting hciattach daemon
I/SystemServer( 142): Clipboard Service
I/SystemServer( 142): Input Method Service
W/ResourceType( 142): No package identifier when getting value for resource number 0x7f060001
I/InputManagerService( 142): Enabled input methods: com.android.inputmethod.latin/.LatinIME
I/SystemServer( 142): NetStat Service
I/SystemServer( 142): Connectivity Service
I/WifiService( 142): WifiService starting up with Wi-Fi enabled
I/bluedroid( 142): Starting hcid deamon
I/bluedroid( 142): Starting obex deamon
I/bluedroid( 142): Starting obex client
E/obexd ( 317): Enabling debug information
E/obexd ( 317): manager_init:
E/obexd ( 317): Loading plugins /data/obex
E/obexd ( 317): FindAdapter(hci0)
E/obexd ( 317): FindAdapter(hci0)
E/obexd ( 317): Bluetooth server register failed: Address already in use(98)
E/obexd ( 317): Bluetooth server register failed: Address already in use(98)
E/obexd ( 317): Registered: Object Push server, handle: 0x10002, folder: /sdcard/bluetooth
E/obexd ( 317): Registered: File Transfer server, handle: 0x10003, folder: /sdcard/bluetooth
E/wpa_supplicant( 327): Set_key: Wrong Key
E/wpa_supplicant( 327): Set_key: Wrong Key
E/wpa_supplicant( 327): Set_key: Wrong Key
E/wpa_supplicant( 327): Set_key: Wrong Key
V/WifiMonitor( 142): Event [CTRL-EVENT-STATE-CHANGE id=-1 state=2]
D/BluetoothEventLoop.cpp( 142): Qualcomm proprietary Bluetooth OBEX: enabled.
E/obexd ( 317): Agent registered
I/BluetoothOppService.cpp( 142): opp_event_filter
I/BluetoothFTPService.cpp( 142): ftp_event_filter
D/BluetoothDeviceService( 142): found 1 bonded devices
D/BluetoothDeviceService( 142): Bluetooth state 1 -> 2
I/SystemServer( 142): Accessibility Manager
I/SystemServer( 142): Notification Manager
I/SystemServer( 142): Mount Service
V/WifiStateTracker( 142): Connection to supplicant established, state=SCANNING
I/SystemServer( 142): Device Storage Monitor
E/wpa_supplicant( 327): prepare_filter_struct: type=3
E/wpa_supplicant( 327): prepare_filter_struct: type=1
E/wpa_supplicant( 327): prepare_filter_struct: type=0
E/wpa_supplicant( 327): prepare_filter_struct: type=0
E/wpa_supplicant( 327): prepare_filter_struct: type=1
E/wpa_supplicant( 327): prepare_filter_struct: type=3
V/WifiStateTracker( 142): Changing supplicant state: SCANNING ==> SCANNING
I/SystemServer( 142): Location Manager
I/SystemServer( 142): Search Service
I/SystemServer( 142): Checkin Service
I/SystemServer( 142): Starting Wallpaper Service
D/WallpaperService( 142): WallpaperService startup
I/SystemServer( 142): Audio Service
D/GpsLocationProvider( 142): enable
D/AudioHardwareMSM72XX( 120): setVoiceVolume(0.200000)
I/AudioHardwareMSM72XX( 120): Setting in-call volume to 1 (available range is 0 to 5)
V/WifiMonitor( 142): Event [Trying to associate with 00:1e:58:2e:b0:49 (SSID='dlink' freq=2412 MHz)]
V/WifiMonitor( 142): Event [CTRL-EVENT-STATE-CHANGE id=-1 state=3]
V/WifiStateTracker( 142): Changing supplicant state: SCANNING ==> ASSOCIATING
D/AudioHardwareMSM72XX( 120): setVoiceVolume(1.000000)
I/AudioHardwareMSM72XX( 120): Setting in-call volume to 5 (available range is 0 to 5)
D/dalvikvm( 142): Trying to load lib /system/lib/libsoundpool.so 0x0
D/GpsLocationProvider( 142): GpsEventThread starting
D/dalvikvm( 142): Added shared lib /system/lib/libsoundpool.so 0x0
I/SystemServer( 142): Headset Observer
I/SystemServer( 142): AppWidget Service
D/GpsLocationProvider( 142): NetworkThread starting
D/GpsLocationProvider( 142): NetworkThread wait for network
W/dalvikvm( 142): No implementation found for native Lcom/android/server/KeyInputQueue;.nativeGetKeycodeState (I)I
W/dalvikvm( 142): threadid=15: thread exiting with uncaught exception (group=0x4001e170)
E/AndroidRuntime( 142): Uncaught handler: thread android.server.ServerThread exiting due to uncaught exception
E/AndroidRuntime( 142): *** EXCEPTION IN SYSTEM PROCESS. System will crash.
E/AndroidRuntime( 142): java.lang.UnsatisfiedLinkError: nativeGetKeycodeState
E/AndroidRuntime( 142): at com.android.server.KeyInputQueue.nativeGetKeycodeState(Native Method)
E/AndroidRuntime( 142): at com.android.server.KeyInputQueue.getKeycodeState(KeyInputQueue.java:379)
E/AndroidRuntime( 142): at com.android.server.WindowManagerService.getKeycodeState(WindowManagerService.java:3265)
E/AndroidRuntime( 142): at com.android.internal.policy.impl.PhoneWindowManager.detectSafeMode(PhoneWindowManager.java:1747)
E/AndroidRuntime( 142): at com.android.server.WindowManagerService.detectSafeMode(WindowManagerService.java:5248)
E/AndroidRuntime( 142): at com.android.server.ServerThread.run(SystemServer.java:384)
E/AndroidRuntime( 142): Crash logging skipped, no checkin service
I/Process ( 142): Sending signal. PID: 142 SIG: 9
I/ServiceManager( 115): service 'battery' died
I/ServiceManager( 115): service 'hardware' died
I/ServiceManager( 115): service 'SurfaceFlinger' died
I/ServiceManager( 115): service 'package' died
I/ServiceManager( 115): service 'activity.services' died
I/ServiceManager( 115): service 'entropy' died
I/ServiceManager( 115): service 'telephony.registry' died
I/ServiceManager( 115): service 'content' died
I/ServiceManager( 115): service 'meminfo' died
I/ServiceManager( 115): service 'activity' died
I/ServiceManager( 115): service 'permission' died
I/ServiceManager( 115): service 'batteryinfo' died
I/ServiceManager( 115): service 'usagestats' died
I/ServiceManager( 115): service 'power' died
I/ServiceManager( 115): service 'activity.providers' died
I/ServiceManager( 115): service 'activity.senders' died
I/ServiceManager( 115): service 'cpuinfo' died
I/ServiceManager( 115): service 'activity.broadcasts' died
I/ServiceManager( 115): service 'alarm' died
I/ServiceManager( 115): service 'sensor' died
I/ServiceManager( 115): service 'window' died
I/ServiceManager( 115): service 'bluetooth' died
I/ServiceManager( 115): service 'bluetooth_a2dp' died
I/ServiceManager( 115): service 'bluetooth_ftp' died
I/ServiceManager( 115): service 'bluetooth_opp' died
I/ServiceManager( 115): service 'statusbar' died
I/ServiceManager( 115): service 'clipboard' died
I/ServiceManager( 115): service 'input_method' died
I/ServiceManager( 115): service 'netstat' died
I/ServiceManager( 115): service 'wifi' died
I/ServiceManager( 115): service 'connectivity' died
I/ServiceManager( 115): service 'accessibility' died
I/ServiceManager( 115): service 'notification' died
I/ServiceManager( 115): service 'mount' died
I/ServiceManager( 115): service 'devicestoragemonitor' died
I/ServiceManager( 115): service 'search' died
I/ServiceManager( 115): service 'location' died
I/ServiceManager( 115): service 'wallpaper' died
I/ServiceManager( 115): service 'audio' died
I/ServiceManager( 115): service 'appwidget' died
E/installd( 122): eof
E/installd( 122): failed to read size
I/installd( 122): closing connection
E/obexd ( 317): Agent exited
I/Zygote ( 119): Exit zygote because system server (142) has terminated
D/AndroidRuntime( 347):
D/AndroidRuntime( 347): >>>>>>>>>>>>>> AndroidRuntime START <<<<<<<<<<<<<<
D/AndroidRuntime( 347): CheckJNI is OFF
D/AndroidRuntime( 347): --- registering native functions ---
I/BluetoothOppService.cpp( 347): register_android_server_BluetoothOppService
I/Zygote ( 347): Preloading classes...
D/dalvikvm( 347): GC freed 805 objects / 51280 bytes in 6ms
D/dalvikvm( 347): GC freed 245 objects / 14320 bytes in 6ms
D/dalvikvm( 347): GC freed 217 objects / 14008 bytes in 7ms
D/dalvikvm( 347): GC freed 511 objects / 32192 bytes in 13ms
D/skia ( 347): ------ build_power_table 1.4
D/skia ( 347): ------ build_power_table 0.714286
D/dalvikvm( 347): Trying to load lib /system/lib/libexif.so 0x0
D/dalvikvm( 347): Added shared lib /system/lib/libexif.so 0x0
D/dalvikvm( 347): Trying to load lib /system/lib/libFFTEm.so 0x0
D/dalvikvm( 347): Added shared lib /system/lib/libFFTEm.so 0x0
D/dalvikvm( 347): Trying to load lib /system/lib/libmedia_jni.so 0x0
D/dalvikvm( 347): Added shared lib /system/lib/libmedia_jni.so 0x0
D/dalvikvm( 347): Trying to load lib /system/lib/libmedia_jni.so 0x0
D/dalvikvm( 347): Shared lib '/system/lib/libmedia_jni.so' already loaded in same CL 0x0
I/dalvikvm( 347): threadid=3: recursive native library load attempt (/system/lib/libmedia_jni.so)
D/dalvikvm( 347): Trying to load lib /system/lib/libmedia_jni.so 0x0
D/dalvikvm( 347): Shared lib '/system/lib/libmedia_jni.so' already loaded in same CL 0x0
I/dalvikvm( 347): threadid=3: recursive native library load attempt (/system/lib/libmedia_jni.so)
D/dalvikvm( 347): Trying to load lib /system/lib/libmedia_jni.so 0x0
D/dalvikvm( 347): Shared lib '/system/lib/libmedia_jni.so' already loaded in same CL 0x0
I/dalvikvm( 347): threadid=3: recursive native library load attempt (/system/lib/libmedia_jni.so)
D/dalvikvm( 347): GC freed 324 objects / 21216 bytes in 9ms
D/dalvikvm( 347): GC freed 3695 objects / 189536 bytes in 21ms
D/dalvikvm( 347): GC freed 389 objects / 22872 bytes in 18ms
D/dalvikvm( 347): GC freed 154 objects / 8360 bytes in 20ms
D/dalvikvm( 347): GC freed 231 objects / 12928 bytes in 21ms
D/dalvikvm( 347): Trying to load lib /system/lib/libsrec_jni.so 0x0
D/dalvikvm( 347): Added shared lib /system/lib/libsrec_jni.so 0x0
D/dalvikvm( 347): Trying to load lib /system/lib/libsrec_jni.so 0x0
D/dalvikvm( 347): Shared lib '/system/lib/libsrec_jni.so' already loaded in same CL 0x0
D/dalvikvm( 347): GC freed 259 objects / 33304 bytes in 26ms
D/dalvikvm( 347): GC freed 769 objects / 47352 bytes in 33ms
D/dalvikvm( 347): GC freed 317 objects / 20768 bytes in 34ms
D/dalvikvm( 347): Trying to load lib /system/lib/libwebcore.so 0x0
D/dalvikvm( 347): Added shared lib /system/lib/libwebcore.so 0x0
D/dalvikvm( 347): GC freed 365 objects / 20816 bytes in 35ms
D/dalvikvm( 347): GC freed 431 objects / 29928 bytes in 36ms
D/dalvikvm( 347): GC freed 282 objects / 18216 bytes in 43ms
D/dalvikvm( 347): GC freed 2985 objects / 189928 bytes in 47ms
D/dalvikvm( 347): GC freed 676 objects / 36648 bytes in 46ms
D/dalvikvm( 347): GC freed 735 objects / 40904 bytes in 46ms
D/dalvikvm( 347): GC freed 12775 objects / 455968 bytes in 58ms
D/dalvikvm( 347): GC freed 11308 objects / 486704 bytes in 61ms
D/dalvikvm( 347): GC freed 9763 objects / 446504 bytes in 65ms
D/dalvikvm( 347): GC freed 8608 objects / 505760 bytes in 66ms
D/dalvikvm( 347): GC freed 8328 objects / 500240 bytes in 66ms
D/dalvikvm( 347): GC freed 8505 objects / 495504 bytes in 67ms
D/dalvikvm( 347): GC freed 2461 objects / 134392 bytes in 63ms
D/dalvikvm( 347): GC freed 803 objects / 48032 bytes in 63ms
D/dalvikvm( 347): GC freed 540 objects / 38952 bytes in 63ms
D/dalvikvm( 347): GC freed 454 objects / 30976 bytes in 64ms
D/dalvikvm( 347): GC freed 426 objects / 29840 bytes in 69ms
I/Zygote ( 347): ...preloaded 1514 classes in 9596ms.
D/dalvikvm( 347): GC freed 125 objects / 15384 bytes in 69ms
I/Zygote ( 347): Preloading resources...
D/dalvikvm( 347): GC freed 5 objects / 224 bytes in 66ms
D/dalvikvm( 347): GC freed 327 objects / 16632 bytes in 66ms
D/dalvikvm( 347): GC freed 121 objects / 4808 bytes in 65ms
D/dalvikvm( 347): GC freed 158 objects / 8088 bytes in 71ms
I/Zygote ( 347): ...preloaded 48 resources in 749ms.
I/Zygote ( 347): ...preloaded 15 resources in 24ms.
D/dalvikvm( 347): GC freed 114 objects / 8656 bytes in 67ms
D/dalvikvm( 347): GC freed 206 objects / 8056 bytes in 65ms
D/dalvikvm( 347): GC freed 24 objects / 952 bytes in 66ms
I/dalvikvm( 347): Splitting out new zygote heap
I/dalvikvm( 347): System server process 348 has been created
I/Zygote ( 347): Accepting command socket connections
D/dalvikvm( 348): Trying to load lib /system/lib/libandroid_servers.so 0x0
D/dalvikvm( 348): Added shared lib /system/lib/libandroid_servers.so 0x0
W/dalvikvm( 348): Unable to register: not native: Lcom/android/server/KeyInputQueue;.getScancodeState (I)I
E/JNIHelp ( 348): RegisterNatives failed for 'com/android/server/KeyInputQueue'
I/sysproc ( 348): Entered system_init()
I/sysproc ( 348): ServiceManager: 0x10ae90
I/SurfaceFlinger( 348): SurfaceFlinger is starting
I/SurfaceFlinger( 348): SurfaceFlinger's main thread ready to run. Initializing graphics H/W...
D/SurfaceFlinger( 348): pid 348 requesting gpu core (owner = -1)
W/SurfaceFlinger( 348): couldn't grant gpu core to pid 348
D/EGL ( 348): requestGPU returned -1
E/libEGL ( 348): h/w accelerated eglGetDisplay() failed (EGL_SUCCESS)
I/SurfaceFlinger( 348): EGL informations:
I/SurfaceFlinger( 348): # of configs : 6
I/SurfaceFlinger( 348): vendor : Android
I/SurfaceFlinger( 348): version : 1.31 Android META-EGL
I/SurfaceFlinger( 348): extensions:
I/SurfaceFlinger( 348): Client API: OpenGL ES
I/EGLDisplaySurface( 348): using (fd=23)
I/EGLDisplaySurface( 348): id = msmfb
I/EGLDisplaySurface( 348): xres = 320 px
I/EGLDisplaySurface( 348): yres = 480 px
I/EGLDisplaySurface( 348): xres_virtual = 320 px
I/EGLDisplaySurface( 348): yres_virtual = 960 px
I/EGLDisplaySurface( 348): bpp = 16
I/EGLDisplaySurface( 348): r = 11:5
I/EGLDisplaySurface( 348): g = 5:6
I/EGLDisplaySurface( 348): b = 0:5
I/EGLDisplaySurface( 348): width = 45 mm (180.622223 dpi)
I/EGLDisplaySurface( 348): height = 67 mm (181.970154 dpi)
I/EGLDisplaySurface( 348): refresh rate = 60.00 Hz
W/HAL ( 348): load: module=/system/lib/hw/copybit.trout.so error=Cannot load library: load_library[1052]: Library '/system/lib/hw/copybit.trout.so' not found
W/HAL ( 348): load: module=/system/lib/hw/copybit.trout.so error=Cannot load library: load_library[1052]: Library '/system/lib/hw/copybit.trout.so' not found
I/SurfaceFlinger( 348): OpenGL informations:
I/SurfaceFlinger( 348): vendor : Android
I/SurfaceFlinger( 348): renderer : Android PixelFlinger 1.0
I/SurfaceFlinger( 348): version : OpenGL ES-CM 1.0
I/SurfaceFlinger( 348): extensions: GL_OES_byte_coordinates GL_OES_fixed_point GL_OES_single_precision GL_OES_read_format GL_OES_compressed_paletted_texture GL_OES_draw_texture GL_OES_matrix_get GL_OES_query_matrix GL_ARB_texture_compression GL_ARB_texture_non_power_of_two GL_ANDROID_direct_texture GL_ANDROID_user_clip_plane GL_ANDROID_vertex_buffer_object GL_ANDROID_generate_mipmap
W/HAL ( 348): load: module=/system/lib/hw/copybit.trout.so error=Cannot load library: load_library[1052]: Library '/system/lib/hw/copybit.trout.so' not found
W/HAL ( 348): load: module=/system/lib/hw/copybit.trout.so error=Cannot load library: load_library[1052]: Library '/system/lib/hw/copybit.trout.so' not found
W/HAL ( 348): load: module=/system/lib/hw/overlay.trout.so error=Cannot load library: load_library[1052]: Library '/system/lib/hw/overlay.trout.so' not found
W/HAL ( 348): load: module=/system/lib/hw/overlay.trout.so error=Cannot load library: load_library[1052]: Library '/system/lib/hw/overlay.trout.so' not found
W/HAL ( 348): load: module=/system/lib/hw/overlay.msm7k.so error=Cannot load library: load_library[1052]: Library '/system/lib/hw/overlay.msm7k.so' not found
W/HAL ( 348): load: module=/system/lib/hw/overlay.default.so error=Cannot load library: load_library[1052]: Library '/system/lib/hw/overlay.default.so' not found
I/sysproc ( 348): System server: starting Android runtime.
I/sysproc ( 348): System server: starting Android services.
I/SystemServer( 348): Entered the Android system server!
I/sysproc ( 348): System server: entering thread pool.
I/SystemServer( 348): Entropy Service
V/RandomBlock( 348): reading from file /data/system/entropy.dat
V/RandomBlock( 348): writing to file /dev/urandom
V/RandomBlock( 348): reading from file /dev/urandom
V/RandomBlock( 348): writing to file /data/system/entropy.dat
I/SystemServer( 348): Power Manager
I/SystemServer( 348): Activity Manager
I/ActivityManager( 348): Memory class: 16
I/SystemServer( 348): Telephony Registry
I/SystemServer( 348): Package Manager
I/Installer( 348): connecting...
I/installd( 122): new connection
I/PackageManager( 348): Got library com.google.android.gtalkservice in /system/framework/com.google.android.gtalkservice.jar
I/PackageManager( 348): Got library com.google.android.maps in /system/framework/com.google.android.maps.jar
D/dalvikvm( 348): GC freed 3061 objects / 230008 bytes in 97ms
I/PackageManager( 348): Got library android.test.runner in /system/framework/android.test.runner.jar
I/PackageManager( 348): Got library com.android.im.plugin in /system/framework/com.android.im.plugin.jar
D/dalvikvm( 348): GC freed 5655 objects / 353408 bytes in 112ms
D/PackageManager( 348): Scanning app dir /system/framework
V/PackageParser( 348): android:backupAgent = com.android.internal.backup.SystemBackupAgent from android+com.android.internal.backup.SystemBackupAgent
D/PackageManager( 348): Scanning app dir /system/app
V/PackageParser( 348): android:backupAgent = com.android.inputmethod.latin.LatinIMEBackupAgent from com.android.inputmethod.latin+LatinIMEBackupAgent
I/PackageParser( 348): Impliciting adding android.permission.WRITE_EXTERNAL_STORAGE to old pkg com.htc.android.mail
D/dalvikvm( 348): GC freed 5984 objects / 289928 bytes in 109ms
I/PackageParser( 348): Impliciting adding android.permission.WRITE_EXTERNAL_STORAGE to old pkg com.google.android.youtube
V/PackageParser( 348): android:backupAgent = com.android.browser.BrowserBackupAgent from com.android.browser+.BrowserBackupAgent
E/PackageManager( 348): Package com.android.browser requires unavailable shared library com.cyanogenmod.android; ignoring!
V/PackageParser( 348): android:backupAgent = com.android.providers.settings.SettingsBackupAgent from com.android.providers.settings+SettingsBackupAgent
D/dalvikvm( 348): GC freed 4651 objects / 262608 bytes in 123ms
W/PackageParser( 348): Intent filter for activity ActivityIntentInfo{43ae2cf8 com.android.camera.ReviewImage} defines no actions
E/PackageManager( 348): Package com.android.camera requires unavailable shared library com.cyanogenmod.android; ignoring!
I/PackageParser( 348): Impliciting adding android.permission.WRITE_EXTERNAL_STORAGE to old pkg com.google.android.marvin.kickback
I/PackageParser( 348): Impliciting adding android.permission.READ_PHONE_STATE to old pkg com.google.android.marvin.kickback
I/PackageParser( 348): Impliciting adding android.permission.WRITE_EXTERNAL_STORAGE to old pkg com.google.android.marvin.soundback
I/PackageParser( 348): Impliciting adding android.permission.READ_PHONE_STATE to old pkg com.google.android.marvin.soundback
I/PackageParser( 348): Impliciting adding android.permission.WRITE_EXTERNAL_STORAGE to old pkg com.google.android.apps.maps
I/PackageManager( 348): /system/app/Maps.apk changed; collecting certs
D/dalvikvm( 348): GC freed 5594 objects / 342368 bytes in 122ms
D/dalvikvm( 348): GC freed 3884 objects / 432216 bytes in 122ms
W/PackageManager( 348): Package:com.google.android.apps.maps has been updated. Ignoring the one from path:/system/app/Maps.apk
I/PackageParser( 348): Impliciting adding android.permission.WRITE_EXTERNAL_STORAGE to old pkg com.google.android.apps.uploader
I/PackageParser( 348): Impliciting adding android.permission.READ_PHONE_STATE to old pkg com.google.android.apps.uploader
I/PackageParser( 348): Impliciting adding android.permission.WRITE_EXTERNAL_STORAGE to old pkg com.htc.fieldtest
I/PackageParser( 348): Impliciting adding android.permission.READ_PHONE_STATE to old pkg com.htc.fieldtest
D/PackageManager( 348): Scanning app dir /data/app
I/PackageParser( 348): Impliciting adding android.permission.WRITE_EXTERNAL_STORAGE to old pkg com.xtralogic.android.logcollector
I/PackageParser( 348): Impliciting adding android.permission.READ_PHONE_STATE to old pkg com.xtralogic.android.logcollector
I/PackageParser( 348): Impliciting adding android.permission.WRITE_EXTERNAL_STORAGE to old pkg com.bg.smsbk
I/PackageParser( 348): Impliciting adding android.permission.READ_PHONE_STATE to old pkg com.bg.smsbk
I/PackageParser( 348): Impliciting adding android.permission.WRITE_EXTERNAL_STORAGE to old pkg org.slideme.android.v2.manager
I/PackageParser( 348): Impliciting adding android.permission.WRITE_EXTERNAL_STORAGE to old pkg org.microemu.android.Browser
I/PackageParser( 348): Impliciting adding android.permission.READ_PHONE_STATE to old pkg org.microemu.android.Browser
W/PackageParser( 348): Problem in package /data/app/com.aws.android.apk:
W/PackageParser( 348): Unknown element under : action
W/PackageParser( 348): Problem in package /data/app/com.aws.android.apk:
W/PackageParser( 348): Unknown element under : action
D/dalvikvm( 348): GC freed 5449 objects / 361848 bytes in 139ms
I/PackageParser( 348): Impliciting adding android.permission.WRITE_EXTERNAL_STORAGE to old pkg com.aws.android
I/PackageParser( 348): Impliciting adding android.permission.READ_PHONE_STATE to old pkg com.aws.android
I/PackageParser( 348): Impliciting adding android.permission.WRITE_EXTERNAL_STORAGE to old pkg ki.wardrive
I/PackageParser( 348): Impliciting adding android.permission.READ_PHONE_STATE to old pkg ki.wardrive
W/PackageParser( 348): Skipping non-package file: /data/app/com.fusetree.dilbert.zip
I/PackageParser( 348): Impliciting adding android.permission.WRITE_EXTERNAL_STORAGE to old pkg android.tether
I/PackageParser( 348): Impliciting adding android.permission.READ_PHONE_STATE to old pkg android.tether
I/PackageParser( 348): Impliciting adding android.permission.WRITE_EXTERNAL_STORAGE to old pkg com.facebook.katana
I/PackageParser( 348): Impliciting adding android.permission.READ_PHONE_STATE to old pkg com.facebook.katana
I/PackageParser( 348): Impliciting adding android.permission.WRITE_EXTERNAL_STORAGE to old pkg com.instamapper.gpstracker
I/PackageParser( 348): Impliciting adding android.permission.READ_PHONE_STATE to old pkg com.instamapper.gpstracker
I/PackageParser( 348): Impliciting adding android.permission.READ_PHONE_STATE to old pkg cmupdaterapp.ui
W/PackageParser( 348): Bad element under : supports-screen
I/PackageParser( 348): Impliciting adding android.permission.WRITE_EXTERNAL_STORAGE to old pkg com.google.android.netmeter
I/PackageParser( 348): Impliciting adding android.permission.READ_PHONE_STATE to old pkg com.google.android.netmeter
W/PackageParser( 348): Intent filter for activity ActivityIntentInfo{43cfe068 com.example.android.apis.media.MediaPlayerDemo_Audio} defines no actions
W/PackageParser( 348): Intent filter for activity ActivityIntentInfo{43cfebd8 com.example.android.apis.media.MediaPlayerDemo_Video} defines no actions
I/PackageParser( 348): Impliciting adding android.permission.WRITE_EXTERNAL_STORAGE to old pkg com.example.android.apis
I/PackageParser( 348): Impliciting adding android.permission.READ_PHONE_STATE to old pkg com.example.android.apis
I/PackageParser( 348): Impliciting adding android.permission.WRITE_EXTERNAL_STORAGE to old pkg com.pandora.android
I/PackageParser( 348): Impliciting adding android.permission.READ_PHONE_STATE to old pkg com.pandora.android
I/PackageParser( 348): Impliciting adding android.permission.WRITE_EXTERNAL_STORAGE to old pkg com.avaw.luklukpro
I/PackageParser( 348): Impliciting adding android.permission.WRITE_EXTERNAL_STORAGE to old pkg org.slideme.android.v2.manager
I/PackageManager( 348): /data/app/org.slideme.android.v2.manager.apk changed; collecting certs
D/dalvikvm( 348): GC freed 13264 objects / 711792 bytes in 139ms
D/dalvikvm( 348): GC freed 2036 objects / 176584 bytes in 132ms
W/PackageManager( 348): *************************************************
W/PackageManager( 348): Application package org.slideme.android.v2.manager already installed. Skipping duplicate.
W/PackageManager( 348): *************************************************
I/PackageParser( 348): Impliciting adding android.permission.WRITE_EXTERNAL_STORAGE to old pkg com.mobitv.client.sprinttv
I/PackageParser( 348): Impliciting adding android.permission.WRITE_EXTERNAL_STORAGE to old pkg com.mobitv.sprint.tvwidget
I/PackageParser( 348): Impliciting adding android.permission.READ_PHONE_STATE to old pkg com.mobitv.sprint.tvwidget
I/PackageParser( 348): Impliciting adding android.permission.WRITE_EXTERNAL_STORAGE to old pkg com.blumedialab.television
I/PackageParser( 348): Impliciting adding android.permission.READ_PHONE_STATE to old pkg com.blumedialab.television
I/PackageParser( 348): Impliciting adding android.permission.WRITE_EXTERNAL_STORAGE to old pkg com.example.android.apis.test
I/PackageParser( 348): Impliciting adding android.permission.READ_PHONE_STATE to old pkg com.example.android.apis.test
W/PackageParser( 348): Intent filter for activity ActivityIntentInfo{43c20fe0 com.rcreations.ipcamviewer.GalleryViewActivity} defines no actions
W/PackageParser( 348): Intent filter for activity ActivityIntentInfo{43b6bf88 com.rcreations.ipcamviewer.MatrixViewActivity} defines no actions
W/PackageParser( 348): Intent filter for activity ActivityIntentInfo{43c8df50 com.rcreations.ipcamviewer.WebCamHelpActivity} defines no actions
W/PackageParser( 348): Intent filter for activity ActivityIntentInfo{43c52d30 com.rcreations.ipcamviewer.SettingsActivity} defines no actions
W/PackageParser( 348): Intent filter for activity ActivityIntentInfo{43cf1af8 com.rcreations.ipcamviewer.CamerasActivity} defines no actions
W/PackageParser( 348): Intent filter for activity ActivityIntentInfo{43b164d8 com.rcreations.ipcamviewer.EditCameraActivity} defines no actions
W/PackageParser( 348): Intent filter for activity ActivityIntentInfo{43bd4be8 com.rcreations.ipcamviewer.WebActivity} defines no actions
W/PackageParser( 348): Intent filter for activity ActivityIntentInfo{43c0b778 com.rcreations.registration.PaypalActivity} defines no actions
I/PackageParser( 348): Impliciting adding android.permission.WRITE_EXTERNAL_STORAGE to old pkg com.android.streamloader
I/PackageParser( 348): Impliciting adding android.permission.READ_PHONE_STATE to old pkg com.android.streamloader
D/dalvikvm( 348): GC freed 7648 objects / 441088 bytes in 149ms
I/PackageParser( 348): Impliciting adding android.permission.WRITE_EXTERNAL_STORAGE to old pkg com.androidemu.neslite
I/PackageParser( 348): Impliciting adding android.permission.READ_PHONE_STATE to old pkg com.androidemu.neslite
D/PackageManager( 348): Scanning app dir /data/app-private
I/PackageParser( 348): Impliciting adding android.permission.WRITE_EXTERNAL_STORAGE to old pkg com.fusetree.dilbert
I/PackageParser( 348): Impliciting adding android.permission.READ_PHONE_STATE to old pkg com.fusetree.dilbert
I/PackageManager( 348): Time to scan packages: 10.034 seconds
W/PackageManager( 348): Not granting permission android.permission.ACCESS_FINE_LOCATION to package com.wsl.CardioTrainer because it was previously installed without
W/PackageManager( 348): Not granting permission android.permission.ACCESS_COARSE_LOCATION to package com.wsl.CardioTrainer because it was previously installed without
W/PackageManager( 348): Not granting permission android.permission.ACCESS_LOCATION_EXTRA_COMMANDS to package com.wsl.CardioTrainer because it was previously installed without
W/PackageManager( 348): Not granting permission android.permission.INTERNET to package com.wsl.CardioTrainer because it was previously installed without
W/PackageManager( 348): Not granting permission android.permission.ACCESS_NETWORK_STATE to package com.wsl.CardioTrainer because it was previously installed without
W/PackageManager( 348): Not granting permission android.permission.WAKE_LOCK to package com.wsl.CardioTrainer because it was previously installed without
W/PackageManager( 348): Not granting permission android.permission.WRITE_EXTERNAL_STORAGE to package com.wsl.CardioTrainer because it was previously installed without
W/PackageManager( 348): Not granting permission android.permission.INTERNET to package org.microemu.android.Browser because it was previously installed without
W/PackageManager( 348): Unknown permission android.permission.ADD_SYSTEM_SERVICE in package com.android.phone
W/PackageManager( 348): Not granting permission android.permission.ACCESS_DRM to package com.htc.android.mail (protectionLevel=2 flags=0x4445)
W/PackageManager( 348): Unknown permission android.permission.QUERY_DRM in package com.htc.android.mail
W/PackageManager( 348): Unknown permission android.webkit.permission.LOAD_FROM_LOCAL_FILE in package com.htc.android.mail
W/PackageManager( 348): Unknown permission android.permission.RECEIVE_EMAIL_NOTIFICATION in package com.htc.android.mail
W/PackageManager( 348): Not granting permission android.permission.INTERNET to package com.mobitv.client.sprinttv because it was previously installed without
W/PackageManager( 348): Not granting permission android.permission.WAKE_LOCK to package com.mobitv.client.sprinttv because it was previously installed without
W/PackageManager( 348): Not granting permission android.permission.ACCESS_NETWORK_STATE to package com.mobitv.client.sprinttv because it was previously installed without
W/PackageManager( 348): Not granting permission android.permission.CHANGE_WIFI_STATE to package com.mobitv.client.sprinttv because it was previously installed without
W/PackageManager( 348): Not granting permission android.permission.CHANGE_NETWORK_STATE to package com.mobitv.client.sprinttv because it was previously installed without
W/PackageManager( 348): Unknown permission com.sprint.internal.permission.SYSTEMPROPERTIES in package com.mobitv.client.sprinttv
W/PackageManager( 348): Not granting permission android.permission.READ_CONTACTS to package com.example.android.apis because it was previously installed without
W/PackageManager( 348): Not granting permission android.permission.WRITE_CONTACTS to package com.example.android.apis because it was previously installed without
W/PackageManager( 348): Not granting permission android.permission.CAMERA to package com.example.android.apis because it was previously installed without
W/PackageManager( 348): Not granting permission android.permission.VIBRATE to package com.example.android.apis because it was previously installed without
W/PackageManager( 348): Not granting permission android.permission.ACCESS_COARSE_LOCATION to package com.example.android.apis because it was previously installed without
W/PackageManager( 348): Not granting permission android.permission.INTERNET to package com.example.android.apis because it was previously installed without
W/PackageManager( 348): Not granting permission android.permission.INTERNET to package com.aws.android because it was previously installed without
W/PackageManager( 348): Not granting permission android.permission.ACCESS_COARSE_LOCATION to package com.aws.android because it was previously installed without
W/PackageManager( 348): Not granting permission android.permission.ACCESS_FINE_LOCATION to package com.aws.android because it was previously installed without
W/PackageManager( 348): Not granting permission android.permission.WAKE_LOCK to package com.aws.android because it was previously installed without
W/PackageManager( 348): Not granting permission android.permission.RECEIVE_BOOT_COMPLETED to package com.aws.android because it was previously installed without
W/PackageManager( 348): Not granting permission android.permission.ACCESS_NETWORK_STATE to package com.aws.android because it was previously installed without
W/PackageManager( 348): Not granting permission android.permission.READ_LOGS to package com.xtralogic.android.logcollector because it was previously installed without
W/PackageManager( 348): Not granting permission android.permission.ACCESS_FINE_LOCATION to package com.instamapper.gpstracker because it was previously installed without
W/PackageManager( 348): Not granting permission android.permission.PERSISTENT_ACTIVITY to package com.instamapper.gpstracker because it was previously installed without
W/PackageManager( 348): Not granting permission android.permission.INTERNET to package com.instamapper.gpstracker because it was previously installed without
W/PackageManager( 348): Not granting permission android.permission.RECEIVE_BOOT_COMPLETED to package com.instamapper.gpstracker because it was previously installed without
W/PackageManager( 348): Not granting permission android.permission.RECEIVE_SMS to package com.instamapper.gpstracker because it was previously installed without
W/PackageManager( 348): Not granting permission android.permission.WRITE_SETTINGS to package com.instamapper.gpstracker because it was previously installed without
W/PackageManager( 348): Not granting permission android.permission.WAKE_LOCK to package com.instamapper.gpstracker because it was previously installed without
W/PackageManager( 348): Not granting permission android.permission.WRITE_EXTERNAL_STORAGE to package com.agilesoftresource because it was previously installed without
W/PackageManager( 348): Not granting permission android.permission.WAKE_LOCK to package com.facebook.katana because it was previously installed without
W/PackageManager( 348): Not granting permission android.permission.INTERNET to package com.facebook.katana because it was previously installed without
W/PackageManager( 348): Not granting permission android.permission.VIBRATE to package com.facebook.katana because it was previously installed without
W/PackageManager( 348): Not granting permission android.permission.READ_CONTACTS to package com.facebook.katana because it was previously installed without
W/PackageManager( 348): Not granting permission android.permission.WRITE_CONTACTS to package com.facebook.katana because it was previously installed without
W/PackageManager( 348): Not granting permission android.permission.GET_ACCOUNTS to package com.facebook.katana because it was previously installed without
W/PackageManager( 348): Unknown permission android.permission.MANAGE_ACCOUNTS in package com.facebook.katana
W/PackageManager( 348): Unknown permission android.permission.AUTHENTICATE_ACCOUNTS in package com.facebook.katana
W/PackageManager( 348): Not granting permission android.permission.READ_SYNC_SETTINGS to package com.facebook.katana because it was previously installed without
W/PackageManager( 348): Not granting permission android.permission.WRITE_SYNC_SETTINGS to package com.facebook.katana because it was previously installed without
W/PackageManager( 348): Not granting permission android.permission.INTERNET to package com.mobitv.sprint.tvwidget because it was previously installed without
W/PackageManager( 348): Not granting permission android.permission.INTERNET to package com.eclipsim.gpsstatus2 because it was previously installed without
W/PackageManager( 348): Not granting permission android.permission.ACCESS_COARSE_LOCATION to package com.eclipsim.gpsstatus2 because it was previously installed without
W/PackageManager( 348): Not granting permission android.permission.ACCESS_FINE_LOCATION to package com.eclipsim.gpsstatus2 because it was previously installed without
W/PackageManager( 348): Not granting permission android.permission.INTERNET to package com.pandora.android because it was previously installed without
W/PackageManager( 348): Not granting permission android.permission.ACCESS_NETWORK_STATE to package com.pandora.android because it was previously installed without
W/PackageManager( 348): Not granting permission android.permission.ACCESS_WIFI_STATE to package com.pandora.android because it was previously installed without
W/PackageManager( 348): Unknown permission android.permission.ADD_SYSTEM_SERVICE in package com.pandora.android
W/PackageManager( 348): Not granting permission android.permission.WRITE_SETTINGS to package com.pandora.android because it was previously installed without
W/PackageManager( 348): Not granting permission android.permission.READ_CONTACTS to package com.pandora.android because it was previously installed without
W/PackageManager( 348): Not granting permission android.permission.WAKE_LOCK to package com.pandora.android because it was previously installed without
W/PackageManager( 348): Not granting permission android.permission.INTERNET to package com.code.i.music because it was previously installed without
W/PackageManager( 348): Not granting permission android.permission.READ_PHONE_STATE to package com.code.i.music because it was previously installed without
W/PackageManager( 348): Not granting permission android.permission.ACCESS_COARSE_LOCATION to package com.code.i.music because it was previously installed without
W/PackageManager( 348): Not granting permission android.permission.ACCESS_NETWORK_STATE to package com.code.i.music because it was previously installed without
W/PackageManager( 348): Not granting permission android.permission.WAKE_LOCK to package com.code.i.music because it was previously installed without
W/PackageManager( 348): Not granting permission android.permission.WRITE_EXTERNAL_STORAGE to package com.code.i.music because it was previously installed without
W/PackageManager( 348): Not granting permission android.permission.INTERNET to package com.rcreations.ipcamviewer because it was previously installed without
W/PackageManager( 348): Not granting permission android.permission.WAKE_LOCK to package com.rcreations.ipcamviewer because it was previously installed without
W/PackageManager( 348): Not granting permission android.permission.ACCESS_COARSE_LOCATION to package com.rcreations.ipcamviewer because it was previously installed without
W/PackageManager( 348): Unknown permission android.permission.INSTALL_DRM in package com.android.providers.downloads
W/PackageManager( 348): Not granting permission android.permission.INTERNET to package com.fusetree.dilbert because it was previously installed without
W/PackageManager( 348): Unknown permission android.permission.BACKUP_DATA in package com.android.inputmethod.latin
W/PackageManager( 348): Not granting permission android.permission.ACCESS_COARSE_LOCATION to package ki.wardrive because it was previously installed without
W/PackageManager( 348): Not granting permission android.permission.ACCESS_FINE_LOCATION to package ki.wardrive because it was previously installed without
W/PackageManager( 348): Unknown permission android.permission.ACCESS_GPS in package ki.wardrive
W/PackageManager( 348): Not granting permission android.permission.ACCESS_WIFI_STATE to package ki.wardrive because it was previously installed without
W/PackageManager( 348): Not granting permission android.permission.CHANGE_WIFI_STATE to package ki.wardrive because it was previously installed without
W/PackageManager( 348): Not granting permission android.permission.INTERNET to package ki.wardrive because it was previously installed without
W/PackageManager( 348): Not granting permission android.permission.WAKE_LOCK to package ki.wardrive because it was previously installed without
W/PackageManager( 348): Not granting permission android.permission.INTERNET to package com.bonfiremedia.android_wikimobile because it was previously installed without
W/PackageManager( 348): Not granting permission android.permission.ACCESS_NETWORK_STATE to package com.bonfiremedia.android_wikimobile because it was previously installed without
W/PackageManager( 348): Not granting permission android.permission.READ_PHONE_STATE to package com.bonfiremedia.android_wikimobile because it was previously installed without
W/PackageManager( 348): Not granting permission android.permission.INTERNET to package com.shazam.android because it was previously installed without
W/PackageManager( 348): Not granting permission android.permission.ACCESS_NETWORK_STATE to package com.shazam.android because it was previously installed without
W/PackageManager( 348): Not granting permission android.permission.RECORD_AUDIO to package com.shazam.android because it was previously installed without
W/PackageManager( 348): Not granting permission android.permission.READ_PHONE_STATE to package com.shazam.android because it was previously installed without
W/PackageManager( 348): Not granting permission android.permission.INTERNET to package com.blumedialab.television because it was previously installed without
W/PackageManager( 348): Not granting permission android.permission.WAKE_LOCK to package com.blumedialab.television because it was previously installed without
W/PackageManager( 348): Not granting permission android.permission.INTERNET to package com.avaw.luklukpro because it was previously installed without
W/PackageManager( 348): Not granting permission android.permission.ACCESS_NETWORK_STATE to package com.avaw.luklukpro because it was previously installed without
W/PackageManager( 348): Not granting permission android.permission.ACCESS_WIFI_STATE to package android.tether because it was previously installed without
W/PackageManager( 348): Not granting permission android.permission.CHANGE_WIFI_STATE to package android.tether because it was previously installed without
W/PackageManager( 348): Not granting permission android.permission.WAKE_LOCK to package android.tether because it was previously installed without
W/PackageManager( 348): Not granting permission android.permission.WRITE_SYNC_SETTINGS to package android.tether because it was previously installed without
W/PackageManager( 348): Not granting permission android.permission.READ_SYNC_SETTINGS to package android.tether because it was previously installed without
W/PackageManager( 348): Not granting permission android.permission.ACCESS_NETWORK_STATE to package android.tether because it was previously installed without
W/PackageManager( 348): Not granting permission android.permission.INTERNET to package android.tether because it was previously installed without
W/PackageManager( 348): Not granting permission android.permission.BLUETOOTH to package android.tether because it was previously installed without
W/PackageManager( 348): Not granting permission android.permission.BLUETOOTH_ADMIN to package android.tether because it was previously installed without
W/PackageManager( 348): Not granting permission android.permission.VIBRATE to package android.tether because it was previously installed without
W/PackageManager( 348): Not granting permission android.permission.CAMERA to package com.google.zxing.client.android because it was previously installed without
W/PackageManager( 348): Not granting permission android.permission.READ_CONTACTS to package com.google.zxing.client.android because it was previously installed without
W/PackageManager( 348): Not granting permission android.permission.WRITE_CONTACTS to package com.google.zxing.client.android because it was previously installed without
W/PackageManager( 348): Not granting permission android.permission.INTERNET to package com.google.zxing.client.android because it was previously installed without
W/PackageManager( 348): Not granting permission com.android.browser.permission.READ_HISTORY_BOOKMARKS to package com.google.zxing.client.android because it was previously installed without
W/PackageManager( 348): Not granting permission android.permission.VIBRATE to package com.google.zxing.client.android because it was previously installed without
W/PackageManager( 348): Not granting permission android.permission.INTERNET to package com.android.DroidLivePlayer because it was previously installed without
W/PackageManager( 348): Not granting permission android.permission.VIBRATE to package com.android.DroidLivePlayer because it was previously installed without
W/PackageManager( 348): Not granting permission android.permission.READ_PHONE_STATE to package com.android.DroidLivePlayer because it was previously installed without
W/PackageManager( 348): Not granting permission android.permission.ACCESS_NETWORK_STATE to package com.android.DroidLivePlayer because it was previously installed without
W/PackageManager( 348): Not granting permission android.permission.ACCESS_WIFI_STATE to package com.android.DroidLivePlayer because it was previously installed without
W/PackageManager( 348): Not granting permission android.permission.WRITE_EXTERNAL_STORAGE to package com.android.DroidLivePlayer because it was previously installed without
W/PackageManager( 348): Not granting permission android.permission.ACCESS_WIFI_STATE to package com.google.android.netmeter because it was previously installed without
W/PackageManager( 348): Not granting permission android.permission.ACCESS_NETWORK_STATE to package com.google.android.netmeter because it was previously installed without
W/PackageManager( 348): Not granting permission android.permission.WAKE_LOCK to package com.metago.astro because it was previously installed without
W/PackageManager( 348): Not granting permission android.permission.GET_TASKS to package com.metago.astro because it was previously installed without
