D/cmupdater( 607): MainActivity: onResume called
D/cmupdater( 607): MainActivity: No Intent. Starting App in Default mode
D/cmupdater( 607): Preferences: UpdateFolder: cm-updates
D/cmupdater( 607): State: Called LoadState
D/dalvikvm( 607): GetFieldID: unable to find field Ljava/util/HashMap;.loadFactor:F
D/cmupdater( 607): Preferences: Opening Database
D/cmupdater( 607): Preferences: Closing Database
D/dalvikvm( 607): GC freed 5949 objects / 338080 bytes in 86ms
D/cmupdater( 607): Preferences: Display Experimental Rom Updates: false
D/cmupdater( 607): Preferences: Display All Rom Updates: false
D/cmupdater( 607): Preferences: Display Experimental Theme Updates: false
D/cmupdater( 607): Preferences: Display All Theme Updates: true
I/ActivityManager( 139): Displayed activity cmupdaterapp.ui/.MainActivity: 2025 ms (total 2025 ms)
W/InputManagerService( 139): Window already focused, ignoring focus gain of: com.android.internal.view.IInputMethodClient$Stub$Proxy@43c0c258
W/InputManagerService( 139): Window already focused, ignoring focus gain of: com.android.internal.view.IInputMethodClient$Stub$Proxy@43b4d968
D/cmupdater( 607): MainActivity: Download Theme Button clicked
W/InputManagerService( 139): Window already focused, ignoring focus gain of: com.android.internal.view.IInputMethodClient$Stub$Proxy@43c08388
D/cmupdater( 607): MainActivity: onStop called
D/cmupdater( 607): MainActivity: App closed
I/ActivityManager( 139): Starting activity: Intent { act=android.settings.SETTINGS flg=0x10200000 cmp=com.android.settings/.Settings }
I/ActivityManager( 139): Start proc com.android.settings for activity com.android.settings/.Settings: pid=619 uid=1000 gids={3003, 3002, 3001}
W/InputManagerService( 139): Window already focused, ignoring focus gain of: com.android.internal.view.IInputMethodClient$Stub$Proxy@43d271f8
I/ActivityManager( 139): Process cmupdaterapp.ui (pid 607) has died.
D/dalvikvm( 619): GC freed 1270 objects / 85368 bytes in 90ms
I/ActivityManager( 139): Displayed activity com.android.settings/.Settings: 1121 ms (total 1121 ms)
I/ActivityManager( 139): Starting activity: Intent { act=android.intent.action.MAIN cmp=com.android.settings/.WirelessSettings }
I/ActivityManager( 139): Displayed activity com.android.settings/.WirelessSettings: 706 ms (total 706 ms)
I/ActivityManager( 139): Process android.process.media (pid 556) has died.
D/SettingsWifiEnabler( 619): Received wifi state changed from Disabled to Enabling
I/ActivityManager( 139): Process com.android.calendar (pid 290) has died.
D/WifiService( 139): ACTION_BATTERY_CHANGED pluggedType: 2
D/SettingsWifiEnabler( 619): Received wifi state changed from Enabling to Enabled
E/wpa_supplicant( 631): Set_key: Wrong Key
E/wpa_supplicant( 631): Set_key: Wrong Key
E/wpa_supplicant( 631): Set_key: Wrong Key
E/wpa_supplicant( 631): Set_key: Wrong Key
V/WifiStateTracker( 139): Connection to supplicant established, state=DISCONNECTED
E/wpa_supplicant( 631): prepare_filter_struct: type=3
E/wpa_supplicant( 631): prepare_filter_struct: type=1
E/wpa_supplicant( 631): prepare_filter_struct: type=0
E/wpa_supplicant( 631): prepare_filter_struct: type=0
E/wpa_supplicant( 631): prepare_filter_struct: type=1
E/wpa_supplicant( 631): prepare_filter_struct: type=3
V/WifiMonitor( 139): Event [CTRL-EVENT-STATE-CHANGE id=-1 state=2]
V/WifiStateTracker( 139): Changing supplicant state: DISCONNECTED ==> SCANNING
W/wpa_supplicant( 631): Failed to initiate AP scan.
V/WifiMonitor( 139): Event [Trying to associate with 00:02:72:83:71:a9 (SSID='FU' freq=2412 MHz)]
V/WifiMonitor( 139): Event [CTRL-EVENT-STATE-CHANGE id=-1 state=3]
V/WifiStateTracker( 139): Changing supplicant state: SCANNING ==> ASSOCIATING
V/WifiMonitor( 139): Event [CTRL-EVENT-STATE-CHANGE id=5 state=4]
V/WifiStateTracker( 139): Changing supplicant state: ASSOCIATING ==> ASSOCIATED
V/WifiMonitor( 139): Event [Associated with 00:02:72:83:71:a9]
V/WifiMonitor( 139): Event [CTRL-EVENT-STATE-CHANGE id=5 state=5]
V/WifiStateTracker( 139): Changing supplicant state: ASSOCIATED ==> FOUR_WAY_HANDSHAKE
V/WifiMonitor( 139): Event [CTRL-EVENT-STATE-CHANGE id=5 state=5]
V/WifiStateTracker( 139): Changing supplicant state: FOUR_WAY_HANDSHAKE ==> FOUR_WAY_HANDSHAKE
V/WifiMonitor( 139): Event [CTRL-EVENT-STATE-CHANGE id=5 state=6]
V/WifiStateTracker( 139): Changing supplicant state: FOUR_WAY_HANDSHAKE ==> GROUP_HANDSHAKE
V/WifiMonitor( 139): Event [WPA: Key negotiation completed with 00:02:72:83:71:a9 [PTK=CCMP GTK=CCMP]]
V/WifiMonitor( 139): Event [CTRL-EVENT-STATE-CHANGE id=5 state=7]
V/WifiStateTracker( 139): Changing supplicant state: GROUP_HANDSHAKE ==> COMPLETED
V/WifiMonitor( 139): Event [CTRL-EVENT-CONNECTED - Connection to 00:02:72:83:71:a9 completed (auth) [id=5 id_str=]]
V/WifiStateTracker( 139): New network state is CONNECTED
D/SettingsWifiEnabler( 619): Received network state changed to NetworkInfo: type: WIFI[], state: CONNECTING/OBTAINING_IPADDR, reason: (unspecified), extra: (none), roaming: false, failover: false, isAvailable: true
D/dalvikvm( 185): GC freed 11377 objects / 497360 bytes in 287ms
D/WifiStateTracker( 139): DhcpHandler: DHCP request started
V/WifiStateTracker( 139): DhcpHandler: DHCP request succeeded
V/WifiStateTracker( 139): IP configuration: ipaddr 192.168.1.101 gateway 192.168.1.254 netmask 255.255.255.0 dns1 192.168.1.254 dns2 0.0.0.0 DHCP server 192.168.1.254 lease 864000 seconds
D/WifiWatchdogService( 139): (android.server.ServerThread) FU (00:02:72:83:71:a9) does not require the watchdog
I/ActivityManager( 139): Start proc com.android.mms for broadcast com.android.mms/.transaction.MmsSystemEventReceiver: pid=661 uid=10018 gids={3003, 1015}
D/NetworkLocationProvider( 139): onDataConnectionStateChanged 1
D/GpsLocationProvider( 139): state: DISCONNECTED apnName: rogers-core-appl1.apn reason: dataDisabled
D/GpsLocationProvider( 139): updateNetworkState available
D/GpsLocationProvider( 139): NetworkThread wait for 13327248ms
W/Smack/Packet( 225): notify conn break (IOEx), close connection
I/ActivityManager( 139): Process com.android.settings (pid 619) has died.
D/Smack ( 225): [XMPPConn] close connection, notifyClosed=false
D/Smack ( 225): [XMPPConn] close: socket already closed, bail
W/ActivityManager( 139): Unable to start service Intent { act=com.amazon.mp3.service.IDownloadService (has extras) }: not found
I/MediaUploader( 333): No need to wake up
I/ActivityManager( 139): Start proc android.process.media for broadcast com.android.providers.downloads/.DownloadReceiver: pid=668 uid=10019 gids={1015, 2001, 3003, 1006}
I/ActivityThread( 668): Publishing provider media: com.android.providers.media.MediaProvider
V/MediaProvider( 668): Attached volume: internal
V/MediaProvider( 668): /sdcard volume ID: -1194458098
V/MediaProvider( 668): Attached volume: external
I/ActivityThread( 668): Publishing provider downloads: com.android.providers.downloads.DownloadProvider
I/ActivityThread( 668): Publishing provider drm: com.android.providers.drm.DrmProvider
D/dalvikvm( 311): GC freed 1438 objects / 124488 bytes in 86ms
D/dalvikvm( 333): GC freed 1003 objects / 72672 bytes in 90ms
D/OpenSSLSessionImpl( 225): Freeing OpenSSL session
D/dalvikvm( 225): GC freed 3119 objects / 187928 bytes in 140ms
D/OpenSSLSessionImpl( 225): Freeing OpenSSL session
D/WifiService( 139): ACTION_BATTERY_CHANGED pluggedType: 2
I/ActivityManager( 139): Starting activity: Intent { act=android.intent.action.MAIN cat=[android.intent.category.LAUNCHER] flg=0x10200000 cmp=cmupdaterapp.ui/.MainActivity }
I/ActivityManager( 139): Start proc cmupdaterapp.ui for activity cmupdaterapp.ui/.MainActivity: pid=687 uid=10074 gids={3003, 1015}
I/ActivityManager( 139): Process com.android.mms (pid 661) has died.
D/cmupdater( 687): MainActivity: onCreate called
D/cmupdater( 687): Preferences: Preference Instance set.
D/dalvikvm( 687): GC freed 980 objects / 67344 bytes in 91ms
D/cmupdater( 687): Preferences: Board: trout
D/cmupdater( 687): PlainTextUpdateServer: System's Mod version:trout
D/cmupdater( 687): MainActivity: onStart called
D/cmupdater( 687): MainActivity: No old Version found
D/cmupdater( 687): StringUtils: sNewVersion:4199:::sOldVersion:4213
D/cmupdater( 687): MainActivity: onResume called
D/cmupdater( 687): MainActivity: No Intent. Starting App in Default mode
D/cmupdater( 687): Preferences: UpdateFolder: cm-updates
D/cmupdater( 687): State: Called LoadState
D/dalvikvm( 687): GetFieldID: unable to find field Ljava/util/HashMap;.loadFactor:F
D/cmupdater( 687): Preferences: Opening Database
D/cmupdater( 687): Preferences: Closing Database
D/dalvikvm( 687): GC freed 6063 objects / 342648 bytes in 87ms
D/cmupdater( 687): Preferences: Display Experimental Rom Updates: false
D/cmupdater( 687): Preferences: Display All Rom Updates: false
D/cmupdater( 687): Preferences: Display Experimental Theme Updates: false
D/cmupdater( 687): Preferences: Display All Theme Updates: true
I/ActivityManager( 139): Displayed activity cmupdaterapp.ui/.MainActivity: 1913 ms (total 1913 ms)
D/cmupdater( 687): MainActivity: Download Theme Button clicked
D/cmupdater( 687): MainActivity: Start downlading Theme update: signed-enoch-1.4.13.0.1.zip
I/ActivityManager( 139): Starting activity: Intent { cmp=cmupdaterapp.ui/.DownloadActivity (has extras) }
I/NotificationService( 139): enqueueToast pkg=cmupdaterapp.ui callback=android.app.ITransientNotification$Stub$Proxy@43ddc778 duration=1
D/cmupdater( 687): DownloadActivity: onCreate called
D/cmupdater( 687): DownloadActivity: onStart called
D/cmupdater( 687): DownloadActivity: onResume called
D/cmupdater( 687): DownloadActivity: Not downloading
D/cmupdater( 687): UpdateDownloaderService: Download Service Created
D/cmupdater( 687): Preferences: UpdateFolder: cm-updates
D/cmupdater( 687): Preferences: ProgressUpdateFrequency: 500
D/cmupdater( 687): UpdateDownloaderService: ProgressBarIntervall: 500
D/cmupdater( 687): UpdateDownloaderService: Download Service started
D/cmupdater( 687): UpdateDownloaderService: Starting #1: Bundle[mParcelledData.dataSize=768]
D/cmupdater( 687): UpdateDownloaderService: Sending: { what=0 when=0 arg1=1 obj=Bundle[mParcelledData.dataSize=768] }
D/cmupdater( 687): UpdateDownloaderService: Download Service onBind was called
D/cmupdater( 687): UpdateDownloaderService: Request Download Update Message was recieved
D/cmupdater( 687): UpdateDownloaderService: Called CheckForConnectionAndUpdate
D/cmupdater( 687): UpdateDownloaderService: Downloading update...
D/cmupdater( 687): UpdateDownloaderService: Called downloadFile
D/cmupdater( 687): UpdateDownloaderService: Mirrorcount: 1
D/cmupdater( 687): UpdateDownloaderService: Mirrorname: drpfenderson.japanties.org
D/cmupdater( 687): UpdateDownloaderService: mFileName: signed-enoch-1.4.13.0.1.zip
D/cmupdater( 687): UpdateDownloaderService: Trying to download md5sum file from http://drpfenderson.japanties.org/signed-enoch-1.4.13.0.1.zip.md5sum
I/ActivityManager( 139): Displayed activity cmupdaterapp.ui/.DownloadActivity: 756 ms (total 756 ms)
D/cmupdater( 687): MainActivity: onStop called
D/cmupdater( 687): MainActivity: App closed
D/dalvikvm( 687): GC freed 4814 objects / 293416 bytes in 99ms
D/cmupdater( 687): UpdateDownloaderService: Trying to download update zip from http://drpfenderson.japanties.org/signed-enoch-1.4.13.0.1.zip
D/dalvikvm( 687): GC freed 1113 objects / 57848 bytes in 87ms
D/cmupdater( 687): UpdateDownloaderService: Trying to Read MD5 hash from response
I/global ( 687): Default buffer size used in BufferedReader constructor. It would be better to be explicit if an 8k-char buffer is required.
D/cmupdater( 687): UpdateDownloaderService: MD5: da2872465f08eb4ef026cc6aafc31450
D/cmupdater( 687): UpdateDownloaderService: Writing the calculated MD5 to disk
D/cmupdater( 687): UpdateDownloaderService: DumpFile Called
D/cmupdater( 687): UpdateDownloaderService: Update size: 11557KB
I/ActivityManager( 139): Process android.process.media (pid 668) has died.
D/dalvikvm( 139): GC freed 19529 objects / 948800 bytes in 249ms
D/NetworkLocationProvider( 139): onDataConnectionStateChanged 1
D/GpsLocationProvider( 139): state: DISCONNECTED apnName: null reason: null
D/NetworkLocationProvider( 139): onCellLocationChanged [18000,30297]
I/ActivityManager( 139): Start proc com.android.mms for broadcast com.android.mms/.transaction.MmsSystemEventReceiver: pid=707 uid=10018 gids={3003, 1015}
D/dalvikvm( 119): GC freed 300 objects / 11448 bytes in 269ms
I/ActivityManager( 139): Process com.amazon.mp3 (pid 311) has died.
D/dalvikvm( 119): GC freed 52 objects / 2384 bytes in 217ms
D/dalvikvm( 119): GC freed 2 objects / 56 bytes in 257ms
I/ActivityManager( 139): Process com.android.mms (pid 707) has died.
D/dalvikvm( 687): GC freed 8654 objects / 410024 bytes in 134ms
D/dalvikvm( 139): GC freed 31841 objects / 1359096 bytes in 310ms
D/cmupdater( 687): UpdateDownloaderService: Download finished
D/cmupdater( 687): UpdateDownloaderService: Consuming entity....
D/cmupdater( 687): UpdateDownloaderService: Entity consumed
D/cmupdater( 687): UpdateDownloaderService: Update download finished
D/cmupdater( 687): UpdateDownloaderService: Performing MD5 verification
D/cmupdater( 687): MD5: Calculated digest: da2872465f08eb4ef026cc6aafc31450
D/cmupdater( 687): MD5: Provided digest: da2872465f08eb4ef026cc6aafc31450
D/cmupdater( 687): UpdateDownloaderService: Called Notify User
D/cmupdater( 687): UpdateDownloaderService: Download Notification removed
D/cmupdater( 687): Preferences: Notification Vibrate: true
I/ActivityManager( 139): Starting activity: Intent { flg=0x10000000 cmp=cmupdaterapp.ui/.ApplyUpdateActivity (has extras) }
D/cmupdater( 687): UpdateDownloaderService: Done with #1
D/cmupdater( 687): Preferences: UpdateFolder: cm-updates
D/cmupdater( 687): ApplyUpdateActivity: Filename selected to flash: signed-enoch-1.4.13.0.1.zip
I/ActivityManager( 139): Displayed activity cmupdaterapp.ui/.ApplyUpdateActivity: 906 ms (total 906 ms)
D/cmupdater( 687): DownloadActivity: onDestroy called
D/cmupdater( 687): DownloadActivity: mUpdateDownloaderServiceConnection unbind finished
D/cmupdater( 687): UpdateDownloaderService: Download Service onDestroy Called
D/cmupdater( 687): UpdateDownloaderService: Download Notification removed
D/cmupdater( 687): UpdateDownloaderService: Download Service Destroyed
D/NetworkLocationProvider( 139): onDataConnectionStateChanged 1
D/GpsLocationProvider( 139): state: DISCONNECTED apnName: null reason: null
D/NetworkLocationProvider( 139): onCellLocationChanged [18000,30291]
I/ActivityManager( 139): Start proc com.android.mms for broadcast com.android.mms/.transaction.MmsSystemEventReceiver: pid=715 uid=10018 gids={3003, 1015}
I/ActivityManager( 139): Process com.android.mms (pid 715) has died.
I/NotificationService( 139): enqueueToast pkg=cmupdaterapp.ui callback=android.app.ITransientNotification$Stub$Proxy@43a37d20 duration=1
W/InputManagerService( 139): Window already focused, ignoring focus gain of: com.android.internal.view.IInputMethodClient$Stub$Proxy@43a15ef0
W/Parcel ( 139): Attempt to read object from Parcel 0x4a32bdd8 at offset 1092 that is not in the object list
I/ActivityManager( 139): Starting activity: Intent { act=android.intent.action.MAIN flg=0x58000000 pkg=org.zenthought.android.su cmp=org.zenthought.android.su/.SuRequest (has extras) }
I/ActivityManager( 139): Start proc org.zenthought.android.su for activity org.zenthought.android.su/.SuRequest: pid=725 uid=1000 gids={3003, 3002, 3001}
I/ActivityManager( 139): Displayed activity org.zenthought.android.su/.SuRequest: 587 ms (total 587 ms)
D/su ( 722): 10074:10074 cmupdaterapp.ui executing 0:0 /system/bin/sh