V/SprintTvAppWidget( 436): Featured channel not received from http://resources.static.mobitv.com/tvtab/sprinttv-android-featured.xml
I/ActivityManager( 139): Process com.rcreations.ipcamviewer (pid 387) has died.
E/AndroidRuntime( 436): Crash logging skipped, already logging another crash
V/SprintTvAppWidget( 436): Featured channel not received from http://resources.static.mobitv.com/tvtab/sprinttv-android-featured.xml
V/SprintTvAppWidget( 436): Featured channel not received from http://resources.static.mobitv.com/tvtab/sprinttv-android-featured.xml
V/SprintTvAppWidget( 436): Sprint TV widget updated
V/SprintTvAppWidget( 436): Sprint TV widget updated
V/SprintTvAppWidget( 436): Sprint TV widget updated
I/ActivityManager( 139): Start proc com.android.mms for broadcast com.android.mms/.transaction.SmsReceiver: pid=460 uid=10018 gids={3003, 1015}
I/Process ( 429): Sending signal. PID: 429 SIG: 9
I/ActivityManager( 139): Process com.aws.android (pid 429) has died.
W/ActivityManager( 139): Service crashed 2 times, stopping: ServiceRecord{43dce850 com.aws.android/.synchronizedupdate.BackgroundUpdater$BackgroundUpdaterService}
W/InputManagerService( 139): Window already focused, ignoring focus gain of: com.android.internal.view.IInputMethodClient$Stub$Proxy@43d92d60
I/ActivityManager( 139): Process com.wsl.CardioTrainer (pid 445) has died.
I/ActivityManager( 139): Start proc com.android.voicedialer for broadcast com.android.voicedialer/.VoiceDialerReceiver: pid=469 uid=10007 gids={3002}
I/ActivityManager( 139): Process com.android.mms (pid 460) has died.
D/MediaScannerService( 262): start scanning volume external
V/MediaProvider( 262): /sdcard volume ID: -1194458098
D/VoiceDialerReceiver( 469): onReceive Intent { act=android.intent.action.PACKAGE_CHANGED dat=package:com.android.stk flg=0x20000000 cmp=com.android.voicedialer/.VoiceDialerReceiver (has extras) }
D/RecognizerEngine( 469): deleteCachedGrammarFiles /data/data/com.android.voicedialer/files/openentries.txt
I/ActivityManager( 139): Start proc com.android.mms for broadcast com.android.mms/.transaction.MmsSystemEventReceiver: pid=475 uid=10018 gids={3003, 1015}
D/HomeLoaders( 187): ----> cleared application list
I/ActivityManager( 139): Process com.android.voicedialer (pid 469) has died.
I/ActivityManager( 139): Start proc com.android.voicedialer for broadcast com.android.voicedialer/.VoiceDialerReceiver: pid=483 uid=10007 gids={3002}
D/VoiceDialerReceiver( 483): onReceive Intent { act=android.intent.action.PACKAGE_CHANGED dat=package:com.amazon.mp3 flg=0x20000000 cmp=com.android.voicedialer/.VoiceDialerReceiver (has extras) }
D/RecognizerEngine( 483): deleteCachedGrammarFiles /data/data/com.android.voicedialer/files/openentries.txt
I/ActivityManager( 139): Start proc com.aws.android for broadcast com.aws.android/.synchronizedupdate.UserUnlockDeviceReceiver: pid=489 uid=10050 gids={1015}
I/ActivityThread( 489): Publishing provider com.aws.searchauthority.free.locationQuery: com.aws.android.search.LocationSuggestionProvider
I/ActivityManager( 139): Process com.android.mms (pid 475) has died.
D/VoiceDialerReceiver( 483): onReceive Intent { act=android.intent.action.PACKAGE_CHANGED dat=package:com.amazon.mp3 flg=0x20000000 cmp=com.android.voicedialer/.VoiceDialerReceiver (has extras) }
D/RecognizerEngine( 483): deleteCachedGrammarFiles /data/data/com.android.voicedialer/files/openentries.txt
W/ActivityManager( 139): Unable to start service Intent { act=com.amazon.mp3.service.IDownloadService (has extras) }: not found
I/MediaUploader( 333): No need to wake up
D/VoiceDialerReceiver( 483): onReceive Intent { act=android.intent.action.PACKAGE_CHANGED dat=package:com.amazon.mp3 flg=0x20000000 cmp=com.android.voicedialer/.VoiceDialerReceiver (has extras) }
D/RecognizerEngine( 483): deleteCachedGrammarFiles /data/data/com.android.voicedialer/files/openentries.txt
D/VoiceDialerReceiver( 483): onReceive Intent { act=android.intent.action.PACKAGE_CHANGED dat=package:com.amazon.mp3 flg=0x20000000 cmp=com.android.voicedialer/.VoiceDialerReceiver (has extras) }
D/RecognizerEngine( 483): deleteCachedGrammarFiles /data/data/com.android.voicedialer/files/openentries.txt
D/VoiceDialerReceiver( 483): onReceive Intent { act=android.intent.action.PACKAGE_CHANGED dat=package:com.amazon.mp3 flg=0x20000000 cmp=com.android.voicedialer/.VoiceDialerReceiver (has extras) }
D/RecognizerEngine( 483): deleteCachedGrammarFiles /data/data/com.android.voicedialer/files/openentries.txt
I/CheckinService( 139): Checkin triggered: Intent { act=android.server.checkin.CHECKIN flg=0x4 (has extras) }, market only = false
I/ActivityManager( 139): Start proc com.google.android.gm for broadcast com.google.android.gm/.GmailReceiver: pid=496 uid=10004 gids={3003}
D/AndroidRuntime( 489): Shutting down VM
W/dalvikvm( 489): threadid=3: thread exiting with uncaught exception (group=0x4001e170)
E/AndroidRuntime( 489): Uncaught handler: thread main exiting due to uncaught exception
E/AndroidRuntime( 489): java.lang.RuntimeException: Unable to create service com.aws.android.notification.TemperatureService: java.lang.SecurityException: Neither user 10050 nor current process has android.permission.WAKE_LOCK.
E/AndroidRuntime( 489): at android.app.ActivityThread.handleCreateService(ActivityThread.java:2758)
E/AndroidRuntime( 489): at android.app.ActivityThread.access$3200(ActivityThread.java:118)
E/AndroidRuntime( 489): at android.app.ActivityThread$H.handleMessage(ActivityThread.java:1888)
E/AndroidRuntime( 489): at android.os.Handler.dispatchMessage(Handler.java:99)
E/AndroidRuntime( 489): at android.os.Looper.loop(Looper.java:123)
E/AndroidRuntime( 489): at android.app.ActivityThread.main(ActivityThread.java:4320)
E/AndroidRuntime( 489): at java.lang.reflect.Method.invokeNative(Native Method)
E/AndroidRuntime( 489): at java.lang.reflect.Method.invoke(Method.java:521)
E/AndroidRuntime( 489): at com.android.internal.os.ZygoteInit$MethodAndArgsCaller.run(ZygoteInit.java:791)
E/AndroidRuntime( 489): at com.android.internal.os.ZygoteInit.main(ZygoteInit.java:549)
E/AndroidRuntime( 489): at dalvik.system.NativeStart.main(Native Method)
E/AndroidRuntime( 489): Caused by: java.lang.SecurityException: Neither user 10050 nor current process has android.permission.WAKE_LOCK.
E/AndroidRuntime( 489): at android.os.Parcel.readException(Parcel.java:1246)
E/AndroidRuntime( 489): at android.os.Parcel.readException(Parcel.java:1234)
E/AndroidRuntime( 489): at android.os.IPowerManager$Stub$Proxy.acquireWakeLock(IPowerManager.java:178)
E/AndroidRuntime( 489): at android.os.PowerManager$WakeLock.acquire(PowerManager.java:228)
E/AndroidRuntime( 489): at ig.a(Unknown Source)
E/AndroidRuntime( 489): at com.aws.android.notification.TemperatureService.onCreate(Unknown Source)
E/AndroidRuntime( 489): at android.app.ActivityThread.handleCreateService(ActivityThread.java:2748)
E/AndroidRuntime( 489): ... 10 more
I/Process ( 139): Sending signal. PID: 489 SIG: 3
I/dalvikvm( 489): threadid=7: reacting to signal 3
I/dalvikvm( 489): Wrote stack trace to '/data/anr/traces.txt'
W/ActivityManager( 139): Process com.aws.android has crashed too many times: killing!
D/ActivityManager( 139): Force removing process ProcessRecord{43d56ab8 489:com.aws.android/10050} (com.aws.android/10050)
I/Process ( 139): Sending signal. PID: 489 SIG: 9
D/ActivityManager( 139): Received spurious death notification for thread android.os.BinderProxy@43d577d8
I/ActivityManager( 139): Process com.android.voicedialer (pid 483) has died.
I/ActivityThread( 496): Publishing provider com.google.android.gm.attachmentspreviews: com.google.android.gm.AttachmentPreviewProvider
I/ActivityThread( 496): Publishing provider com.google.android.gmail.SuggestionProvider: com.google.android.gm.SuggestionsProvider
I/ActivityThread( 496): Publishing provider com.google.android.gm.status: com.google.android.gm.SenderStatusProvider
D/Gmail ( 496): New email for frenchy128@gmail.com unreadCount:3 getAttention:false
W/CheckinService( 139): Unknown kernel event tag: sqlite_db_corrupt
W/ActivityManager( 139): Unable to launch app com.aws.android/10050 for broadcast Intent { act=com.aws.action.free.LOCATE }: process is bad
W/ActivityManager( 139): finishReceiver called but none active
D/GpsLocationProvider( 139): calling native_inject_xtra_data
D/dalvikvm( 139): threadid=81 wakeup: interrupted
D/libgps ( 139): qct_gps_inject_xtra_data length: 37341 parts: 94
V/MediaProvider( 262): Attached volume: external
D/cmupdater( 379): PlainTextUpdateServer: Found 8 mirrors in the JSON
D/cmupdater( 379): PlainTextUpdateServer: Found 14 updates in the JSON
D/dalvikvm( 379): GC freed 3521 objects / 328040 bytes in 435ms
D/cmupdater( 379): StringUtils: sNewVersion:4213:::sOldVersion:4213
D/cmupdater( 379): PlainTextUpdateServer: Discarding Rom CyanogenMod-4.2.13 (older version)
D/cmupdater( 379): StringUtils: sNewVersion:42122:::sOldVersion:4213
D/cmupdater( 379): PlainTextUpdateServer: Adding Rom: CyanogenMod-4.2.12.2 Version: 4.2.12.2 Filename: update-cm-4.2.12.2-signed.zip
D/cmupdater( 379): StringUtils: sNewVersion:42111:::sOldVersion:4213
D/cmupdater( 379): PlainTextUpdateServer: Adding Rom: CyanogenMod-4.2.11.1 Version: 4.2.11.1 Filename: update-cm-4.2.11.1-signed.zip
D/cmupdater( 379): StringUtils: sNewVersion:42101:::sOldVersion:4213
D/cmupdater( 379): PlainTextUpdateServer: Adding Rom: CyanogenMod-4.2.10.1 Version: 4.2.10.1 Filename: update-cm-4.2.10.1-signed.zip
D/cmupdater( 379): StringUtils: sNewVersion:4291:::sOldVersion:4213
D/cmupdater( 379): PlainTextUpdateServer: Adding Rom: CyanogenMod-4.2.9.1 Version: 4.2.9.1 Filename: update-cm-4.2.9.1-signed.zip
D/cmupdater( 379): StringUtils: sNewVersion:4281:::sOldVersion:4213
D/cmupdater( 379): PlainTextUpdateServer: Adding Rom: CyanogenMod-4.2.8.1 Version: 4.2.8.1 Filename: update-cm-4.2.8.1-signed.zip
D/cmupdater( 379): StringUtils: sNewVersion:428:::sOldVersion:4213
D/cmupdater( 379): PlainTextUpdateServer: Discarding Rom CyanogenMod-4.2.8 (older version)
D/cmupdater( 379): StringUtils: sNewVersion:4271:::sOldVersion:4213
D/cmupdater( 379): PlainTextUpdateServer: Adding Rom: CyanogenMod-4.2.7.1 Version: 4.2.7.1 Filename: update-cm-4.2.7.1-signed.zip
D/cmupdater( 379): StringUtils: sNewVersion:426:::sOldVersion:4213
D/cmupdater( 379): PlainTextUpdateServer: Discarding Rom CyanogenMod-4.2.6 (older version)
D/cmupdater( 379): StringUtils: sNewVersion:425:::sOldVersion:4213
D/cmupdater( 379): PlainTextUpdateServer: Discarding Rom CyanogenMod-4.2.5 (older version)
D/cmupdater( 379): StringUtils: sNewVersion:424:::sOldVersion:4213
D/cmupdater( 379): PlainTextUpdateServer: Discarding Rom CyanogenMod-4.2.4 (older version)
D/cmupdater( 379): StringUtils: sNewVersion:4231:::sOldVersion:4213
D/cmupdater( 379): PlainTextUpdateServer: Adding Rom: CyanogenMod-4.2.3.1 Version: 4.2.3.1 Filename: update-cm-4.2.3.1-signed.zip
D/cmupdater( 379): StringUtils: sNewVersion:422:::sOldVersion:4213
D/cmupdater( 379): PlainTextUpdateServer: Discarding Rom CyanogenMod-4.2.2 (older version)
D/cmupdater( 379): StringUtils: sNewVersion:421:::sOldVersion:4213
D/cmupdater( 379): PlainTextUpdateServer: Discarding Rom CyanogenMod-4.2.1 (older version)
D/cmupdater( 379): State: Called LoadState
D/dalvikvm( 379): GetFieldID: unable to find field Ljava/util/HashMap;.loadFactor:F
D/cmupdater( 379): PlainTextUpdateServer: Called FilterUpdates
D/cmupdater( 379): State: Called SaveState
W/CheckinService( 139): can't dumpsys unknown service: account
D/GpsLocationProvider( 139): NetworkThread wait for 14376841ms
D/cmupdater( 379): UpdateCheckerService: 0 ROM update(s) found; 0 Theme update(s) found
D/cmupdater( 379): UpdateCheckerService: No updates found
D/cmupdater( 379): UpdateCheckerService: Done with #1
I/ActivityManager( 139): Process cmupdaterapp.ui (pid 379) has died.
D/MediaScanner( 262): found .nomedia, skipping directory
D/dalvikvm( 139): GC freed 17955 objects / 920648 bytes in 278ms
D/dalvikvm( 187): GC freed 16460 objects / 901632 bytes in 192ms
D/MediaScanner( 262): found .nomedia, skipping directory
D/dalvikvm( 139): GC freed 1980 objects / 301432 bytes in 217ms
D/MediaScanner( 262): prescan time: 920ms
D/MediaScanner( 262): scan time: 1625ms
D/MediaScanner( 262): postscan time: 2ms
D/MediaScanner( 262): total time: 2547ms
D/MediaScannerService( 262): done scanning volume external
D/dalvikvm( 139): GC freed 525 objects / 191920 bytes in 193ms
D/dalvikvm( 139): GC freed 174 objects / 148496 bytes in 191ms
D/dalvikvm( 139): GC freed 153 objects / 127904 bytes in 208ms
D/dalvikvm( 139): GC freed 1101 objects / 221656 bytes in 298ms
D/dalvikvm( 139): GC freed 104 objects / 104984 bytes in 299ms
D/dalvikvm( 139): GC freed 106 objects / 166112 bytes in 206ms
D/dalvikvm( 139): GC freed 19 objects / 30368 bytes in 252ms
I/dalvikvm-heap( 139): Grow heap (frag case) to 6.720MB for 55456-byte allocation
D/dalvikvm( 139): GC freed 0 objects / 0 bytes in 199ms
D/TrackingPatternView( 139): width=320 textureWidth=120
D/TrackingPatternView( 139): width=320 textureWidth=120
D/dalvikvm( 139): GC freed 415 objects / 161416 bytes in 533ms
I/dalvikvm-heap( 139): Grow heap (frag case) to 6.765MB for 83180-byte allocation
D/dalvikvm( 139): GC freed 14 objects / 472 bytes in 202ms
I/ActivityManager( 139): Starting activity: Intent { act=android.intent.action.PROVIDER_CHANGED dat=content://gmail-ls/unread/^i typ=gmail-ls flg=0x4000000 cmp=com.google.android.gm/.ConversationListActivity (has extras) }
W/ActivityManager( 139): startActivity called from non-Activity context; forcing Intent.FLAG_ACTIVITY_NEW_TASK for: Intent { act=android.intent.action.PROVIDER_CHANGED dat=content://gmail-ls/unread/^i typ=gmail-ls flg=0x4000000 cmp=com.google.android.gm/.ConversationListActivity (has extras) }
D/dalvikvm( 139): GC freed 690 objects / 296856 bytes in 306ms
I/dalvikvm-heap( 139): Grow heap (frag case) to 6.839MB for 124766-byte allocation
D/dalvikvm( 139): GC freed 53 objects / 1768 bytes in 204ms
V/Gmail ( 496): onCreate(), id=com.google.android.gm.ConversationListActivity@43a42a70
D/gmail-ls( 225): MailProvider.query: content://gmail-ls/labels/frenchy128@gmail.com(null, null)
D/dalvikvm( 139): GC freed 1760 objects / 291184 bytes in 501ms
D/dalvikvm( 139): GC freed 30 objects / 141016 bytes in 361ms
D/dalvikvm( 139): GC freed 93 objects / 226192 bytes in 686ms
D/dalvikvm( 496): GC freed 2142 objects / 131176 bytes in 108ms
V/Gmail ( 496): onStart(), id=com.google.android.gm.ConversationListActivity@43a42a70
V/Gmail ( 496): onResume()
D/dalvikvm( 139): GC freed 202 objects / 176928 bytes in 340ms
D/dalvikvm( 139): GC freed 93 objects / 235488 bytes in 322ms
D/dalvikvm( 139): GC freed 245 objects / 10464 bytes in 258ms
I/dalvikvm-heap( 139): Grow heap (frag case) to 6.764MB for 115066-byte allocation
D/dalvikvm( 139): GC freed 62 objects / 2272 bytes in 199ms
D/dalvikvm( 139): GC freed 38 objects / 173712 bytes in 246ms
D/dalvikvm( 139): GC freed 57 objects / 232160 bytes in 191ms
I/CheckinService( 139): Sending checkin request (57637 bytes)...
D/gmail-ls( 225): MailProvider.query: content://gmail-ls/conversations/frenchy128@gmail.com(label:^i, null)
D/gmail-ls( 225): clearNewUnreadMailForNotificationLabelIfNeeded. Count: 3, label: -5/^^unseen-^i
D/gmail-ls( 225): sending notification. Adjusted values are label=594671077, oldCount=3, newCount=0, unseenCount=0, getAttention=false
I/gmail-ls( 225): Sending notification intent: Intent { act=android.intent.action.PROVIDER_CHANGED dat=content://gmail-ls/unread/^i typ=gmail-ls (has extras) }
D/gmail-ls( 225): clearNewUnreadMailForNotificationLabelIfNeeded. Count: 0, label: -6/^^unseen-^^vmi
I/ActivityManager( 139): Displayed activity com.google.android.gm/.ConversationListActivity: 5925 ms (total 5925 ms)
D/Gmail ( 496): New email for frenchy128@gmail.com unreadCount:0 getAttention:false
D/dalvikvm( 225): GC freed 6458 objects / 398880 bytes in 137ms
V/Gmail ( 496): onPause(), id=com.google.android.gm.ConversationListActivity@43a42a70
W/InputManagerService( 139): Starting input on non-focused client com.android.internal.view.IInputMethodClient$Stub$Proxy@43cec0b8 (uid=10004 pid=496)
D/dalvikvm( 225): GC freed 2156 objects / 103096 bytes in 93ms
D/dalvikvm( 187): GC freed 7203 objects / 395192 bytes in 138ms
D/dalvikvm( 187): GC freed 1685 objects / 90008 bytes in 100ms
I/ARMAssembler( 139): generated scanline__00000177:03515104_00001A01_00000000 [ 64 ipp] (89 ins) at [0x5b3978:0x5b3adc] in 732421 ns
W/InputManagerService( 139): Window already focused, ignoring focus gain of: com.android.internal.view.IInputMethodClient$Stub$Proxy@43cc0968
I/CheckinService( 139): From server: Intent { act=android.server.checkin.FOTA_CANCEL }
D/dalvikvm( 139): GC freed 7926 objects / 849320 bytes in 212ms
D/dalvikvm( 139): GC freed 5909 objects / 841128 bytes in 201ms
D/dalvikvm( 139): GC freed 1162 objects / 519024 bytes in 178ms
D/dalvikvm( 139): GC freed 5 objects / 139872 bytes in 188ms
D/dalvikvm( 139): GC freed 3 objects / 222576 bytes in 188ms
D/dalvikvm( 139): GC freed 612 objects / 662944 bytes in 182ms
D/dalvikvm( 139): GC freed 1342 objects / 706592 bytes in 179ms
D/dalvikvm( 139): GC freed 359 objects / 553016 bytes in 196ms
D/dalvikvm( 139): GC freed 4 objects / 184424 bytes in 177ms
D/dalvikvm( 139): GC freed 3 objects / 139432 bytes in 180ms
I/dalvikvm-heap( 139): Grow heap (frag case) to 6.987MB for 139556-byte allocation
D/dalvikvm( 139): GC freed 3 objects / 185256 bytes in 178ms
I/CheckinService( 139): Sending checkin request (46681 bytes)...
I/ActivityManager( 139): Starting activity: Intent { act=android.intent.action.MAIN cat=[android.intent.category.LAUNCHER] flg=0x10200000 cmp=cmupdaterapp.ui/.MainActivity }
I/ActivityManager( 139): Start proc cmupdaterapp.ui for activity cmupdaterapp.ui/.MainActivity: pid=518 uid=10074 gids={3003, 1015}
D/cmupdater( 518): MainActivity: onCreate called
D/cmupdater( 518): Preferences: Preference Instance set.
D/dalvikvm( 518): GC freed 962 objects / 66648 bytes in 92ms
D/cmupdater( 518): Preferences: Board: trout
D/cmupdater( 518): PlainTextUpdateServer: System's Mod version:trout
D/cmupdater( 518): MainActivity: onStart called
D/cmupdater( 518): MainActivity: No old Version found
D/cmupdater( 518): StringUtils: sNewVersion:4199:::sOldVersion:4213
D/cmupdater( 518): MainActivity: onResume called
D/cmupdater( 518): MainActivity: No Intent. Starting App in Default mode
D/cmupdater( 518): Preferences: UpdateFolder: cm-updates
D/cmupdater( 518): State: Called LoadState
D/dalvikvm( 518): GetFieldID: unable to find field Ljava/util/HashMap;.loadFactor:F
D/cmupdater( 518): Preferences: Opening Database
I/ActivityManager( 139): Process com.google.android.gm (pid 496) has died.
D/cmupdater( 518): Preferences: Closing Database
D/cmupdater( 518): Preferences: Display Experimental Rom Updates: false
D/cmupdater( 518): Preferences: Display All Rom Updates: false
D/cmupdater( 518): Preferences: Display Experimental Theme Updates: false
D/cmupdater( 518): Preferences: Display All Theme Updates: false
D/dalvikvm( 518): GC freed 5746 objects / 333256 bytes in 88ms
I/ActivityManager( 139): Displayed activity cmupdaterapp.ui/.MainActivity: 2708 ms (total 2708 ms)
D/dalvikvm( 518): GC freed 687 objects / 32904 bytes in 86ms
I/ActivityManager( 139): Starting activity: Intent { cmp=cmupdaterapp.ui/.ConfigActivity }
W/Resources( 518): Converting to boolean: TypedValue{t=0x3/d=0x87 "true" a=2 r=0x7f070024}
W/Resources( 518): Converting to boolean: TypedValue{t=0x3/d=0x87 "true" a=2 r=0x7f070023}
W/Resources( 518): Converting to boolean: TypedValue{t=0x3/d=0x88 "false" a=2 r=0x7f070026}
W/Resources( 518): Converting to boolean: TypedValue{t=0x3/d=0x88 "false" a=2 r=0x7f070026}
W/Resources( 518): Converting to boolean: TypedValue{t=0x3/d=0x88 "false" a=2 r=0x7f070027}
W/Resources( 518): Converting to boolean: TypedValue{t=0x3/d=0x88 "false" a=2 r=0x7f070027}
W/Resources( 518): Converting to boolean: TypedValue{t=0x3/d=0x88 "false" a=2 r=0x7f070028}
W/Resources( 518): Converting to boolean: TypedValue{t=0x3/d=0x88 "false" a=2 r=0x7f070029}
I/ActivityManager( 139): Displayed activity cmupdaterapp.ui/.ConfigActivity: 503 ms (total 503 ms)
D/cmupdater( 518): MainActivity: onStop called
D/cmupdater( 518): MainActivity: App closed
I/ActivityManager( 139): Starting activity: Intent { cmp=cmupdaterapp.ui/.ThemeListActivity }
D/cmupdater( 518): ThemeListActivity: Opening Database
I/ActivityManager( 139): Displayed activity cmupdaterapp.ui/.ThemeListActivity: 225 ms (total 225 ms)
I/CheckinService( 139): From server: Intent { act=android.server.checkin.FOTA_CANCEL }
D/dalvikvm( 139): GC freed 3560 objects / 1082608 bytes in 198ms
D/dalvikvm( 139): GC freed 1557 objects / 912744 bytes in 180ms
I/CheckinService( 139): Checkin success
W/GoogleHttpClient( 139): Blocked by block_crash_reports: http://android.clients.google.com/crash
I/CheckinService( 139): Crash report blocked
V/CheckinService( 139): Disabling timed checkins (interval: 0 secs)
I/ActivityManager( 139): Starting activity: Intent { cmp=cmupdaterapp.ui/.ThemeListNewActivity (has extras) }
I/ActivityManager( 139): Displayed activity cmupdaterapp.ui/.ThemeListNewActivity: 269 ms (total 269 ms)
I/ActivityManager( 139): Starting activity: Intent { act=com.google.zxing.client.android.SCAN cat=[android.intent.category.DEFAULT] cmp=com.google.zxing.client.android/.CaptureActivity }
I/ActivityManager( 139): Start proc com.google.zxing.client.android for activity com.google.zxing.client.android/.CaptureActivity: pid=530 uid=10063 gids={}
D/dalvikvm( 119): GC freed 275 objects / 10488 bytes in 203ms
I/WindowManager( 139): Setting rotation to 1, animFlags=0
D/dalvikvm( 119): GC freed 47 objects / 2024 bytes in 95ms
D/dalvikvm( 119): GC freed 2 objects / 48 bytes in 74ms
I/WindowManager( 139): Config changed: { scale=1.0 imsi=0/0 loc=en_CA touch=3 keys=2/1/2 nav=3 orien=2 layout=18}
W/WindowManager( 139): performLayoutAndPlaceSurfacesLocked called while in layout
I/ActivityManager( 139): Config changed: { scale=1.0 imsi=302/720 loc=en_CA touch=3 keys=2/1/2 nav=3 orien=2 layout=18}
W/ServiceManager( 120): Permission failure: android.permission.CAMERA from uid=10063 pid=530
E/CameraService( 120): Permission Denial: can't use the camera pid=530, uid=10063
E/CaptureActivity( 530): java.lang.RuntimeException: Fail to connect to camera service
I/ActivityManager( 139): Displayed activity com.google.zxing.client.android/.CaptureActivity: 2328 ms (total 2328 ms)
I/ActivityManager( 139): Process android.process.media (pid 262) has died.
W/IInputConnectionWrapper( 518): showStatusIcon on inactive InputConnection
D/dalvikvm( 139): GC freed 2756 objects / 651224 bytes in 197ms
I/WindowManager( 139): Setting rotation to 0, animFlags=0
I/WindowManager( 139): Config changed: { scale=1.0 imsi=0/0 loc=en_CA touch=3 keys=2/1/2 nav=3 orien=1 layout=18}
I/WindowManager( 139): Config changed: { scale=1.0 imsi=0/0 loc=en_CA touch=3 keys=2/1/2 nav=3 orien=1 layout=18}
I/ActivityManager( 139): Config changed: { scale=1.0 imsi=302/720 loc=en_CA touch=3 keys=2/1/2 nav=3 orien=1 layout=18}
I/WindowManager( 139): Config changed: { scale=1.0 imsi=0/0 loc=en_CA touch=3 keys=2/1/2 nav=3 orien=1 layout=18}
D/cmupdater( 518): ThemeListNewActivity: onActivityResult requestCode: 195543262 resultCode: 0
I/NotificationService( 139): enqueueToast pkg=cmupdaterapp.ui callback=android.app.ITransientNotification$Stub$Proxy@43b8d2f8 duration=1
W/IInputConnectionWrapper( 530): showStatusIcon on inactive InputConnection
I/ARMAssembler( 139): generated scanline__00000077:03515104_00001A01_00000000 [ 46 ipp] (68 ins) at [0x2f85b0:0x2f86c0] in 366211 ns
D/dalvikvm( 139): GC freed 1912 objects / 97040 bytes in 190ms
D/cmupdater( 518): ThemeListActivity: RequestCode: 1 ResultCode: 0
D/cmupdater( 518): ThemeListActivity: Closing Database
I/ActivityManager( 139): Starting activity: Intent { cmp=cmupdaterapp.ui/.ThemeListActivity }
D/cmupdater( 518): ThemeListActivity: Opening Database
I/ActivityManager( 139): Displayed activity cmupdaterapp.ui/.ThemeListActivity: 252 ms (total 252 ms)
D/cmupdater( 518): ThemeListActivity: Closing Database
D/cmupdater( 518): MainActivity: onStart called
D/cmupdater( 518): MainActivity: No old Version found
D/cmupdater( 518): StringUtils: sNewVersion:4199:::sOldVersion:4213
D/cmupdater( 518): MainActivity: onResume called
D/cmupdater( 518): MainActivity: No Intent. Starting App in Default mode
D/cmupdater( 518): Preferences: UpdateFolder: cm-updates
D/cmupdater( 518): State: Called LoadState
D/dalvikvm( 518): GetFieldID: unable to find field Ljava/util/HashMap;.loadFactor:F
D/dalvikvm( 518): GC freed 4102 objects / 250288 bytes in 112ms
D/cmupdater( 518): Preferences: Opening Database
D/cmupdater( 518): Preferences: Closing Database
D/cmupdater( 518): Preferences: Display Experimental Rom Updates: false
D/cmupdater( 518): Preferences: Display All Rom Updates: false
D/cmupdater( 518): Preferences: Display Experimental Theme Updates: false
D/cmupdater( 518): Preferences: Display All Theme Updates: false
D/dalvikvm( 518): GC freed 5528 objects / 276704 bytes in 105ms
W/InputManagerService( 139): Window already focused, ignoring focus gain of: com.android.internal.view.IInputMethodClient$Stub$Proxy@43d7c638
W/InputManagerService( 139): Window already focused, ignoring focus gain of: com.android.internal.view.IInputMethodClient$Stub$Proxy@43de04e0
D/dalvikvm( 518): GC freed 3463 objects / 226984 bytes in 97ms
I/ActivityManager( 139): Process com.google.zxing.client.android (pid 530) has died.
D/cmupdater( 518): MainActivity: onStop called
D/cmupdater( 518): MainActivity: App closed
I/ActivityManager( 139): Starting activity: Intent { act=android.intent.action.MAIN cat=[android.intent.category.LAUNCHER] flg=0x10200000 cmp=com.android.camera/.Camera }
I/ActivityManager( 139): Start proc com.android.camera for activity com.android.camera/.Camera: pid=540 uid=10019 gids={1015, 2001, 3003, 1006}
I/WindowManager( 139): Setting rotation to 1, animFlags=0
I/WindowManager( 139): Config changed: { scale=1.0 imsi=0/0 loc=en_CA touch=3 keys=2/1/2 nav=3 orien=2 layout=18}
W/WindowManager( 139): performLayoutAndPlaceSurfacesLocked called while in layout
W/WindowManager( 139): performLayoutAndPlaceSurfacesLocked called while in layout
I/ActivityManager( 139): Config changed: { scale=1.0 imsi=302/720 loc=en_CA touch=3 keys=2/1/2 nav=3 orien=2 layout=18}
D/dalvikvm( 540): GC freed 721 objects / 60904 bytes in 144ms
D/CameraService( 120): CameraService::connect E (pid 540, client 0x1e0a8)
D/CameraService( 120): Client::Client E (pid 540)
D/QualcommCameraHardware( 120): createInstance: E
D/QualcommCameraHardware( 120): createInstance: X created hardware=0x21ec0
D/CameraService( 120): Client::Client X (pid 540)
D/CameraService( 120): CameraService::connect X
D/Camera ( 540): app passed NULL surface
D/CameraService( 120): setPreviewDisplay(0x0) (pid 540)
D/CameraService( 120): getParameters(antibanding=off;antibanding-values=off;effect=none;effect-values=none,mono,negative,solarize,sepia,posterize,whiteboard,blackboard,aqua;jpeg-quality=100;jpeg-thumbnail-height=384;jpeg-thumbnail-quality=90;jpeg-thumbnail-width=512;picture-format=jpeg;picture-size=2048x1536;picture-size-values=2048x1536,1600x1200,1024x768;preview-format=yuv420sp;preview-frame-rate=15;preview-size=480x320;whitebalance=auto;whitebalance-values=auto,incandescent,florescent,daylight,cloudy,twilight,shade)
D/CameraService( 120): setParameters(preview-size=384x288;picture-size-values=2048x1536,1600x1200,1024x768;antibanding=off;preview-frame-rate=15;whitebalance=auto;jpeg-thumbnail-height=384;effect-values=none,mono,negative,solarize,sepia,posterize,whiteboard,blackboard,aqua;jpeg-quality=85;picture-size=2048x1536;effect=none;jpeg-thumbnail-width=512;whitebalance-values=auto,incandescent,florescent,daylight,cloudy,twilight,shade;picture-format=jpeg;jpeg-thumbnail-quality=90;preview-format=yuv420sp;antibanding-values=off)
V/camera ( 540): startPreview
D/CameraService( 120): startPreview (pid 540)
D/CameraService( 120): startCameraMode(0) (pid 540)
D/CameraService( 120): mSurface is not set yet.
D/CameraService( 120): startPreviewMode (pid 540)
I/QualcommCameraHardware( 120): initPreview E: preview size=384x288
D/QualcommCameraHardware( 120): frame_thread E
W/IInputConnectionWrapper( 187): showStatusIcon on inactive InputConnection
D/CameraService( 120): setPreviewDisplay(0x1e398) (pid 540)
I/ActivityManager( 139): Displayed activity com.android.camera/.Camera: 2823 ms (total 2823 ms)
D/SensorManager( 540): found sensor: AK8976A 3-axis Accelerometer, handle=0
D/SensorManager( 540): found sensor: AK8976A 3-axis Magnetic field sensor, handle=1
D/SensorManager( 540): found sensor: AK8976A Orientation sensor, handle=2
D/SensorManager( 540): found sensor: AK8976A Temperature sensor, handle=3
D/Sensors ( 139): sensors=00000001, real=00000001
D/LocationManager( 540): Constructor: service = android.location.ILocationManager$Stub$Proxy@43a3e738
D/Camera-JNI( 540): dataCallback(4, 0x13e040)
D/AKMD ( 125): Compass OPEN
I/ActivityManager( 139): Start proc android.process.media for content provider com.android.providers.media/.MediaProvider: pid=556 uid=10019 gids={1015, 2001, 3003, 1006}
I/ActivityManager( 139): Process cmupdaterapp.ui (pid 518) has died.
I/ActivityThread( 556): Publishing provider media: com.android.providers.media.MediaProvider
V/MediaProvider( 556): Attached volume: internal
V/MediaProvider( 556): /sdcard volume ID: -1194458098
V/MediaProvider( 556): Attached volume: external
I/ActivityThread( 556): Publishing provider downloads: com.android.providers.downloads.DownloadProvider
I/ActivityThread( 556): Publishing provider drm: com.android.providers.drm.DrmProvider
V/camera ( 540): Got first frame
D/dalvikvm( 139): GC freed 16873 objects / 857072 bytes in 231ms
I/WindowManager( 139): Setting rotation to 0, animFlags=0
I/WindowManager( 139): Config changed: { scale=1.0 imsi=0/0 loc=en_CA touch=3 keys=2/1/2 nav=3 orien=1 layout=18}
I/WindowManager( 139): Config changed: { scale=1.0 imsi=0/0 loc=en_CA touch=3 keys=2/1/2 nav=3 orien=1 layout=18}
I/ActivityManager( 139): Config changed: { scale=1.0 imsi=302/720 loc=en_CA touch=3 keys=2/1/2 nav=3 orien=1 layout=18}
V/camera ( 540): stopPreview
D/CameraService( 120): stopPreview (pid 540)
W/ActivityManager( 139): Activity pause timeout for HistoryRecord{43de5ed8 com.android.camera/.Camera}
I/QualcommCameraHardware( 120): deinitPreview E
I/QualcommCameraHardware( 120): deinitPreview X
D/CameraService( 120): stopPreview(), hardware stopped OK
D/QualcommCameraHardware( 120): frame_thread X
D/CameraService( 120): stopPreview (pid 540)
D/CameraService( 120): stopPreview(), hardware stopped OK
D/Camera-JNI( 540): release camera
D/CameraService( 120): Client::disconnect() E (pid 540 client 0x1e0a8)
D/CameraService( 120): hardware teardown
D/QualcommCameraHardware( 120): release E
D/QualcommCameraHardware( 120): release X
D/QualcommCameraHardware( 120): ~QualcommCameraHardware E
D/QualcommCameraHardware( 120): ~QualcommCameraHardware X
D/CameraService( 120): removeClient (pid 540) done
D/CameraService( 120): Client::disconnect() X (pid 540)
D/Sensors ( 139): sensors=00000000, real=00000000
D/CameraService( 120): Client::~Client E (pid 120, client 0x1e0a8)
D/CameraService( 120): Client::disconnect() E (pid 120 client 0x1e0a8)
D/CameraService( 120): Client::~Client X (pid 120)
D/AKMD ( 125): Compass CLOSE
D/LocationManager( 540): removeUpdates: listener = com.android.camera.Camera$LocationListener@43a2f0a8
D/LocationManager( 540): removeUpdates: listener = com.android.camera.Camera$LocationListener@43a2f1a8
W/IInputConnectionWrapper( 540): showStatusIcon on inactive InputConnection
D/dalvikvm( 139): GC freed 3597 objects / 195600 bytes in 185ms
D/dalvikvm( 187): GC freed 1854 objects / 82040 bytes in 136ms
I/ActivityManager( 139): Starting activity: Intent { act=android.intent.action.MAIN cat=[android.intent.category.LAUNCHER] flg=0x10200000 cmp=cmupdaterapp.ui/.MainActivity }
I/ActivityManager( 139): Start proc cmupdaterapp.ui for activity cmupdaterapp.ui/.MainActivity: pid=566 uid=10074 gids={3003, 1015}
D/cmupdater( 566): MainActivity: onCreate called
D/cmupdater( 566): Preferences: Preference Instance set.
I/ActivityManager( 139): Process com.android.camera (pid 540) has died.
D/dalvikvm( 566): GC freed 794 objects / 60240 bytes in 104ms
D/cmupdater( 566): Preferences: Board: trout
D/cmupdater( 566): PlainTextUpdateServer: System's Mod version:trout
D/cmupdater( 566): MainActivity: onStart called
D/cmupdater( 566): MainActivity: No old Version found
D/cmupdater( 566): StringUtils: sNewVersion:4199:::sOldVersion:4213
D/cmupdater( 566): MainActivity: onResume called
D/cmupdater( 566): MainActivity: No Intent. Starting App in Default mode
D/cmupdater( 566): Preferences: UpdateFolder: cm-updates
D/cmupdater( 566): State: Called LoadState
D/dalvikvm( 566): GetFieldID: unable to find field Ljava/util/HashMap;.loadFactor:F
D/cmupdater( 566): Preferences: Opening Database
D/cmupdater( 566): Preferences: Closing Database
D/cmupdater( 566): Preferences: Display Experimental Rom Updates: false
D/cmupdater( 566): Preferences: Display All Rom Updates: false
D/cmupdater( 566): Preferences: Display Experimental Theme Updates: false
D/cmupdater( 566): Preferences: Display All Theme Updates: false
D/dalvikvm( 566): GC freed 5716 objects / 332008 bytes in 92ms
I/ActivityManager( 139): Displayed activity cmupdaterapp.ui/.MainActivity: 1876 ms (total 1876 ms)
D/dalvikvm( 566): GC freed 687 objects / 32912 bytes in 106ms
I/ActivityManager( 139): Starting activity: Intent { cmp=cmupdaterapp.ui/.ConfigActivity }
W/Resources( 566): Converting to boolean: TypedValue{t=0x3/d=0x87 "true" a=2 r=0x7f070024}
W/Resources( 566): Converting to boolean: TypedValue{t=0x3/d=0x87 "true" a=2 r=0x7f070023}
W/Resources( 566): Converting to boolean: TypedValue{t=0x3/d=0x88 "false" a=2 r=0x7f070026}
W/Resources( 566): Converting to boolean: TypedValue{t=0x3/d=0x88 "false" a=2 r=0x7f070026}
W/Resources( 566): Converting to boolean: TypedValue{t=0x3/d=0x88 "false" a=2 r=0x7f070027}
W/Resources( 566): Converting to boolean: TypedValue{t=0x3/d=0x88 "false" a=2 r=0x7f070027}
W/Resources( 566): Converting to boolean: TypedValue{t=0x3/d=0x88 "false" a=2 r=0x7f070028}
W/Resources( 566): Converting to boolean: TypedValue{t=0x3/d=0x88 "false" a=2 r=0x7f070029}
I/ActivityManager( 139): Displayed activity cmupdaterapp.ui/.ConfigActivity: 472 ms (total 472 ms)
D/cmupdater( 566): MainActivity: onStop called
D/cmupdater( 566): MainActivity: App closed
I/ActivityManager( 139): Starting activity: Intent { cmp=cmupdaterapp.ui/.ThemeListActivity }
D/cmupdater( 566): ThemeListActivity: Opening Database
I/ActivityManager( 139): Displayed activity cmupdaterapp.ui/.ThemeListActivity: 223 ms (total 223 ms)
I/ActivityManager( 139): Starting activity: Intent { cmp=cmupdaterapp.ui/.ThemeListNewActivity (has extras) }
I/ActivityManager( 139): Displayed activity cmupdaterapp.ui/.ThemeListNewActivity: 277 ms (total 277 ms)
I/ActivityManager( 139): Starting activity: Intent { act=com.google.zxing.client.android.SCAN cat=[android.intent.category.DEFAULT] cmp=com.google.zxing.client.android/.CaptureActivity }
I/ActivityManager( 139): Start proc com.google.zxing.client.android for activity com.google.zxing.client.android/.CaptureActivity: pid=578 uid=10063 gids={}
I/WindowManager( 139): Setting rotation to 1, animFlags=0
I/WindowManager( 139): Config changed: { scale=1.0 imsi=0/0 loc=en_CA touch=3 keys=2/1/2 nav=3 orien=2 layout=18}
W/WindowManager( 139): performLayoutAndPlaceSurfacesLocked called while in layout
W/WindowManager( 139): performLayoutAndPlaceSurfacesLocked called while in layout
I/ActivityManager( 139): Config changed: { scale=1.0 imsi=302/720 loc=en_CA touch=3 keys=2/1/2 nav=3 orien=2 layout=18}
W/ServiceManager( 120): Permission failure: android.permission.CAMERA from uid=10063 pid=578
E/CameraService( 120): Permission Denial: can't use the camera pid=578, uid=10063
E/CaptureActivity( 578): java.lang.RuntimeException: Fail to connect to camera service
I/ActivityManager( 139): Displayed activity com.google.zxing.client.android/.CaptureActivity: 1810 ms (total 1810 ms)
W/IInputConnectionWrapper( 566): showStatusIcon on inactive InputConnection
D/dalvikvm( 139): GC freed 3208 objects / 154464 bytes in 199ms
I/WindowManager( 139): Setting rotation to 0, animFlags=0
I/WindowManager( 139): Config changed: { scale=1.0 imsi=0/0 loc=en_CA touch=3 keys=2/1/2 nav=3 orien=1 layout=18}
I/WindowManager( 139): Config changed: { scale=1.0 imsi=0/0 loc=en_CA touch=3 keys=2/1/2 nav=3 orien=1 layout=18}
I/ActivityManager( 139): Config changed: { scale=1.0 imsi=302/720 loc=en_CA touch=3 keys=2/1/2 nav=3 orien=1 layout=18}
I/WindowManager( 139): Config changed: { scale=1.0 imsi=0/0 loc=en_CA touch=3 keys=2/1/2 nav=3 orien=1 layout=18}
D/cmupdater( 566): ThemeListNewActivity: onActivityResult requestCode: 195543262 resultCode: 0
I/NotificationService( 139): enqueueToast pkg=cmupdaterapp.ui callback=android.app.ITransientNotification$Stub$Proxy@43bbd1a8 duration=1
W/IInputConnectionWrapper( 578): showStatusIcon on inactive InputConnection
D/dalvikvm( 139): GC freed 2540 objects / 117528 bytes in 188ms
D/cmupdater( 566): ThemeListActivity: RequestCode: 1 ResultCode: 0
D/cmupdater( 566): ThemeListActivity: Closing Database
I/NotificationService( 139): enqueueToast pkg=cmupdaterapp.ui callback=android.app.ITransientNotification$Stub$Proxy@43bc2428 duration=1
I/ActivityManager( 139): Starting activity: Intent { cmp=cmupdaterapp.ui/.ThemeListActivity }
D/cmupdater( 566): ThemeListActivity: Opening Database
I/ActivityManager( 139): Displayed activity cmupdaterapp.ui/.ThemeListActivity: 288 ms (total 288 ms)
I/ActivityManager( 139): Starting activity: Intent { cmp=cmupdaterapp.ui/.ThemeListNewActivity (has extras) }
I/ActivityManager( 139): Process com.google.zxing.client.android (pid 578) has died.
I/ActivityManager( 139): Displayed activity cmupdaterapp.ui/.ThemeListNewActivity: 339 ms (total 339 ms)
I/WindowManager( 139): Setting rotation to 1, animFlags=1
I/WindowManager( 139): Config changed: { scale=1.0 imsi=0/0 loc=en_CA touch=3 keys=2/1/1 nav=3 orien=2 layout=18}
I/ActivityManager( 139): Config changed: { scale=1.0 imsi=302/720 loc=en_CA touch=3 keys=2/1/1 nav=3 orien=2 layout=18}
D/dalvikvm( 139): GC freed 3208 objects / 148960 bytes in 199ms
D/dalvikvm( 566): GC freed 4069 objects / 235816 bytes in 103ms
D/cmupdater( 566): ThemeListActivity: Closing Database
D/cmupdater( 566): ThemeListActivity: Opening Database
D/cmupdater( 566): ThemeListActivity: RequestCode: 1 ResultCode: -1
D/cmupdater( 566): ThemeListActivity: Closing Database
D/cmupdater( 566): MainActivity: Orientation Changed. New Orientation: 2
D/cmupdater( 566): MainActivity: onStart called
D/cmupdater( 566): MainActivity: No old Version found
D/cmupdater( 566): StringUtils: sNewVersion:4199:::sOldVersion:4213
D/cmupdater( 566): MainActivity: onResume called
D/cmupdater( 566): MainActivity: No Intent. Starting App in Default mode
D/cmupdater( 566): Preferences: UpdateFolder: cm-updates
D/cmupdater( 566): State: Called LoadState
D/dalvikvm( 566): GetFieldID: unable to find field Ljava/util/HashMap;.loadFactor:F
D/cmupdater( 566): Preferences: Opening Database
D/cmupdater( 566): Preferences: Closing Database
D/dalvikvm( 566): GC freed 7789 objects / 398248 bytes in 105ms
D/cmupdater( 566): Preferences: Display Experimental Rom Updates: false
D/cmupdater( 566): Preferences: Display All Rom Updates: false
D/cmupdater( 566): Preferences: Display Experimental Theme Updates: false
D/cmupdater( 566): Preferences: Display All Theme Updates: true
D/dalvikvm( 566): GC freed 2757 objects / 162368 bytes in 104ms
D/cmupdater( 566): Preferences: ThemeFile: /system/framework/themes.theme
D/cmupdater( 566): Preferences: No Theme File found. Using Wildcard for Theme Updates instead
D/cmupdater( 566): Preferences: Display Experimental Rom Updates: false
D/cmupdater( 566): Preferences: Display All Rom Updates: false
D/cmupdater( 566): Preferences: Display Experimental Theme Updates: false
D/cmupdater( 566): Preferences: Display All Theme Updates: true
D/cmupdater( 566): Preferences: Opening Database
D/cmupdater( 566): Preferences: Closing Database
D/cmupdater( 566): PlainTextUpdateServer: Wildcard is used for Theme Updates
D/cmupdater( 566): Preferences: Rom MetadataFile-Url: http://cyanogen-updater.googlecode.com/files/update_file.json
D/cmupdater( 566): Preferences: Opening Database
D/cmupdater( 566): Preferences: Closing Database
D/cmupdater( 566): PlainTextUpdateServer: Trying to download ThemeInfos for http://drpfenderson.japanties.org/update_file.json
D/cmupdater( 566): PlainTextUpdateServer: Found 1 mirrors in the JSON
D/cmupdater( 566): PlainTextUpdateServer: Found 21 updates in the JSON
D/cmupdater( 566): PlainTextUpdateServer: Adding Theme: Enoch Version: 1.4.13.0.1 Filename: signed-enoch-1.4.13.0.1.zip
D/cmupdater( 566): PlainTextUpdateServer: Adding Theme: Enoch Version: 1.4.13 Filename: signed-enoch-1.4.13.zip
D/cmupdater( 566): PlainTextUpdateServer: Discarding Theme (rom mismatch) Enoch: Your Theme: null null; From JSON: Enoch 1.4.12.2.1
D/cmupdater( 566): PlainTextUpdateServer: Discarding Theme (rom mismatch) Enoch: Your Theme: null null; From JSON: Enoch 1.4.12.2
D/cmupdater( 566): PlainTextUpdateServer: Discarding Theme (rom mismatch) Enoch: Your Theme: null null; From JSON: Enoch 1.4.11.1.2
D/cmupdater( 566): PlainTextUpdateServer: Discarding Theme (rom mismatch) Enoch: Your Theme: null null; From JSON: Enoch 1.4.11.1.1
D/cmupdater( 566): PlainTextUpdateServer: Discarding Theme (rom mismatch) Enoch: Your Theme: null null; From JSON: Enoch 1.4.11.1
D/cmupdater( 566): PlainTextUpdateServer: Discarding Theme (rom mismatch) Enoch: Your Theme: null null; From JSON: Enoch 1.4.10.1
D/cmupdater( 566): PlainTextUpdateServer: Discarding Theme (rom mismatch) Enoch: Your Theme: null null; From JSON: Enoch 1.4.9.1.1
D/cmupdater( 566): PlainTextUpdateServer: Discarding Theme (rom mismatch) Enoch: Your Theme: null null; From JSON: Enoch 1.4.9.1
D/cmupdater( 566): PlainTextUpdateServer: Discarding Theme (rom mismatch) Enoch: Your Theme: null null; From JSON: Enoch 1.4.8.1
D/cmupdater( 566): PlainTextUpdateServer: Discarding Theme (rom mismatch) Enoch: Your Theme: null null; From JSON: Enoch 1.4.8
D/cmupdater( 566): PlainTextUpdateServer: Discarding Theme (rom mismatch) Enoch: Your Theme: null null; From JSON: Enoch 1.4.7
D/cmupdater( 566): PlainTextUpdateServer: Discarding Theme (rom mismatch) Enoch: Your Theme: null null; From JSON: Enoch 1.4.6
D/cmupdater( 566): PlainTextUpdateServer: Discarding Theme (rom mismatch) Enoch: Your Theme: null null; From JSON: Enoch 1.4.5
D/cmupdater( 566): PlainTextUpdateServer: Adding Theme: Enoch Font Reversion Version: 1.0 Filename: revert-fonts.zip
D/cmupdater( 566): PlainTextUpdateServer: Discarding Theme (rom mismatch) Enoch: Your Theme: null null; From JSON: Enoch 1.4.3
D/cmupdater( 566): PlainTextUpdateServer: Discarding Theme (rom mismatch) Enoch: Your Theme: null null; From JSON: Enoch 1.4.2
D/cmupdater( 566): PlainTextUpdateServer: Adding Theme: Enoch-Plugin-AdvancedLauncher Version: 2.1 Filename: signed-enoch-advanced-launcher-2.1.zip
D/cmupdater( 566): PlainTextUpdateServer: Discarding Theme (rom mismatch) Enoch: Your Theme: null null; From JSON: Enoch 1.4.1
D/cmupdater( 566): PlainTextUpdateServer: Discarding Theme (rom mismatch) Enoch: Your Theme: null null; From JSON: Enoch 1.4
D/dalvikvm( 566): GC freed 7879 objects / 519208 bytes in 101ms
D/cmupdater( 566): PlainTextUpdateServer: Found 8 mirrors in the JSON
D/cmupdater( 566): PlainTextUpdateServer: Found 14 updates in the JSON
D/cmupdater( 566): StringUtils: sNewVersion:4213:::sOldVersion:4213
D/cmupdater( 566): PlainTextUpdateServer: Discarding Rom CyanogenMod-4.2.13 (older version)
D/cmupdater( 566): StringUtils: sNewVersion:42122:::sOldVersion:4213
D/cmupdater( 566): PlainTextUpdateServer: Adding Rom: CyanogenMod-4.2.12.2 Version: 4.2.12.2 Filename: update-cm-4.2.12.2-signed.zip
D/cmupdater( 566): StringUtils: sNewVersion:42111:::sOldVersion:4213
D/cmupdater( 566): PlainTextUpdateServer: Adding Rom: CyanogenMod-4.2.11.1 Version: 4.2.11.1 Filename: update-cm-4.2.11.1-signed.zip
D/cmupdater( 566): StringUtils: sNewVersion:42101:::sOldVersion:4213
D/cmupdater( 566): PlainTextUpdateServer: Adding Rom: CyanogenMod-4.2.10.1 Version: 4.2.10.1 Filename: update-cm-4.2.10.1-signed.zip
D/cmupdater( 566): StringUtils: sNewVersion:4291:::sOldVersion:4213
D/cmupdater( 566): PlainTextUpdateServer: Adding Rom: CyanogenMod-4.2.9.1 Version: 4.2.9.1 Filename: update-cm-4.2.9.1-signed.zip
D/cmupdater( 566): StringUtils: sNewVersion:4281:::sOldVersion:4213
D/cmupdater( 566): PlainTextUpdateServer: Adding Rom: CyanogenMod-4.2.8.1 Version: 4.2.8.1 Filename: update-cm-4.2.8.1-signed.zip
D/cmupdater( 566): StringUtils: sNewVersion:428:::sOldVersion:4213
D/cmupdater( 566): PlainTextUpdateServer: Discarding Rom CyanogenMod-4.2.8 (older version)
D/cmupdater( 566): StringUtils: sNewVersion:4271:::sOldVersion:4213
D/cmupdater( 566): PlainTextUpdateServer: Adding Rom: CyanogenMod-4.2.7.1 Version: 4.2.7.1 Filename: update-cm-4.2.7.1-signed.zip
D/cmupdater( 566): StringUtils: sNewVersion:426:::sOldVersion:4213
D/cmupdater( 566): PlainTextUpdateServer: Discarding Rom CyanogenMod-4.2.6 (older version)
D/cmupdater( 566): StringUtils: sNewVersion:425:::sOldVersion:4213
D/cmupdater( 566): PlainTextUpdateServer: Discarding Rom CyanogenMod-4.2.5 (older version)
D/cmupdater( 566): StringUtils: sNewVersion:424:::sOldVersion:4213
D/cmupdater( 566): PlainTextUpdateServer: Discarding Rom CyanogenMod-4.2.4 (older version)
D/cmupdater( 566): StringUtils: sNewVersion:4231:::sOldVersion:4213
D/cmupdater( 566): PlainTextUpdateServer: Adding Rom: CyanogenMod-4.2.3.1 Version: 4.2.3.1 Filename: update-cm-4.2.3.1-signed.zip
D/cmupdater( 566): StringUtils: sNewVersion:422:::sOldVersion:4213
D/cmupdater( 566): PlainTextUpdateServer: Discarding Rom CyanogenMod-4.2.2 (older version)
D/cmupdater( 566): StringUtils: sNewVersion:421:::sOldVersion:4213
D/cmupdater( 566): PlainTextUpdateServer: Discarding Rom CyanogenMod-4.2.1 (older version)
D/cmupdater( 566): State: Called LoadState
D/dalvikvm( 566): GetFieldID: unable to find field Ljava/util/HashMap;.loadFactor:F
D/cmupdater( 566): PlainTextUpdateServer: Called FilterUpdates
D/cmupdater( 566): State: Called SaveState
D/cmupdater( 566): UpdateCheck: 0 ROM update(s) found; 4 Theme update(s) found
D/cmupdater( 566): State: Called LoadState
D/dalvikvm( 566): GetFieldID: unable to find field Ljava/util/HashMap;.loadFactor:F
D/dalvikvm( 566): GC freed 14409 objects / 882120 bytes in 111ms
D/cmupdater( 566): Preferences: Opening Database
D/cmupdater( 566): Preferences: Closing Database
D/cmupdater( 566): Preferences: Display Experimental Rom Updates: false
D/cmupdater( 566): Preferences: Display All Rom Updates: false
D/cmupdater( 566): Preferences: Display Experimental Theme Updates: false
D/cmupdater( 566): Preferences: Display All Theme Updates: true
D/cmupdater( 566): Preferences: Notifications Enabled: true
D/cmupdater( 566): Preferences: Notification Vibrate: true
W/InputManagerService( 139): Window already focused, ignoring focus gain of: com.android.internal.view.IInputMethodClient$Stub$Proxy@43d60268
W/InputManagerService( 139): Window already focused, ignoring focus gain of: com.android.internal.view.IInputMethodClient$Stub$Proxy@43cd0f58
D/HomeLoaders( 187): aborting loaders
D/HomeLoaders( 187): load applications
D/HomeLoaders( 187): --> applications loaded, return
D/HomeLoaders( 187): loading user items
D/HomeLoaders( 187): --> items loaded, return
D/Launcher( 187): ------> binding 31 items
D/Launcher( 187): ------> binding 1 widgets
D/Launcher( 187): ------> start binding items
D/cmupdater( 566): MainActivity: onStop called
D/cmupdater( 566): MainActivity: App closed
I/ActivityManager( 139): Process cmupdaterapp.ui (pid 566) has died.
I/ARMAssembler( 139): generated scanline__00000177:03515104_00001001_00000000 [ 82 ipp] (105 ins) at [0x3f0ab8:0x3f0c5c] in 640869 ns
I/ActivityManager( 139): Starting activity: Intent { act=android.settings.SETTINGS flg=0x10200000 cmp=com.android.settings/.Settings }
I/ActivityManager( 139): Start proc com.android.settings for activity com.android.settings/.Settings: pid=601 uid=1000 gids={3003, 3002, 3001}
W/InputManagerService( 139): Window already focused, ignoring focus gain of: com.android.internal.view.IInputMethodClient$Stub$Proxy@43ddb0d0
D/dalvikvm( 601): GC freed 1215 objects / 83272 bytes in 90ms
I/ActivityManager( 139): Displayed activity com.android.settings/.Settings: 1136 ms (total 1136 ms)
W/InputManagerService( 139): Starting input on non-focused client com.android.internal.view.IInputMethodClient$Stub$Proxy@43d37740 (uid=1000 pid=601)
D/dalvikvm( 187): GC freed 6021 objects / 309632 bytes in 132ms
D/dalvikvm( 187): GC freed 2069 objects / 100840 bytes in 124ms
I/ActivityManager( 139): Process com.android.settings (pid 601) has died.
I/ActivityManager( 139): Starting activity: Intent { act=android.intent.action.MAIN cat=[android.intent.category.LAUNCHER] flg=0x10200000 cmp=cmupdaterapp.ui/.MainActivity }
D/dalvikvm( 139): GC freed 15297 objects / 774400 bytes in 220ms
I/ActivityManager( 139): Start proc cmupdaterapp.ui for activity cmupdaterapp.ui/.MainActivity: pid=607 uid=10074 gids={3003, 1015}
D/cmupdater( 607): MainActivity: onCreate called
D/cmupdater( 607): Preferences: Preference Instance set.
D/dalvikvm( 607): GC freed 869 objects / 63104 bytes in 89ms
D/cmupdater( 607): Preferences: Board: trout
D/cmupdater( 607): PlainTextUpdateServer: System's Mod version:trout
D/cmupdater( 607): MainActivity: onStart called
D/cmupdater( 607): MainActivity: No old Version found
D/cmupdater( 607): StringUtils: sNewVersion:4199:::sOldVersion:4213
